000
CXUS56 KPQR 011743
CLMVUO


CLIMATE REPORT
NATIONAL WEATHER SERVICE PORTLAND OREGON
943 AM PST MON FEB 1 2016

...................................

...THE VANCOUVER WA CLIMATE SUMMARY FOR THE MONTH OF JANUARY 2016...

CLIMATE NORMAL PERIOD 1981 TO 2010
CLIMATE RECORD PERIOD 1891 TO 2016

WEATHER         OBSERVED          NORMAL  DEPART  LAST YEAR`S
                 VALUE   DATE(S)  VALUE   FROM    VALUE  DATE(S)
                                          NORMAL
................................................................
TEMPERATURE (F)
RECORD
 HIGH              66   01/18/2005
 LOW               -8   01/12/1909
HIGHEST            58                MM      MM       60  01/18
LOWEST             26                MM      MM       20  01/01
AVG. MAXIMUM     46.4              47.7    -1.3     49.5
AVG. MINIMUM     36.5              35.4     1.1     34.4
MEAN             41.4              41.6    -0.2     42.0
DAYS MAX >= 90      0               0.0     0.0        0
DAYS MAX <= 32      1               0.2     0.8        0
DAYS MIN <= 32     11               9.1     1.9       11
DAYS MIN <= 0       0               0.0     0.0        0

PRECIPITATION (INCHES)
TOTALS           7.10                               3.35
DAYS >= .01        25                                 12
DAYS >= .10        18                                  6
DAYS >= .50         6                                  2
DAYS >= 1.00        0                                  1
GREATEST
 24 HR. TOTAL    1.56   01/12 TO 01/13

DEGREE_DAYS
HEATING TOTAL     724                                706
 SINCE 7/1       2333                               2179
COOLING TOTAL       0                                  0
 SINCE 1/1          0                                  0
.................................................................

WIND (MPH)
AVERAGE WIND SPEED              5.2
RESULTANT WIND SPEED/DIRECTION   4/120
HIGHEST WIND SPEED/DIRECTION    26/110    DATE  01/01
HIGHEST GUST SPEED/DIRECTION    36/120    DATE  01/01

SKY COVER
POSSIBLE SUNSHINE (PERCENT)   MM
AVERAGE SKY COVER           0.70

AVERAGE RH (PERCENT)     82

WEATHER CONDITIONS. NUMBER OF DAYS WITH
THUNDERSTORM              0     MIXED PRECIP               0
HEAVY RAIN                1     RAIN                       3
LIGHT RAIN               24     FREEZING RAIN              0
LT FREEZING RAIN          2     HAIL                       0
HEAVY SNOW                0     SNOW                       1
LIGHT SNOW                1     SLEET                      0
FOG                      26     FOG W/VIS <= 1/4 MILE      0
HAZE                      1

-  INDICATES NEGATIVE NUMBERS.
R  INDICATES RECORD WAS SET OR TIED.
MM INDICATES DATA IS MISSING.
T  INDICATES TRACE AMOUNT.

$$
