000
CXUS56 KPQR 011507
CLMVUO


CLIMATE REPORT
NATIONAL WEATHER SERVICE PORTLAND OREGON
807 AM PDT SAT AUG 1 2015

...................................

...THE VANCOUVER WA CLIMATE SUMMARY FOR THE MONTH OF JULY 2015...

CLIMATE NORMAL PERIOD 1981 TO 2010
CLIMATE RECORD PERIOD 1891 TO 2015

WEATHER         OBSERVED          NORMAL  DEPART  LAST YEAR`S
                 VALUE   DATE(S)  VALUE   FROM    VALUE  DATE(S)
                                          NORMAL
................................................................
TEMPERATURE (F)
RECORD
 HIGH             108   07/29/2009
 LOW               37   07/08/1981
HIGHEST           103                MM      MM       98  07/01
LOWEST             51                MM      MM       50  07/25
AVG. MAXIMUM     86.1              80.0     6.1     83.4
AVG. MINIMUM     59.1              56.9     2.2     58.8
MEAN             72.6              68.4     4.2     71.1
DAYS MAX >= 90     12               3.2     8.8        6
DAYS MAX <= 32      0               0.0     0.0        0
DAYS MIN <= 32      0               0.0     0.0        0
DAYS MIN <= 0       0               0.0     0.0        0

PRECIPITATION (INCHES)
TOTALS           0.27                               0.82
DAYS >= .01         4                                  4
DAYS >= .10         1                                  2
DAYS >= .50         0                                  1
DAYS >= 1.00        0                                  0
GREATEST
 24 HR. TOTAL    0.16   07/25 TO 07/25
                        07/24 TO 07/25
                        07/25 TO 07/25

DEGREE_DAYS
HEATING TOTAL       4                                  3
 SINCE 7/1          4                                  3
COOLING TOTAL     250                                201
 SINCE 1/1        428                                232
.................................................................

WIND (MPH)
AVERAGE WIND SPEED              5.2
RESULTANT WIND SPEED/DIRECTION   3/317
HIGHEST WIND SPEED/DIRECTION    20/300    DATE  07/16
HIGHEST GUST SPEED/DIRECTION    28/290    DATE  07/16

SKY COVER
POSSIBLE SUNSHINE (PERCENT)   MM
AVERAGE SKY COVER           0.20

AVERAGE RH (PERCENT)     53

WEATHER CONDITIONS. NUMBER OF DAYS WITH
THUNDERSTORM              0     MIXED PRECIP               0
HEAVY RAIN                0     RAIN                       0
LIGHT RAIN                4     FREEZING RAIN              0
LT FREEZING RAIN          0     HAIL                       0
HEAVY SNOW                0     SNOW                       0
LIGHT SNOW                0     SLEET                      0
FOG                       1     FOG W/VIS <= 1/4 MILE      0
HAZE                      2

-  INDICATES NEGATIVE NUMBERS.
R  INDICATES RECORD WAS SET OR TIED.
MM INDICATES DATA IS MISSING.
T  INDICATES TRACE AMOUNT.

$$
