000
CXUS51 KCTP 010756
CLSBFD

CLIMATE REPORT
NATIONAL WEATHER SERVICE STATE COLLEGE PA
247 AM EST FRI DEC 1 2017

...................................

...THE BRADFORD CLIMATE SUMMARY FOR THE SEASON, FROM
9/1/2017 TO 11/30/2017...

CLIMATE NORMAL PERIOD 1981 TO 2010
CLIMATE RECORD PERIOD 1957 TO 2017

WEATHER         OBSERVED          NORMAL  DEPART  LAST YEAR`S
                 VALUE   DATE(S)  VALUE   FROM    VALUE  DATE(S)
                                          NORMAL
................................................................
TEMPERATURE (F)
RECORD
 HIGH              90   09/03/2011
 LOW               -2   11/30/1976
HIGHEST            86   09/26        MM      MM       85  09/07
                        09/24
LOWEST              5   11/11        MM      MM       17  11/23

AVG. MAXIMUM     60.0              56.7     3.3     61.3
AVG. MINIMUM     39.0              36.7     2.3     39.6
MEAN             49.5              46.7     2.8     50.5
DAYS MAX >= 90      0                MM      MM        0
DAYS MAX <= 32      3                MM      MM        2
DAYS MIN <= 32     32                MM      MM       30
DAYS MIN <= 0       0                MM      MM        0

PRECIPITATION (INCHES)
RECORD
 MAXIMUM        17.08   1970
 MINIMUM         4.03   1964

TOTALS          12.06             11.11    0.95    12.26
DAILY AVG.       0.13              0.12    0.01     0.13
DAYS >= .01        40                MM      MM       42
DAYS >= .10        25                MM      MM       24
DAYS >= .50         9                MM      MM        8
DAYS >= 1.00        1                MM      MM        2
GREATEST
 24 HR. TOTAL    1.24   MM

 STORM TOTAL       MM
 (MM/DD(HH))            MM


DEGREE_DAYS
HEATING TOTAL    1425              1682    -257     1345
 SINCE 7/1       1534              1835    -301     1388
COOLING TOTAL      40                16      24       45
 SINCE 1/1        264               193      71      370

FREEZE DATES
RECORD
 EARLIEST     08/05/1972
 LATEST       06/30/1961
EARLIEST                        MM
LATEST                          MM
.................................................

WIND (MPH)
AVERAGE WIND SPEED              6.1
RESULTANT WIND SPEED/DIRECTION   2/217
HIGHEST WIND SPEED/DIRECTION    29/310    DATE  11/09
HIGHEST GUST SPEED/DIRECTION    39/220    DATE  10/15

SKY COVER
POSSIBLE SUNSHINE (PERCENT)   MM
AVERAGE SKY COVER           0.50
NUMBER OF DAYS FAIR           34
NUMBER OF DAYS PC             27
NUMBER OF DAYS CLOUDY         29

AVERAGE RH (PERCENT)     77

WEATHER CONDITIONS. NUMBER OF DAYS WITH
THUNDERSTORM              6     MIXED PRECIP               0
HEAVY RAIN               13     RAIN                      25
LIGHT RAIN               44     FREEZING RAIN              0
LT FREEZING RAIN          2     HAIL                       0
HEAVY SNOW                0     SNOW                       4
LIGHT SNOW               12     SLEET                      0
FOG                      69     FOG W/VIS <= 1/4 MILE     13
HAZE                      4

-  INDICATES NEGATIVE NUMBERS.
R  INDICATES RECORD WAS SET OR TIED.
MM INDICATES DATA IS MISSING.
T  INDICATES TRACE AMOUNT.

$$

LA CORTE
