000
CXUS55 KPUB 020010 RRA
CLSCOS

CLIMATE REPORT
NATIONAL WEATHER SERVICE PUEBLO
510 PM MST WED MAR 1 2017

...................................

...THE COLORADO SPRINGS CO CLIMATE SUMMARY FOR THE SEASON, FROM
12/1/2016 TO 2/28/2017...

CLIMATE NORMAL PERIOD 1981 TO 2010
CLIMATE RECORD PERIOD 1872 TO 2017

WEATHER         OBSERVED          NORMAL  DEPART  LAST YEAR`S
                 VALUE   DATE(S)  VALUE   FROM    VALUE  DATE(S)
                                          NORMAL
................................................................
TEMPERATURE (F)
RECORD
 HIGH              77   12/23/1955
 LOW              -27   02/01/1951
                        12/09/1919

HIGHEST            77R  02/10                         73  02/18
LOWEST            -14   12/17                          0  02/03
AVG. MAXIMUM     46.8              43.4     3.4     47.1
AVG. MINIMUM     19.8              18.2     1.6     20.9
MEAN             33.3              30.8     2.5     34.0
DAYS MAX >= 90      0               0.0     0.0
DAYS MAX <= 32     17              16.8     0.2
DAYS MIN <= 32     81              85.8    -4.8
DAYS MIN <= 0       5               4.5     0.5

PRECIPITATION (INCHES)
RECORD
 MAXIMUM         4.05   1934
 MINIMUM         0.16   1928

TOTALS           1.07              1.00    0.07     1.79
DAILY AVG.       0.01              0.01    0.00
DAYS >= .01        17              12.8     4.2
DAYS >= .10         3               2.8     0.2
DAYS >= .50         0               0.2    -0.2
DAYS >= 1.00        0               0.0     0.0
GREATEST
 24 HR. TOTAL    0.29   12/16 TO 12/17

SNOWFALL (INCHES)
RECORDS
 MAXIMUM         56.3   1987
 MINIMUM          2.6   1952

TOTALS           13.4              16.2    -2.8     21.3
SINCE 7/1        13.4              24.0   -10.6     27.1
SNOWDEPTH AVG.      0
DAYS >= 1.0         4               5.3    -1.3

GREATEST
 SNOW DEPTH         4   12/17                         10
                        12/18
 24 HR TOTAL      4.0   12/16 TO 12/17               7.4

DEGREE_DAYS
HEATING TOTAL    2850              3082    -232     2800
 SINCE 7/1       3753              4563    -810     3886
COOLING TOTAL       0                 0       0        0
 SINCE 1/1          0                 0       0        0
.................................................................

WIND (MPH)
AVERAGE WIND SPEED              9.6
HIGHEST WIND SPEED/DIRECTION    64/260    DATE  01/09
HIGHEST GUST SPEED/DIRECTION    80/270    DATE  01/09

SKY COVER
POSSIBLE SUNSHINE (PERCENT)   MM
AVERAGE SKY COVER           0.50
NUMBER OF DAYS FAIR           21
NUMBER OF DAYS PC             50
NUMBER OF DAYS CLOUDY         19

AVERAGE RH (PERCENT)     50

WEATHER CONDITIONS. NUMBER OF DAYS WITH
THUNDERSTORM              0     MIXED PRECIP               0
HEAVY RAIN                1     RAIN                       1
LIGHT RAIN                3     FREEZING RAIN              2
LT FREEZING RAIN          2     HAIL                       0
HEAVY SNOW                1     SNOW                       5
LIGHT SNOW               27     SLEET                      0
FOG                      35     FOG W/VIS <= 1/4 MILE     10
HAZE                     16

-  INDICATES NEGATIVE NUMBERS.
R  INDICATES RECORD WAS SET OR TIED.
MM INDICATES DATA IS MISSING.
T  INDICATES TRACE AMOUNT.

$$
!--NOT SENT--!
