453
CXUS53 KFGF 020236
CLSFGF

CLIMATE REPORT...UPDATED
NATIONAL WEATHER SERVICE EASTERN NORTH DAKOTA/GRAND FORKS
820 PM CST TUE DEC 1 2015

...UPDATED FOR SEASON SUMMARY...

...THE GRAND FORKS UNIV. (NWS) ND CLIMATE SUMMARY FOR THE SEASON, FROM
9/1/2015 TO 11/30/2015...

CLIMATE NORMAL PERIOD 1981 TO 2010
CLIMATE RECORD PERIOD 1890 TO 2015

WEATHER         OBSERVED          NORMAL  DEPART  LAST YEAR`S
                 VALUE   DATE(S)  VALUE   FROM    VALUE  DATE(S)
                                          NORMAL
................................................................
TEMPERATURE (F)
RECORD
 HIGH             100   09/02/1983
                        09/05/1978
                        09/07/1931
 LOW              -35   11/30/1905
HIGHEST            92   09/03       100      -8       86  09/08
LOWEST              5   11/27       -35      40      -13  11/27
AVG. MAXIMUM     58.7              52.9     5.8     52.0
AVG. MINIMUM     38.4              33.2     5.2     32.8
MEAN             48.6              43.0     5.6     42.4
DAYS MAX >= 90      2               0.5     1.5        0
DAYS MAX <= 32      5              13.4    -8.4       19
DAYS MIN <= 32     28              40.7   -12.7       34
DAYS MIN <= 0       0               2.0    -2.0        3

PRECIPITATION (INCHES)
RECORD
 MAXIMUM        11.97   2008
 MINIMUM         0.37   1993
TOTALS           3.75              4.87   -1.12     2.14
DAILY AVG.       0.04              0.05   -0.01     0.02
DAYS >= .01        18              21.7    -3.7       18
DAYS >= .10         8              10.9    -2.9        4
DAYS >= .50         2               2.5    -0.5        1
DAYS >= 1.00        0               0.9    -0.9        0
GREATEST
 24 HR. TOTAL    0.87   MM                       11/30 TO 11/30
                                                          11/30 TO 11/30
                                                          11/30 TO 11/30
 STORM TOTAL       MM                                 MM
 (MM/DD(HH))            MM                    11/30(00) TO 11/30(00)
                                                 11/30(00) TO 11/30(00)0
                                                 11/30(00) TO 11/30(00)0

SNOWFALL (INCHES)
RECORDS
 TOTAL           24.1   1958
 24 HR TOTAL       MM
 SNOW DEPTH        MM   MM
TOTALS            3.4               7.1    -3.7      3.8
 LIQUID EQUIV    0.34              0.70   -0.36     0.38
SINCE 7/1         3.4               7.1    -3.7      3.8
 LIQUID 7/1      0.34              0.70   -0.36     0.38
SNOWDEPTH AVG.      0                MM      MM        0
DAYS >= TRACE       9               4.7     4.3       18
DAYS >= 1.0         1               2.3    -1.3        1
GREATEST
 SNOW DEPTH         0   MM                             1  11/30
                                                          11/28
                                                          11/29
 24 HR TOTAL      1.0   MM                       11/30 TO 11/30
                                                          11/30 TO 11/30
                                                          11/30 TO 11/30
 STORM TOTAL       MM                                  T
 (MM/DD(HH))            MM                    11/30(00) TO 11/30(00)
                                                 11/30(00) TO 11/30(00)0
                                                 11/30(00) TO 11/30(00)0

DEGREE_DAYS
HEATING TOTAL    1561              2031    -470     2071
 SINCE 7/1       1609              2094    -485       MM
COOLING TOTAL      90                31      59       31
 SINCE 1/1        580               463     117      394

FREEZE DATES
RECORD
 EARLIEST     MM
 LATEST       MM
EARLIEST                        MM
LATEST                          MM
.................................................

WIND (MPH)
AVERAGE WIND SPEED              MM
RESULTANT WIND SPEED/DIRECTION  MM
HIGHEST WIND SPEED/DIRECTION    MM        DATE   MM
HIGHEST GUST SPEED/DIRECTION    MM        DATE   MM

SKY COVER
POSSIBLE SUNSHINE (PERCENT)   MM
AVERAGE SKY COVER             MM
NUMBER OF DAYS FAIR            0
NUMBER OF DAYS PC              0
NUMBER OF DAYS CLOUDY          0

AVERAGE RH (PERCENT)     MM

WEATHER CONDITIONS. NUMBER OF DAYS WITH
THUNDERSTORM              0     MIXED PRECIP               0
HEAVY RAIN                0     RAIN                       2
LIGHT RAIN               11     FREEZING RAIN              0
LT FREEZING RAIN          0     HAIL                       0
HEAVY SNOW                0     SNOW                       0
LIGHT SNOW                2     SLEET                      0
FOG                       9     FOG W/VIS <= 1/4 MILE      2
HAZE                      0

-  INDICATES NEGATIVE NUMBERS.
R  INDICATES RECORD WAS SET OR TIED.
MM INDICATES DATA IS MISSING.
T  INDICATES TRACE AMOUNT.

&&

FALL 2015 AT GRAND FORKS UNIVERSITY (NWS) WAS WARMER AND DRIER THAN
NORMAL. THE MEAN HIGH TEMPERATURE OF 58.7 DEGREES FOR THE SEASON WAS
5.8 DEGREES ABOVE AVERAGE...MAKING IT THE FOURTH HIGHEST RECORDED.
THE AVERAGE TEMPERATURE WAS 48.6 DEGREES MAKING IT 5.6 DEGREES ABOVE
NORMAL. THIS IS ALSO THE FOURTH HIGHEST ON RECORD. FOR THE MEAN LOW
TEMPERATURE OF 38.4...IT WAS 5.2 DEGREES ABOVE NORMAL AND RANKED
THIRD. LIQUID PRECIPITATION WAS 3.75 INCHES WAS 1.12 INCHES BELOW
THE SEASONAL AVERAGE OF 4.87 INCHES. SNOWFALL WAS ONLY ABOUT HALF OF
NORMAL WITH 3.4 INCHES...WHICH IS 3.7 INCHES BELOW THE AVERAGE OF
7.1 INCHES.

REMEMBER...THIS DATA IS PROVISIONAL AND SUBJECT TO CHANGE. THE FINAL
AND OFFICIAL RECORDS WILL BE AVAILABLE FROM THE NATIONAL CENTERS FOR
ENVIRONMENTAL INFORMATION (FORMERLY THE NATIONAL CLIMATE DATA
CENTER).

$$

HOPKINS
