000
CXUS53 KILX 011748
CLSILX

CLIMATE REPORT
NATIONAL WEATHER SERVICE LINCOLN IL
1136 AM CST SUN MAR 1 2015

...................................

...THE LINCOLN IL CLIMATE SUMMARY FOR THE SEASON, FROM
12/1/2014 TO 2/28/2015...

CLIMATE NORMAL PERIOD 1981 TO 2010
CLIMATE RECORD PERIOD 1905 TO 2015

WEATHER         OBSERVED          NORMAL  DEPART  LAST YEAR`S
                 VALUE   DATE(S)  VALUE   FROM    VALUE
                                          NORMAL
.............................................................
TEMPERATURE (F)
RECORD
 HIGH              75   02/27/1996
 LOW              -34   01/15/1927
HIGHEST            55   12/26        MM      MM       59
LOWEST             -8   01/08        MM      MM      -16
AVG. MAXIMUM     33.2              36.5    -3.3     30.2
AVG. MINIMUM     17.1              20.5    -3.4     10.9
MEAN             25.2              28.5    -3.3     20.6
DAYS MAX >= 90      0               0.0     0.0       MM
DAYS MAX <= 32     36              30.7     5.3       MM
DAYS MIN <= 32     82              74.7     7.3       MM
DAYS MIN <= 0      11               5.7     5.3       MM

PRECIPITATION (INCHES)
RECORD
 MAXIMUM        15.57   1949
 MINIMUM         1.46   1919
TOTALS           4.21              6.39   -2.18     6.17
DAILY AVG.       0.05                               0.07
DAYS >= .01        24              25.9    -1.9       MM
DAYS >= .10        12              14.2    -2.2       MM
DAYS >= .50         3               3.7    -0.7       MM
DAYS >= 1.00        0               1.1    -1.1       MM
GREATEST
 24 HR. TOTAL    0.68   MM                          0.72

SNOWFALL (INCHES)
RECORDS
 TOTAL           41.1   2014
 24 HR TOTAL     13.0   02/23/1914 TO 02/23/1914
TOTALS           17.2              17.9    -0.7     41.1
DAYS >= TRACE      32              12.5    19.5       MM
DAYS >= 1.0         8               5.8     2.2       MM
GREATEST
 SNOW DEPTH         4   02/06                          9
                        02/05
 24 HR TOTAL      3.2   MM                           7.4

DEGREE_DAYS
HEATING TOTAL    3539              3279     260     3966
 SINCE 7/1         MM              4423      MM       MM
COOLING TOTAL       0                 0       0        0
 SINCE 1/1          0                 0       0        0

FREEZE DATES
RECORD
 EARLIEST     09/11/1917
 LATEST       05/29/1925
EARLIEST                        10/12
LATEST                          04/18
..............................................................

SKY COVER
POSSIBLE SUNSHINE (PERCENT)   MM


WEATHER CONDITIONS. NUMBER OF DAYS WITH
THUNDERSTORM              0     MIXED PRECIP               0
HEAVY RAIN                0     RAIN                       6
LIGHT RAIN               18     FREEZING RAIN              1
LT FREEZING RAIN          1     HAIL                       0
HEAVY SNOW                0     SNOW                       4
LIGHT SNOW               27     SLEET                      0
FOG                      24     FOG W/VIS <= 1/4 MILE      1
HAZE                      4

-  INDICATES NEGATIVE NUMBERS.
R  INDICATES RECORD WAS SET OR TIED.
MM INDICATES DATA IS MISSING.
T  INDICATES TRACE AMOUNT.

$$
