000
CXUS53 KDVN 011210
CLSIOW


CLIMATE REPORT
NATIONAL WEATHER SERVICE QUAD CITIES IA IL
710 AM CDT TUE SEP 1 2015

...................................

...THE IOWA CITY IA CLIMATE SUMMARY FOR THE SEASON, FROM
6/1/2015 TO 8/31/2015...

CLIMATE NORMAL PERIOD 1981 TO 2010
CLIMATE RECORD PERIOD 9999 TO 9999

WEATHER         OBSERVED          NORMAL  DEPART
                 VALUE   DATE(S)  VALUE   FROM
                                          NORMAL
................................................
TEMPERATURE (F)
HIGHEST            95   07/13        85      10
LOWEST             47   06/01        57     -10
AVG. MAXIMUM     81.3              82.9    -1.6
AVG. MINIMUM     62.5              63.1    -0.6
MEAN             72.0              73.0    -1.0
DAYS MAX >= 90      6
DAYS MAX <= 32      0
DAYS MIN <= 32      0
DAYS MIN <= 0       0

PRECIPITATION (INCHES)
TOTALS          12.15             14.06   -1.91
DAILY AVG.       0.13              0.15   -0.02
DAYS >= .01        30
DAYS >= .10        22
DAYS >= .50        10
DAYS >= 1.00        4
GREATEST
 24 HR. TOTAL    1.62   06/14 TO 06/15

DEGREE_DAYS
HEATING TOTAL      20                25      -5
 SINCE 7/1         13                 8       5
COOLING TOTAL     681               761     -80
 SINCE 1/1        744               822     -78
.................................................

WIND (MPH)
AVERAGE WIND SPEED              6.3
HIGHEST WIND SPEED/DIRECTION    31/330    DATE  06/29
HIGHEST GUST SPEED/DIRECTION    41/320    DATE  06/29

SKY COVER
POSSIBLE SUNSHINE (PERCENT)   MM
AVERAGE SKY COVER           0.30
NUMBER OF DAYS FAIR           61
NUMBER OF DAYS PC             25
NUMBER OF DAYS CLOUDY          6

AVERAGE RH (PERCENT)     75

WEATHER CONDITIONS. NUMBER OF DAYS WITH
THUNDERSTORM             22     HAIL                       0
SLEET                     0     FOG                       42
FOG W/VIS <= 1/4 MILE    10     HAZE                       8

-  INDICATES NEGATIVE NUMBERS.
R  INDICATES RECORD WAS SET OR TIED.
MM INDICATES DATA IS MISSING.
T  INDICATES TRACE AMOUNT.

$$
