000
CXUS51 KOKX 011248
CLSJFK

CLIMATE REPORT
NATIONAL WEATHER SERVICE NEW YORK NY
847 AM EDT TUE SEP 1 2015

...................................

...THE KENNEDY NY CLIMATE SUMMARY FOR THE SEASON, FROM
6/1/2015 TO 8/31/2015...

CLIMATE NORMAL PERIOD 1981 TO 2010
CLIMATE RECORD PERIOD 1949 TO 2015

WEATHER         OBSERVED          NORMAL  DEPART  LAST YEAR`S
                 VALUE   DATE(S)  VALUE   FROM    VALUE
                                          NORMAL
.............................................................
TEMPERATURE (F)
RECORD
 HIGH             104   07/03/1966
 LOW               45   06/02/1967
                        06/01/1967
HIGHEST            95   07/29        MM      MM
                        07/20
LOWEST             51   06/02        MM      MM
AVG. MAXIMUM     83.3              81.1     2.2
AVG. MINIMUM     68.7              66.4     2.3
MEAN             76.0              73.7     2.3
DAYS MAX >= 90     10               8.0     2.0
DAYS MAX <= 32      0               0.0     0.0
DAYS MIN <= 32      0               0.0     0.0
DAYS MIN <= 0       0               0.0     0.0

PRECIPITATION (INCHES)
RECORD
 MAXIMUM        22.04   2011
 MINIMUM         3.89   1966
TOTALS          10.93             11.62   -0.69    11.67
DAILY AVG.       0.12              0.13   -0.01
DAYS >= .01        25              28.8    -3.8
DAYS >= .10        16              18.2    -2.2
DAYS >= .50         8               7.5     0.5
DAYS >= 1.00        4               3.4     0.6
GREATEST
 24 HR. TOTAL    2.48   MM
 STORM TOTAL       MM
 (MM/DD(HH))            MM

SNOWFALL (INCHES)
RECORDS
 TOTAL              T   2009
                        1997
                        1949
 24 HR TOTAL       MM
TOTALS            0.0               0.0     0.0
 LIQUID EQUIV    0.00              0.00    0.00
SINCE 7/1         0.0               0.0     0.0
 LIQUID 7/1      0.00
DAYS >= TRACE       0               0.0     0.0
DAYS >= 1.0         0               0.0     0.0
GREATEST
 SNOW DEPTH         0   MM
 24 HR TOTAL      0.0   MM
 STORM TOTAL       MM
 (MM/DD(HH))            MM

DEGREE_DAYS
HEATING TOTAL      29                22       7
 SINCE 7/1          0                 1      -1
COOLING TOTAL    1073               826     247
 SINCE 1/1       1133               861     272
..............................................................

WIND (MPH)
AVERAGE WIND SPEED              9.7
HIGHEST WIND SPEED/DIRECTION    37/310    DATE  06/21
HIGHEST GUST SPEED/DIRECTION    99/999    DATE  08/10

SKY COVER
POSSIBLE SUNSHINE (PERCENT)   MM
AVERAGE SKY COVER           0.60
NUMBER OF DAYS FAIR            8
NUMBER OF DAYS PC             57
NUMBER OF DAYS CLOUDY         27

AVERAGE RH (PERCENT)     63

WEATHER CONDITIONS. NUMBER OF DAYS WITH
THUNDERSTORM              0     MIXED PRECIP               0
HEAVY RAIN                9     RAIN                      14
LIGHT RAIN               37     FREEZING RAIN              0
LT FREEZING RAIN          0     HAIL                       0
HEAVY SNOW                0     SNOW                       0
LIGHT SNOW                0     SLEET                      0
FOG                      20     FOG W/VIS <= 1/4 MILE      1
HAZE                     12

-  INDICATES NEGATIVE NUMBERS.
R  INDICATES RECORD WAS SET OR TIED.
MM INDICATES DATA IS MISSING.
T  INDICATES TRACE AMOUNT.

$$
