000
CXUS53 KJKL 011650
CLSJKL

CLIMATE REPORT
NATIONAL WEATHER SERVICE JACKSON KY
1150 AM EST FRI DEC 1 2017

...................................

...THE JACKSON KY CLIMATE SUMMARY FOR THE SEASON, FROM
9/1/2017 TO 11/30/2017...

CLIMATE NORMAL PERIOD 1981 TO 2010
CLIMATE RECORD PERIOD 1981 TO 2017

WEATHER         OBSERVED          NORMAL  DEPART  LAST YEAR`S
                 VALUE   DATE(S)  VALUE   FROM    VALUE  DATE(S)
                                          NORMAL
................................................................
TEMPERATURE (F)
RECORD
 HIGH              96   09/03/2011
 LOW               13   11/14/1986
HIGHEST            86   09/27        MM      MM       90  09/13
                        09/25                             09/08
                        09/24
LOWEST             24   11/11        MM      MM       24  11/21
AVG. MAXIMUM     68.7              67.8     0.9     73.4
AVG. MINIMUM     49.2              48.6     0.6     52.1
MEAN             58.9              58.2     0.7     62.8
DAYS MAX >= 90      0               1.5    -1.5        2
DAYS MAX <= 32      0               0.3    -0.3        0
DAYS MIN <= 32     11               8.5     2.5        5
DAYS MIN <= 0       0               0.0     0.0        0

PRECIPITATION (INCHES)
RECORD
 MAXIMUM        19.01   1989
 MINIMUM         4.32   2001
TOTALS           9.92             10.61   -0.69     5.74
DAILY AVG.       0.11              0.12   -0.01     0.06
DAYS >= .01        29              28.7     0.3       17
DAYS >= .10        14              18.6    -4.6       10
DAYS >= .50         5               7.1    -2.1        4
DAYS >= 1.00        3               2.7     0.3        1
GREATEST
 24 HR. TOTAL    2.26   10/08 TO 10/08              1.92

SNOWFALL (INCHES)
RECORDS
 TOTAL            5.1   1995
 24 HR TOTAL      4.3   11/28/1995 TO 11/28/1995
TOTALS              T               0.6    -0.6      0.0
SINCE 7/1           T               0.6    -0.6      0.0
SNOWDEPTH AVG.      0                MM      MM        0
DAYS >= 1.0         0               0.2    -0.2        0
GREATEST
 24 HR TOTAL        T   10/29 TO 10/29               0.0

DEGREE_DAYS
HEATING TOTAL     722               798     -76      526
 SINCE 7/1        722               800     -78      526
COOLING TOTAL     198               176      22      348
 SINCE 1/1       1200              1154      46     1580
.................................................................

WIND (MPH)
AVERAGE WIND SPEED              2.1
RESULTANT WIND SPEED/DIRECTION   1/120
HIGHEST WIND SPEED/DIRECTION    24/290    DATE  11/18
HIGHEST GUST SPEED/DIRECTION    46/310    DATE  11/18

SKY COVER
POSSIBLE SUNSHINE (PERCENT)   MM
NUMBER OF DAYS FAIR           48
NUMBER OF DAYS PC             28
NUMBER OF DAYS CLOUDY         15

AVERAGE RH (PERCENT)     71

WEATHER CONDITIONS. NUMBER OF DAYS WITH
THUNDERSTORM              4     MIXED PRECIP               0
HEAVY RAIN                8     RAIN                      13
LIGHT RAIN               34     FREEZING RAIN              0
LT FREEZING RAIN          0     HAIL                       0
HEAVY SNOW                0     SNOW                       0
LIGHT SNOW                1     SLEET                      0
FOG                      44     FOG W/VIS <= 1/4 MILE     12
HAZE                      0

-  INDICATES NEGATIVE NUMBERS.
R  INDICATES RECORD WAS SET OR TIED.
MM INDICATES DATA IS MISSING.
T  INDICATES TRACE AMOUNT.

$$

CARICO
