000
CXUS54 KLZK 050213
CLSLIT

CLIMATE REPORT
NATIONAL WEATHER SERVICE LITTLE ROCK AR
343 PM CST SAT MAR 4 2017

...................................

...THE LITTLE ROCK ADAMS FIELD CLIMATE SUMMARY FOR THE SEASON, FROM
12/1/2016 TO 2/28/2017...

CLIMATE NORMAL PERIOD 1981 TO 2010
CLIMATE RECORD PERIOD 1874 TO 2017

WEATHER         OBSERVED          NORMAL  DEPART  LAST YEAR`S
                 VALUE   DATE(S)  VALUE   FROM    VALUE  DATE(S)
                                          NORMAL
................................................................
TEMPERATURE (F)
RECORD
 HIGH              87   02/25/1918
 LOW              -12   02/12/1899
HIGHEST            81   02/28        MM      MM       81  12/26
LOWEST             12   01/07        MM      MM       22  01/18
                        12/19
AVG. MAXIMUM     57.3              52.6     4.7     58.0
AVG. MINIMUM     37.9              33.1     4.8     37.5
MEAN             47.6              42.8     4.8     47.8
DAYS MAX >= 90      0               0.0     0.0        0
DAYS MAX <= 32      3               3.9    -0.9        0
DAYS MIN <= 32     28              42.7   -14.7       31
DAYS MIN <= 0       0               0.0     0.0        0

PRECIPITATION (INCHES)
TOTALS           9.39             12.18   -2.79    14.07
DAILY AVG.       0.11              0.14   -0.03     0.15
DAYS >= .01        30              27.7     2.3       21
DAYS >= .10        19              17.7     1.3       19
DAYS >= .50         7               8.5    -1.5        8
DAYS >= 1.00        2               3.3    -1.3        6
GREATEST
 24 HR. TOTAL    2.19   12/23 TO 12/24

SNOWFALL (INCHES)
RECORDS
 TOTAL           20.0   1918
 24 HR TOTAL     13.0   01/17/1893 TO 01/18/1893
 SNOW DEPTH        15   01/21/1918
TOTALS            0.2               3.1    -2.9      5.7
 LIQUID EQUIV    0.02              0.30   -0.28     0.57
SINCE 7/1         0.2               3.1    -2.9      5.7
 LIQUID 7/1      0.02                MM      MM     0.57
SNOWDEPTH AVG.      0                 T       0        0
DAYS >= TRACE       2               1.4     0.6        4
DAYS >= 1.0         0               0.8    -0.8        1
GREATEST
 SNOW DEPTH         T   01/06
 24 HR TOTAL      0.2   01/06 TO 01/06

DEGREE_DAYS
HEATING TOTAL    1575              1999    -424     1565
 SINCE 7/1         MM              2513      MM       MM
COOLING TOTAL      14                 3      11       17
 SINCE 1/1         12                 2      10        6

FREEZE DATES
RECORD
 EARLIEST     10/20/1989
 LATEST       04/19/1983
EARLIEST                        11/13
LATEST                          03/19
...................................................

WIND (MPH)
AVERAGE WIND SPEED              8.0
HIGHEST WIND SPEED/DIRECTION    35/200    DATE  01/11
HIGHEST GUST SPEED/DIRECTION    52/190    DATE  02/07

SKY COVER
POSSIBLE SUNSHINE (PERCENT)   MM
AVERAGE SKY COVER           0.70
NUMBER OF DAYS FAIR           17
NUMBER OF DAYS PC             27
NUMBER OF DAYS CLOUDY         46


WEATHER CONDITIONS. NUMBER OF DAYS WITH
THUNDERSTORM              0     MIXED PRECIP               0
HEAVY RAIN                6     RAIN                      13
LIGHT RAIN               39     FREEZING RAIN              0
LT FREEZING RAIN          1     HAIL                       0
HEAVY SNOW                0     SNOW                       0
LIGHT SNOW                1     SLEET                      1
FOG                      44     FOG W/VIS <= 1/4 MILE     15
HAZE                      2

-  INDICATES NEGATIVE NUMBERS.
R  INDICATES RECORD WAS SET OR TIED.
MM INDICATES DATA IS MISSING.
T  INDICATES TRACE AMOUNT.

&&

...DATA FOR LITTLE ROCK ADAMS FIELD FOR WINTER OF 2016-2017...

.SUMMARY...
WINTER OF 2016-2017 WAS YET ANOTHER WARM WINTER, AND HAS ENDED UP
BEING ONE OF THE WARMEST EVER RECORDED. THAT BEING SAID, IT ACTUALLY
WAS COOLER THAN LAST WINTER BY 2/10THS OF A DEGREE.

WHAT MADE A BIG IMPACT THIS YEAR WAS HIGH TEMPERATURES. THERE WERE
SEVERAL INSTANCES OF HIGH TEMPERATURES IN THE 70S AND EVEN A COUPLE
OF DAYS IN THE 80S. THERE WERE 28 DAYS WITH FREEZING TEMPERATURES,
WHICH WAS THE FEWEST SINCE 1997-1998, BUT NOWHERE NEAR A RECORD.

SNOWFALL WAS SERIOUSLY LACKING, AND THIS WINTER HAD THE LEAST AMOUNT
OF SNOW IN SEVERAL YEARS. BUT, THAT BEING SAID, IT WAS STILL THE 9TH
WINTER IN A ROW WITH MEASURABLE SNOWFALL.

.SEASONAL TEMPERATURES...
THE AVERAGE SEASONAL HIGH TEMPERATURE WAS THE WARMEST SINCE 2015-
2016, AND THE 7TH WARMEST ON RECORD. THE AVERAGE SEASONAL LOW
TEMPERATURE WAS THE WARMEST SINCE 1956-1957, BUT WAS NOT IN THE TOP
10 WARMEST. THE AVERAGE SEASONAL TEMPERATURE WAS THE WARMEST SINCE
2015-2016, AND THE 8TH WARMEST ON RECORD.

.SEASONAL RAINFALL...
THIS WAS THE DRIEST WINTER SINCE 2010-2011.

.SEASONAL SNOWFALL...
THIS WINTER HAD THE LEAST AMOUNT OF SNOWFALL SINCE 2008-2009.

$$

57
