000
CXUS53 KARX 031626
CLSLSE

CLIMATE REPORT
NATIONAL WEATHER SERVICE LA CROSSE WI
1025 AM CST WED DEC 3 2014

...AUTUMN OF 2014 WAS COLDER AND DRIER AT LA CROSSE WI...

AUTUMN OF 2014 WAS COLDER AND DRIER AT LA CROSSE WI.  MORE DETAILS CAN
BE FOUND BELOW.

TEMPERATURES...

FROM SEPTEMBER 1 THROUGH NOVEMBER 30 2014...LA CROSSE REGIONAL AIRPORT
HAD AN AVERAGE TEMPERATURE OF 48.0 DEGREES.  THIS WAS 1.6 DEGREES COLDER
THAN THE 1981-2010 NORMAL OF 49.6 DEGREES.  BOTH SEPTEMBER AND OCTOBER
WERE SLIGHTLY WARMER THAN NORMAL (0.4 DEGREES WARMER THAN NORMAL).
NOVEMBER WAS THE COLDEST SINCE 1991 AND TIED 1875 AND 1986 FOR THE
15TH COLDEST.

THE TABLE BELOW CONTAINS THE MONTHLY AVERAGE TEMPERATURES AND THEIR
DEPARTURES FROM NORMAL FOR THE AUTUMN OF 2014.

           AUTUMN 2014 TEMPERATURES
               IN LA CROSSE WI

                  AVERAGE            DEPARTURE
   MONTH        TEMPERATURE         FROM NORMAL
   -----        -----------         -----------
   SEPTEMBER   63.2 DEGREES        +0.4 DEGREES
   OCTOBER     50.6 DEGREES        +0.4 DEGREES
   NOVEMBER    30.1 DEGREES        -5.8 DEGREES - 15TH COLDEST

   AUTUMN      48.0 DEGREES        -1.6 DEGREES

THE AVERAGE HIGH TEMPERATURE WAS 57.1 DEGREES WHICH WAS 1.9 DEGREES
COLDER THAN 1981-2010 NORMAL OF 59.0 DEGREES.

THE AVERAGE LOW TEMPERATURE WAS 38.9 DEGREES WHICH WAS 1.4 DEGREES
COLDER THAN 1981-2010 NORMAL OF 40.3 DEGREES.

THE WARMEST HIGH TEMPERATURE WAS 85 DEGREES ON SEPTEMBER 4TH.
THE COLDEST HIGH TEMPERATURE WAS 17 DEGREES ON NOVEMBER 17TH.
THIS WAS THE COLD AUTUMN HIGH TEMPERATURE SINCE 14 DEGREES IN 1996.

THE WARMEST LOW TEMPERATURE WAS 73 DEGREES ON SEPTEMBER 4TH.
THE COLDEST LOW TEMPERATURE WAS 4 ON NOVEMBER 21ST.

PRECIPITATION...

FROM SEPTEMBER 1 THROUGH NOVEMBER 30 2014...LA CROSSE REGIONAL AIRPORT
RECEIVED 7.11 INCHES OF PRECIPITATION.  THIS WAS 0.63 INCHES DRIER THAN
THE 1981-2010 NORMAL OF 7.74 INCHES.

THE TABLE BELOW CONTAINS THE MONTHLY PRECIPITATION TOTALS AND THEIR
DEPARTURES FROM NORMAL FOR THE AUTUMN OF 2014.

          AUTUMN 2014 PRECIPITATION
               IN LA CROSSE WI

                PRECIPITATION         DEPARTURE
   MONTH            TOTAL            FROM NORMAL
   -----        ------------         -----------
   SEPTEMBER    2.62 INCHES         -0.94 INCHES
   OCTOBER      3.53 INCHES         +1.36 INCHES
   NOVEMBER     0.96 INCHES         -1.05 INCHES

   AUTUMN       7.11 INCHES         -0.63 INCHES

THE HIGHEST DAILY PRECIPITATION TOTAL WAS 1.36 INCHES ON OCTOBER 2ND.
THIS WAS 19.1 PERCENT OF THE AUTUMN PRECIPITATION.

SNOWFALL

FROM SEPTEMBER 1 THROUGH NOVEMBER 30 2014...LA CROSSE REGIONAL AIRPORT
RECEIVED 7.8 INCHES.  THIS WAS 3.5 INCHES SNOWIER THAN THE 1981-2010
NORMAL OF 4.3 INCHES. THIS WAS THE MOST SNOW IN AN AUTUMN SINCE 1996
/12.2 INCHES/.

THE TABLE BELOW CONTAINS THE MONTHLY SNOWFALL TOTALS AND THEIR DEPARTURES
FROM NORMAL FOR THE AUTUMN OF 2014.

            AUTUMN 2014 SNOWFALL
               IN LA CROSSE WI

                  SNOWFALL            DEPARTURE
   MONTH            TOTAL            FROM NORMAL
   -----        ------------         -----------
   SEPTEMBER     0.0 INCHES           0.0 INCHES
   OCTOBER       0.0 INCHES          -0.2 INCHES
   NOVEMBER      7.8 INCH            +3.7 INCHES

   AUTUMN        7.8 INCH            -3.5 INCHES

THE HIGHEST DAILY SNOWFALL TOTAL WAS 2.7 INCHES ON NOVEMBER 11TH.

...................................

...THE LA CROSSE WI CLIMATE SUMMARY FOR THE SEASON, FROM
9/1/2014 TO 11/30/2014...

CLIMATE NORMAL PERIOD 1981 TO 2010
CLIMATE RECORD PERIOD 1873 TO 2014

WEATHER         OBSERVED          NORMAL  DEPART
                 VALUE   DATE(S)  VALUE   FROM
                                          NORMAL
................................................
TEMPERATURE (F)
RECORD
 HIGH             101   09/06/1922
 LOW              -21   11/29/1875
HIGHEST            85   09/28        MM      MM
                        09/04
LOWEST              4   11/21        MM      MM
AVG. MAXIMUM     57.0              59.0    -2.0
AVG. MINIMUM     38.9              40.3    -1.4
MEAN             47.9              49.6    -1.7
DAYS MAX >= 90      0               0.9    -0.9
DAYS MAX <= 32     14               4.5     9.5
DAYS MIN <= 32     23              25.4    -2.4
DAYS MIN <= 0       0               0.1    -0.1

PRECIPITATION (INCHES)
RECORD
 MAXIMUM           MM   MM
 MINIMUM           MM   MM
TOTALS           7.11              7.74   -0.63
DAILY AVG.       0.08              0.09   -0.01
DAYS >= .01        29              27.9     1.1
DAYS >= .10        14              15.3    -1.3
DAYS >= .50         4               4.4    -0.4
DAYS >= 1.00        1               1.7    -0.7
GREATEST
 24 HR. TOTAL    1.75   MM
 STORM TOTAL     1.83
 (MM/DD(HH))            MM

SNOWFALL (INCHES)
RECORDS
 TOTAL             MM   5
 24 HR TOTAL       MM
TOTALS            7.8               4.3     3.5
 LIQUID EQUIV    0.78              0.40    0.38
SINCE 7/1         7.8               4.3     3.5
 LIQUID 7/1      0.78
DAYS >= TRACE      17               3.4    13.6
DAYS >= 1.0         3               1.3     1.7
GREATEST
 SNOW DEPTH         2   11/29
                        11/27
                        11/28
 24 HR TOTAL      2.7   MM
 STORM TOTAL      2.7
 (MM/DD(HH))            MM

DEGREE_DAYS
HEATING TOTAL    1597              1479     118
 SINCE 7/1         MM              1500      MM
COOLING TOTAL      74                81      -7
 SINCE 1/1        822               782      40

FREEZE DATES
RECORD
 EARLIEST     MM
 LATEST       MM
EARLIEST                        MM
LATEST                          MM
.................................................

WIND (MPH)
AVERAGE WIND SPEED              8.8
HIGHEST WIND SPEED/DIRECTION    33/330    DATE  11/08
HIGHEST GUST SPEED/DIRECTION    42/340    DATE  11/08

SKY COVER
POSSIBLE SUNSHINE (PERCENT)   MM
AVERAGE SKY COVER           0.50
NUMBER OF DAYS FAIR           29
NUMBER OF DAYS PC             42
NUMBER OF DAYS CLOUDY         20

AVERAGE RH (PERCENT)     69

WEATHER CONDITIONS. NUMBER OF DAYS WITH
THUNDERSTORM              6     MIXED PRECIP               0
HEAVY RAIN                6     RAIN                      10
LIGHT RAIN               35     FREEZING RAIN              0
LT FREEZING RAIN          3     HAIL                       0
HEAVY SNOW                0     SNOW                       1
LIGHT SNOW               17     SLEET                      1
FOG                      39     FOG W/VIS <= 1/4 MILE      8
HAZE                     11

-  INDICATES NEGATIVE NUMBERS.
R  INDICATES RECORD WAS SET OR TIED.
MM INDICATES DATA IS MISSING.
T  INDICATES TRACE AMOUNT.

$$

BOYNE
