000
CXUS53 KDVN 041721 CCA
CLSMLI

CLIMATE REPORT...RESEND
NATIONAL WEATHER SERVICE QUAD CITIES IA IL
544 AM CST SUN MAR 1 2015

...................................

...THE MOLINE CLIMATE SUMMARY FOR THE SEASON, FROM
12/1/2014 TO 2/28/2015...

CLIMATE NORMAL PERIOD 1981 TO 2010
CLIMATE RECORD PERIOD 1872 TO 2015

WEATHER         OBSERVED          NORMAL  DEPART
                 VALUE   DATE(S)  VALUE   FROM
                                          NORMAL
................................................
TEMPERATURE (F)
RECORD
 HIGH              73   02/15/1921
 LOW              -28   02/03/1996
HIGHEST            53   12/26        41      12
                        12/14
LOWEST            -18   02/28        14     -32
AVG. MAXIMUM     31.3              33.7    -2.4
AVG. MINIMUM     14.2              17.0    -2.8
MEAN             22.8              25.4    -2.6
DAYS MAX >= 90      0               0.0     0.0
DAYS MAX <= 32     40              37.8     2.2
DAYS MIN <= 32     81              80.8     0.2
DAYS MIN <= 0      17              10.2     6.8

PRECIPITATION (INCHES)
RECORD
 MAXIMUM         8.07   2013
 MINIMUM         4.88   2011
TOTALS           3.65              5.27   -1.62
DAILY AVG.       0.04              0.06   -0.02
DAYS >= .01        22              27.1    -5.1
DAYS >= .10        10
DAYS >= .50         1
DAYS >= 1.00        1               0.8     0.2
GREATEST
 24 HR. TOTAL    1.32   02/01 TO 02/01

SNOWFALL (INCHES)
RECORDS
 TOTAL           53.8   2014
TOTALS           34.4              25.5     8.9
SINCE 7/1        39.0              26.7    12.3
SNOWDEPTH AVG.      2
DAYS >= TRACE      28              19.5     8.5
DAYS >= 1.0         8               7.7     0.3
GREATEST
 SNOW DEPTH        11   02/02
 24 HR TOTAL     13.8   02/01 TO 02/01

DEGREE_DAYS
HEATING TOTAL    3753              3567     186
 SINCE 7/1         MM              4798      MM
COOLING TOTAL       0                 0       0
 SINCE 1/1          0                 0       0
.................................................

WIND (MPH)
AVERAGE WIND SPEED              8.6
HIGHEST WIND SPEED/DIRECTION    36/320    DATE  02/14
HIGHEST GUST SPEED/DIRECTION    45/330    DATE  02/14

SKY COVER
POSSIBLE SUNSHINE (PERCENT)   MM
AVERAGE SKY COVER           0.50
NUMBER OF DAYS FAIR           33
NUMBER OF DAYS PC             33
NUMBER OF DAYS CLOUDY         22

AVERAGE RH (PERCENT)     73

WEATHER CONDITIONS. NUMBER OF DAYS WITH
THUNDERSTORM              0     HAIL                       0
SLEET                     0     FOG                       49
FOG W/VIS <= 1/4 MILE     2     HAZE                      42

-  INDICATES NEGATIVE NUMBERS.
R  INDICATES RECORD WAS SET OR TIED.
MM INDICATES DATA IS MISSING.
T  INDICATES TRACE AMOUNT.

$$

================================================================

NOTE: SUPPLEMENTAL CLIMATE DATA WAS USED FROM A NEARBY
CLIMATOLOGICALLY REPRESENTATIVE STATION FOR THE
FOLLOWING DAYS.

PARAMETER    DATE
---------    ----
   SNW       ALL OBSERVED SNW
12Z DPTH     ALL OBSERVED 12Z DPTH ABOVE

================================================================
