000
CXUS53 KEAX 012141
CLSOJC

CLIMATE REPORT
NATIONAL WEATHER SERVICE KANSAS CITY/PLEASANT HILL MO
146 AM CST FRI DEC 1 2017

...................................

...THE JOHNSON COUNTY EXECUTIVE CLIMATE SUMMARY FOR THE SEASON, FROM
9/1/2017 TO 11/30/2017...

CLIMATE NORMAL PERIOD 1981 TO 2010
CLIMATE RECORD PERIOD 9999 TO 9999

WEATHER         OBSERVED          NORMAL  DEPART  LAST YEAR`S
                 VALUE   DATE(S)  VALUE   FROM    VALUE  DATE(S)
                                          NORMAL
................................................................
TEMPERATURE (F)
HIGHEST            89   09/21        92      -3       89  09/20
                                                          09/06
LOWEST             18   11/22        18       0       26  11/19
AVG. MAXIMUM     67.6              66.4     1.2     70.8
AVG. MINIMUM     47.9              46.7     1.2     51.3
MEAN             57.7              56.5     1.2     61.1
DAYS MAX >= 90      0               3.2    -3.2        0
DAYS MAX <= 32      0               0.8    -0.8        0
DAYS MIN <= 32     14              12.9     1.1        6
DAYS MIN <= 0       0               0.0     0.0        0

PRECIPITATION (INCHES)
TOTALS           6.11             10.44   -4.33     6.96
DAILY AVG.       0.06              0.11   -0.05     0.08
DAYS >= .01        17              23.8    -6.8       19
DAYS >= .10        12              15.6    -3.6       13
DAYS >= .50         3               6.7    -3.7        3
DAYS >= 1.00        2               2.9    -0.9        2
GREATEST
 24 HR. TOTAL    1.32   MM

DEGREE_DAYS
HEATING TOTAL     867               954     -87      582
COOLING TOTAL     229               184      45      249
.................................................................

WIND (MPH)
AVERAGE WIND SPEED              8.7
HIGHEST WIND SPEED/DIRECTION    31/350    DATE  11/18
HIGHEST GUST SPEED/DIRECTION    48/330    DATE  10/29

SKY COVER
POSSIBLE SUNSHINE (PERCENT)   MM
AVERAGE SKY COVER           0.30
NUMBER OF DAYS FAIR           57
NUMBER OF DAYS PC             20
NUMBER OF DAYS CLOUDY         14

AVERAGE RH (PERCENT)     70

WEATHER CONDITIONS. NUMBER OF DAYS WITH
THUNDERSTORM             11     MIXED PRECIP               0
HEAVY RAIN               12     RAIN                      14
LIGHT RAIN               22     FREEZING RAIN              0
LT FREEZING RAIN          0     HAIL                       0
HEAVY SNOW                0     SNOW                       0
LIGHT SNOW                0     SLEET                      0
FOG                      33     FOG W/VIS <= 1/4 MILE      4
HAZE                      7

-  INDICATES NEGATIVE NUMBERS.
R  INDICATES RECORD WAS SET OR TIED.
MM INDICATES DATA IS MISSING.
T  INDICATES TRACE AMOUNT.

$$
