000
CXUS53 KILX 020142 RRA
CLSPIA

CLIMATE REPORT
NATIONAL WEATHER SERVICE LINCOLN IL
842 PM CDT MON JUN 1 2015

...................................

...THE PEORIA IL CLIMATE SUMMARY FOR THE SEASON, FROM
3/1/2015 TO 5/31/2015...

CLIMATE NORMAL PERIOD 1981 TO 2010
CLIMATE RECORD PERIOD 1883 TO 2015

WEATHER         OBSERVED          NORMAL  DEPART  LAST YEAR`S
                 VALUE   DATE(S)  VALUE   FROM    VALUE
                                          NORMAL
.............................................................
TEMPERATURE (F)
RECORD
 HIGH             104   05/31/1934
 LOW              -11   03/08/1943
HIGHEST            87   05/07        MM      MM       91
LOWEST              3   03/06        MM      MM       -6
                        03/05
AVG. MAXIMUM     65.1              62.2     2.9     61.7
AVG. MINIMUM     43.7              41.4     2.3     40.7
MEAN             54.4              51.8     2.6     51.2
DAYS MAX >= 90      0               0.5    -0.5        4
DAYS MAX <= 32      3               2.0     1.0        6
DAYS MIN <= 32     19              21.1    -2.1       28
DAYS MIN <= 0       0               0.0     0.0        1

PRECIPITATION (INCHES)
RECORD
 MAXIMUM        20.79   2013
 MINIMUM         3.36   1934
TOTALS           9.05             10.76   -1.71     7.11
DAILY AVG.       0.10                               0.08
DAYS >= .01        30              33.6    -3.6       35
DAYS >= .10        21              20.9     0.1       21
DAYS >= .50         8               6.6     1.4        1
DAYS >= 1.00        1               2.4    -1.4        1
GREATEST
 24 HR. TOTAL    1.22   05/07 TO 05/08              2.08

SNOWFALL (INCHES)
RECORDS
 TOTAL           25.6   1926
 24 HR TOTAL      8.1   03/25/1957
TOTALS            2.7               3.3    -0.6      7.4
SINCE 7/1        27.0              24.6     2.4     57.6
DAYS >= TRACE       2               2.5    -0.5       10
DAYS >= 1.0         1               1.0     0.0        4
GREATEST
 SNOW DEPTH         4   03/02                          5
 24 HR TOTAL      2.7   03/01                        2.2

DEGREE_DAYS
HEATING TOTAL    1104              1296    -192     1407
 SINCE 7/1       5810              5813      -3     6586
COOLING TOTAL     154                81      73      158
 SINCE 1/1        154                81      73      158

FREEZE DATES
RECORD
 EARLIEST     09/20/1991
 LATEST       05/25/1925
EARLIEST                        10/14
LATEST                          04/19
..............................................................

WIND (MPH)
AVERAGE WIND SPEED              8.4
HIGHEST WIND SPEED/DIRECTION    33/270    DATE  04/09
HIGHEST GUST SPEED/DIRECTION    45/180    DATE  05/15

SKY COVER
POSSIBLE SUNSHINE (PERCENT)   MM
AVERAGE SKY COVER           0.40
NUMBER OF DAYS FAIR           52
NUMBER OF DAYS PC             25
NUMBER OF DAYS CLOUDY         15

AVERAGE RH (PERCENT)     60

WEATHER CONDITIONS. NUMBER OF DAYS WITH
THUNDERSTORM             11     MIXED PRECIP               0
HEAVY RAIN               11     RAIN                      15
LIGHT RAIN               38     FREEZING RAIN              1
LT FREEZING RAIN          2     HAIL                       0
HEAVY SNOW                1     SNOW                       1
LIGHT SNOW                2     SLEET                      0
FOG                      37     FOG W/VIS <= 1/4 MILE      5
HAZE                     33

-  INDICATES NEGATIVE NUMBERS.
R  INDICATES RECORD WAS SET OR TIED.
MM INDICATES DATA IS MISSING.
T  INDICATES TRACE AMOUNT.

&&

NO RECORDS WERE ESTABLISHED DURING THE PERIOD.

$$
GEELHART
