000
CXUS53 KARX 011831
CLSRST

CLIMATE REPORT
NATIONAL WEATHER SERVICE LA CROSSE WI
1230 PM CST SUN MAR 1 2015

...METEOROLOGICAL WINTER COLDER AND SLIGHTLY DRIER THAN NORMAL IN
ROCHESTER MINNESOTA...

DURING METEOROLOGICAL WINTER /DECEMBER 1 THROUGH FEBRUARY 28/...ROCHESTER WAS
COLDER AND SLIGHTLY DRIER THAN NORMAL.  THE INFORMATION BELOW PROVIDES MORE
DETAILS ON THESE STATISTICS.

TEMPERATURES...COLDER-THAN-NORMAL

FROM DECEMBER 1ST THROUGH FEBRUARY 28TH...ROCHESTER INTERNATIONAL AIRPORT HAD AN
AVERAGE TEMPERATURE OF 16.4 DEGREES.  THIS WAS 2.1 DEGREES COLDER THAN THE 1981-
2010 NORMAL OF 18.5 DEGREES.

THE AVERAGE MAXIMUM TEMPERATURE WAS 23.6 DEGREES.  THIS WAS 2.6 DEGREES COLDER
THAN THE 1981-2010 AVERAGE OF 26.2 DEGREES. THE AVERAGE MINIMUM TEMPERATURE WAS
9.1 DEGREES.  THIS WAS 1.7 DEGREES COLDER THAN THE 1981-2010 AVERAGE OF 10.8
DEGREES.

THE TABLE BELOW CONTAINS THE MONTHLY TEMPERATURES AND THEIR DEPARTURES FROM
NORMAL FOR THE WINTER OF 2014-15.

          WINTER 2014-15 TEMPERATURES
               IN ROCHESTER MN

                  AVERAGE            DEPARTURE
   MONTH        TEMPERATURE         FROM NORMAL
   -----        -----------         -----------
 DECEMBER       23.6 DEGREES        +3.9 DEGREES
 JANUARY        16.9 DEGREES        +1.2 DEGREES
 FEBRUARY        7.8 DEGREES       -12.5 DEGREES -  5TH COLDEST

 WINTER         16.4 DEGREES        -2.1 DEGREES

THE WARMEST TEMPERATURE WAS 47 DEGREES ON DECEMBER 14TH AND DECEMBER 15TH. THE
COLDEST TEMPERATURE WAS -17 DEGREES ON JANUARY 13TH AND FEBRUARY 5TH.

THE DAILY AVERAGE TEMPERATURES WERE BELOW NORMAL ON 45 DAYS /50 PERCENT/...ABOVE
NORMAL ON 34 DAYS /37.7 PERCENT/...AND NORMAL ON 1 DAY /1.1 PERCENT/.

THE TEMPERATURE FELL BELOW ZERO ON 29 DAYS.

PRECIPITATION - SLIGHTLY DRIER-THAN-NORMAL

FROM DECEMBER 1ST THROUGH FEBRUARY 28TH...ROCHESTER INTERNATIONAL AIRPORT
RECEIVED 2.38 INCHES OF PRECIPITATION.  THIS WAS ABOUT A HALF INCH /0.54
INCHES/ BELOW THE 1981-2010 SEASONAL NORMAL OF 2.92 INCHES.  THE TABLE BELOW
CONTAINS THE MONTHLY PRECIPITATION TOTALS AND THEIR DEPARTURES FROM NORMAL FOR
THE WINTER OF 2014-15.

          WINTER 2014-15 PRECIPITATION
               IN ROCHESTER MN

                PRECIPITATION         DEPARTURE
   MONTH            TOTAL            FROM NORMAL
   -----        ------------         -----------
 DECEMBER        1.02 INCHES        -0.21 INCHES
 JANUARY         0.71 INCHES        -0.15 INCHES
 FEBRUARY        0.65 INCHES        -0.18 INCHES

 WINTER          2.38 INCHES        -0.54 INCHES

THE WETTEST DAY WAS ON DECEMBER 23RD WHEN 0.37 INCHES OF PRECIPITATION FELL.

PRECIPITATION FELL ON 43 DAYS /47.8 PERCENT/. MEASURABLE PRECIPITATION FELL ON
25 DAYS /27.8 PERCENT/.  TRACE AMOUNTS OF PRECIPITATION FELL ON 18 DAYS /20.0
PERCENT/.

SNOWFALL - LESS SNOW THAN NORMAL

FROM DECEMBER 1ST THROUGH FEBRUARY 28TH...THE SNOW OBSERVER NEAR ROCHESTER
INTERNATIONAL AIRPORT RECEIVED 28.8 INCHES OF SNOW.  THIS WAS 4.2 INCHES BELOW
THE 1981-2010 NORMAL OF 33.0 INCHES.

THE TABLE BELOW CONTAINS THE MONTHLY SNOWFALL TOTALS AND THEIR DEPARTURES FROM
NORMAL FOR THE WINTER OF 2014-15.

           WINTER 2014-15 SNOWFALL
               IN ROCHESTER MN

                  SNOWFALL            DEPARTURE
   MONTH            TOTAL            FROM NORMAL
   -----        ------------         -----------
 DECEMBER         8.2 INCHES         -4.3 INCHES
 JANUARY         10.0 INCHES         -2.0 INCHES
 FEBRUARY        10.6 INCHES         +2.1 INCHES

 WINTER          28.8 INCHES         -4.2 INCHES

THE SNOWIEST DAY WAS 3.9 INCHES ON DECEMBER 23RD AND FEBRUARY 3RD.

SNOW FELL ON 38 DAYS /42.2 PERCENT/.  MEASURABLE SNOW FELL ON 20 DAYS /22.2
PERCENT/.  A TRACE OF SNOW FELL ON ANOTHER 18 DAYS /20.0 PERCENT/.

SNOW DEPTH -

FROM DECEMBER 1ST THROUGH FEBRUARY 28TH...THE OFFICIAL SNOW OBSERVER NEAR
ROCHESTER INTERNATIONAL AIRPORT HAD AN AVERAGE SNOW DEPTH OF 4.7 INCHES.  THIS
WAS 0.5 INCHES LOWER THAN THE AVERAGE OF 5.2 INCHES.

THE GREATEST SNOW DEPTH FOR THE WINTER WAS 10 INCHES FROM FEBRUARY 4TH THROUGH
FEBRUARY 7TH.

THERE WAS SNOW ON THE GROUND ON 80 DAYS /88.9 PERCENT/ THIS WINTER.  MEASURABLE
SNOW WAS ON THE GROUND ON 78 DAYS /86.7 PERCENT/ AND TRACE AMOUNTS OF SNOW ON
THE GROUND ON 2 DAYS /2.2 PERCENT/.

...................................

...THE ROCHESTER MN CLIMATE SUMMARY FOR THE SEASON, FROM
12/1/2014 TO 2/28/2015...

CLIMATE NORMAL PERIOD 1981 TO 2010
CLIMATE RECORD PERIOD 1886 TO 2015

WEATHER         OBSERVED          NORMAL  DEPART  LAST YEAR`S
                 VALUE   DATE(S)  VALUE   FROM    VALUE  DATE(S)
                                          NORMAL
................................................................
TEMPERATURE (F)
RECORD
 HIGH              63   02/17/1981
                        12/17/1939
 LOW              -42   01/07/1887
HIGHEST            47   12/15        MM      MM       39  12/02
                        12/14
LOWEST            -17   02/05        MM      MM      -23  01/06
                        01/13
AVG. MAXIMUM     23.4              26.2    -2.8
AVG. MINIMUM      8.8              10.8    -2.0     -0.3
MEAN             16.1              18.5    -2.4      8.8
DAYS MAX >= 90      0               0.0     0.0        0
DAYS MAX <= 32     64              58.2     5.8       73
DAYS MIN <= 32     86              86.3    -0.3       90
DAYS MIN <= 0      29              22.0     7.0       49

PRECIPITATION (INCHES)
RECORD
 MAXIMUM           MM   MM
 MINIMUM           MM   MM
TOTALS           2.29              2.92   -0.63     3.86
DAILY AVG.       0.02              0.03   -0.01
DAYS >= .01        25              26.0    -1.0       31
DAYS >= .10        10               8.6     1.4       14
DAYS >= .50         0               0.9    -0.9        1
DAYS >= 1.00        0               0.1    -0.1        1
GREATEST
 24 HR. TOTAL    0.45   MM
 STORM TOTAL       MM
 (MM/DD(HH))            MM

SNOWFALL (INCHES)
RECORDS
 TOTAL             MM   5
 24 HR TOTAL       MM
TOTALS           28.8              33.0    -4.2
 LIQUID EQUIV    2.88              3.30   -0.42
SINCE 7/1        38.0              39.9    -1.9
DAYS >= TRACE      38              25.4    12.6
DAYS >= 1.0        12               9.9     2.1
GREATEST
 SNOW DEPTH        10   02/07
                        02/05
                        02/06
 24 HR TOTAL      3.9   MM
 STORM TOTAL       MM
 (MM/DD(HH))            MM

DEGREE_DAYS
HEATING TOTAL    4348              4188     160
 SINCE 7/1         MM              5861      MM
COOLING TOTAL       0                 0       0
 SINCE 1/1          0                 0       0

FREEZE DATES
RECORD
 EARLIEST     MM
 LATEST       MM
EARLIEST                        MM
LATEST                          MM
.................................................................

WIND (MPH)
AVERAGE WIND SPEED              12.5
HIGHEST WIND SPEED/DIRECTION    39/310    DATE  02/24
HIGHEST GUST SPEED/DIRECTION    48/320    DATE  01/08

SKY COVER
POSSIBLE SUNSHINE (PERCENT)   MM
AVERAGE SKY COVER           0.60
NUMBER OF DAYS FAIR           28
NUMBER OF DAYS PC             26
NUMBER OF DAYS CLOUDY         36

AVERAGE RH (PERCENT)     80

WEATHER CONDITIONS. NUMBER OF DAYS WITH
THUNDERSTORM              0     MIXED PRECIP               0
HEAVY RAIN                0     RAIN                       0
LIGHT RAIN                8     FREEZING RAIN              0
LT FREEZING RAIN          6     HAIL                       0
HEAVY SNOW                4     SNOW                      10
LIGHT SNOW               38     SLEET                      1
FOG                      60     FOG W/VIS <= 1/4 MILE     21
HAZE                     37

-  INDICATES NEGATIVE NUMBERS.
R  INDICATES RECORD WAS SET OR TIED.
MM INDICATES DATA IS MISSING.
T  INDICATES TRACE AMOUNT.

$$

BOYNE
