163
CXUS53 KLSX 011645
CLSSTL

CLIMATE REPORT
NATIONAL WEATHER SERVICE ST LOUIS MO
1102 AM CDT THU SEP 1 2016

...................................

...THE ST. LOUIS CLIMATE SUMMARY FOR THE SEASON, FROM
6/1/2016 TO 8/31/2016...

CLIMATE NORMAL PERIOD 1981 TO 2010
CLIMATE RECORD PERIOD 1874 TO 2016

WEATHER         OBSERVED          NORMAL  DEPART
                 VALUE   DATE(S)  VALUE   FROM
                                          NORMAL
................................................
TEMPERATURE (F)
RECORD
 HIGH             115   07/14/1954
 LOW               43   06/03/1969
HIGHEST           101   07/24
LOWEST             59   06/08
AVG. MAXIMUM     90.0              87.4     2.6
AVG. MINIMUM     72.4              69.1     3.3
MEAN             81.2              78.2     3.0
DAYS MAX >= 90     48
DAYS MAX <= 32      0
DAYS MIN <= 32      0
DAYS MIN <= 0       0

PRECIPITATION (INCHES)
RECORD
 MAXIMUM        27.22   1915
 MINIMUM         4.09   1926
TOTALS          15.43             11.38    4.05
DAYS >= .01        33
DAYS >= .10        26
DAYS >= .50        10
DAYS >= 1.00        4
GREATEST
 24 HR. TOTAL    2.67   08/14 TO 08/15


DEGREE_DAYS
HEATING TOTAL       0                 6      -6
 SINCE 7/1          0                 1      -1
COOLING TOTAL    1511              1224     287
 SINCE 1/1       1705              1399     306
.................................................

WIND (MPH)
HIGHEST WIND SPEED/DIRECTION    40/360    DATE  07/19
HIGHEST GUST SPEED/DIRECTION    53/110    DATE  07/10


WEATHER CONDITIONS. NUMBER OF DAYS WITH
THUNDERSTORM             29     HAIL                       1
FOG W/VIS <= 1/4 MILE     1

-  INDICATES NEGATIVE NUMBERS.
R  INDICATES RECORD WAS SET OR TIED.
MM INDICATES DATA IS MISSING.
T  INDICATES TRACE AMOUNT.


...SEASONAL...

9TH WARMEST METEOROLOGICAL SUMMER ON RECORD (81.2 DEGREES).

MOST NUMBER OF OCCURRENCES OF A MINIMUM TEMPERATURE GREATER THAN
OR EQUAL TO 70 DEGREES (73 DAYS...PREVIOUS 69 DAYS IN 2010 AND 1901).

TIED 2ND MOST CONSECUTIVE DAYS WITH A MINIMUM TEMPERATURE GREATER THAN
OR EQUAL TO 70 DEGREES (34 DAYS).

20TH WETTEST METEOROLOGICAL SUMMER ON RECORD (15.43 INCHES).


...MONTHLY...

TIED 20TH WARMEST AUGUST ON RECORD (80.7 DEGREES).

11TH WETTEST AUGUST ON RECORD (5.77 INCHES).

2ND MOST CONSECUTIVE DAYS WITH A MINIMUM TEMPERATURE GREATER THAN OR
EQUAL TO 70 DEGREES WITHIN THE MONTH OF JULY (28 DAYS).

4TH WETTEST JULY ON RECORD (8.37 INCHES).

2ND MOST OCCURRENCES OF RECORDING AT LEAST A HALF INCH OF RAINFALL
WITHIN THE MONTH OF JULY (7 DAYS).

3RD WARMEST JUNE ON RECORD (81.3 DEGREES).

TIED 4TH MOST OCCURRENCES OF A MAXIMUM TEMPERATURE GREATER THAN OR EQUAL
TO 95 DEGREES WITHIN THE MONTH OF JUNE (12 DAYS).

MOST CONSECUTIVE DAYS WITH A MINIMUM TEMPERATURE GREATER THAN OR EQUAL
TO 70 DEGREES WITHIN THE MONTH OF JUNE (19 DAYS).

11TH DRIEST JUNE ON RECORD (1.29 INCHES).


...DAILY...

1 RECORD HIGH TEMPERATURE TIED (98 DEGREES ON 06/12...ALSO SET IN 1953).

1 RECORD LOW MAXIMUM TEMPERATURE TIED (72 DEGREES ON 07/03...ALSO SET
IN 1924).

4 RECORD HIGH MINIMUM TEMPERATURES SET OR TIED (06/22...06/16...06/15...
AND 06/12).


GOSSELIN

$$
