000
CXUS54 KHGX 181410
CF611R
PRELIMINARY LOCAL CLIMATOLOGICAL DATA (WS FORM: F-6)
STATION: BRENHAM
MONTH: APRIL
YEAR: 2024
LATITUDE: 30 13 N
LONGITUDE: 96 22 W
TEMPERATURE IN F: :PCPN: SNOW: WIND :SUNSHINE: SKY :PK WND
================================================================================
1 2 3 4 5 6A 6B 7 8 9 10 11 12 13 14 15 16 17 18
12Z AVG MX 2MIN
DY MAX MIN AVG DEP HDD CDD WTR SNW DPTH SPD SPD DIR MIN PSBL S-S WX SPD DR
================================================================================
1 82 73 78 M 0 13 T 0.0 0 12.4 22 180 M M 9 1 31 190
2 78 55 67 M 0 2 0.00 0.0 0 11.9 24 340 M M 3 31 340
3 80 47 64 M 1 0 0.00 0.0 0 5.7 14 310 M M 0 20 290
4 84 47 66 M 0 1 0.00 0.0 0 2.7 9 200 M M 0 8 M M
5 85 61 73 M 0 8 0.00 0.0 0 7.2 14 200 M M 0 18 230
6 81 60 71 M 0 6 0.00 0.0 0 9.2 22 170 M M 6 1 31 170
7 82 69 76 M 0 11 M 0.0 0 4.5 12 360 M M 5 1 17 160
8 82 70 76 M 0 11 0.06 0.0 0 3.7 10 150 M M 9 13 18 150
9 82 66 74 M 0 9 0.08 0.0 0 6.3 12 130 M M 9 1 32 0
10 73 60 67 M 0 2 0.66 0.0 0 11.9 22 310 M M 6 3 40 300
11 81 53 67 M 0 2 0.00 0.0 0 6.8 16 330 M M 0 25 330
12 82 50 66 M 0 1 0.00 0.0 0 3.8 8 160 M M 0 16 180
13 83 56 70 M 0 5 0.00 0.0 0 6.2 14 160 M M 0 22 160
14 85 63 74 M 0 9 0.00 0.0 0 6.3 17 180 M M 7 21 190
15 83 70 77 M 0 12 M 0.0 0 9.5 25 140 M M 9 39 140
16 85 72 79 M 0 14 M 0.0 0 8.8 17 160 M M 10 25 160
17 83 74 79 M 0 14 M 0.0 0 6.0 13 160 M M 6 1 17 160
================================================================================
SM 1391 1046 1 120 0.80 0.0 122.9 M 79
================================================================================
AV 81.8 61.5 7.2 FASTST M M 5 MAX(MPH)
MISC ----> 25 140 40 300
================================================================================
NOTES:
# LAST OF SEVERAL OCCURRENCES
COLUMN 17 PEAK WIND IN M.P.H.
PRELIMINARY LOCAL CLIMATOLOGICAL DATA (WS FORM: F-6) , PAGE 2
STATION: BRENHAM
MONTH: APRIL
YEAR: 2024
LATITUDE: 30 13 N
LONGITUDE: 96 22 W
[TEMPERATURE DATA] [PRECIPITATION DATA] SYMBOLS USED IN COLUMN 16
AVERAGE MONTHLY: 71.7 TOTAL FOR MONTH: 0.80 1 = FOG OR MIST
DPTR FM NORMAL: 0.0 DPTR FM NORMAL: 0.80 2 = FOG REDUCING VISIBILITY
HIGHEST: 85 ON 16,14 GRTST 24HR 0.66 ON 10-10 TO 1/4 MILE OR LESS
LOWEST: 47 ON 4, 3 3 = THUNDER
SNOW, ICE PELLETS, HAIL 4 = ICE PELLETS
TOTAL MONTH: 0.0 INCH 5 = HAIL
GRTST 24HR 0.0 6 = FREEZING RAIN OR DRIZZLE
GRTST DEPTH: 0 7 = DUSTSTORM OR SANDSTORM:
VSBY 1/2 MILE OR LESS
8 = SMOKE OR HAZE
[NO. OF DAYS WITH] [WEATHER - DAYS WITH] 9 = BLOWING SNOW
X = TORNADO
MAX 32 OR BELOW: 0 0.01 INCH OR MORE: 3
MAX 90 OR ABOVE: 0 0.10 INCH OR MORE: 1
MIN 32 OR BELOW: 0 0.50 INCH OR MORE: 1
MIN 0 OR BELOW: 0 1.00 INCH OR MORE: 0
[HDD (BASE 65) ]
TOTAL THIS MO. 1 CLEAR (SCALE 0-3) 6
DPTR FM NORMAL M PTCLDY (SCALE 4-7) 6
TOTAL FM JUL 1 1205 CLOUDY (SCALE 8-10) 5
DPTR FM NORMAL M
[CDD (BASE 65) ]
TOTAL THIS MO. 120
DPTR FM NORMAL M [PRESSURE DATA]
TOTAL FM JAN 1 275 HIGHEST SLP M ON M
DPTR FM NORMAL M LOWEST SLP M ON M
[REMARKS]