000
CXUS54 KHGX 011535
CF611R
PRELIMINARY LOCAL CLIMATOLOGICAL DATA (WS FORM: F-6)
STATION: BRENHAM
MONTH: FEBRUARY
YEAR: 2022
LATITUDE: 30 13 N
LONGITUDE: 96 22 W
TEMPERATURE IN F: :PCPN: SNOW: WIND :SUNSHINE: SKY :PK WND
================================================================================
1 2 3 4 5 6A 6B 7 8 9 10 11 12 13 14 15 16 17 18
12Z AVG MX 2MIN
DY MAX MIN AVG DEP HDD CDD WTR SNW DPTH SPD SPD DIR MIN PSBL S-S WX SPD DR
================================================================================
1 67 55 61 M 4 0 0.00 0.0 0 3.0 10 140 M M 9 1 M M
2 62 40 51 M 14 0 M 0.0 0 5.4 20 350 M M 9 12 28 330
3 40 27 34 M 31 0 M M M 16.1 22 330 M M 10 31 330
4 36 24 30 M 35 0 0.00 0.0 0 15.1 24 350 M M 7 32 350
5 50 23 37 M 28 0 0.00 0.0 0 1.5 6 340 M M 0 M M
6 62 26 44 M 21 0 0.00 0.0 0 1.0 6 210 M M 2 M M
7 62 37 50 M 15 0 0.00 0.0 0 5.8 17 330 M M 0 21 330
8 65 30 48 M 17 0 0.00 0.0 0 1.1 6 180 M M 0 8 M M
9 73 38 56 M 9 0 0.00 0.0 0 3.9 12 260 M M 0 8 20 240
10 73 37 55 M 10 0 M M M 2.3 9 270 M M 0 M M
11 75 45 60 M 5 0 M M M 4.3 13 210 M M 0 17 220
12 56 33 45 M 20 0 M M M 8.5 25 360 M M 5 1 36 360
13 62 28 45 M 20 0 M M 0 3.5 10 340 M M 0 M M
14 70 38 54 M 11 0 0.00 0.0 0 3.6 12 200 M M 0 17 180
15 77 41 59 M 6 0 0.00 0.0 0 8.3 22 180 M M 6 30 180
16 76 61 69 M 0 4 M 0.0 0 11.2 18 170 M M 10 31 180
17 76 37 57 M 8 0 M 0.0 0 17.0 29 330 M M 6 41 330
18 57 35 46 M 19 0 0.00 0.0 0 9.6 17 350 M M 1 24 350
19 67 33 50 M 15 0 0.00 0.0 0 1.3 6 190 M M 0 M M
20 69 38 54 M 11 0 0.00 0.0 0 5.3 13 170 M M 6 16 170
21 83 60 72 M 0 7 M 0.0 0 11.3 25 180 M M 9 1 33 190
22 80 54 67 M 0 2 M 0.0 0 11.4 23 180 M M 9 33 180
23 54 32 43 M 22 0 M 0.0 0 14.7 21 350 M M 10 1 28 350
24 36 32 34 M 31 0 0.00 0.0 0 11.2 17 340 M M 10 1 23 350
25 41 33 37 M 28 0 M 0.0 0 11.6 15 350 M M 10 23 10
26 42 37 40 M 25 0 M 0.0 0 6.0 8 360 M M 10 1 M M
27 59 40 50 M 15 0 0.00 0.0 0 10.2 17 340 M M 4 1 23 10
28 67 31 49 M 16 0 0.00 0.0 0 1.5 5 230 M M 0 M M
================================================================================
SM 1737 1045 436 13 0.00 0.0 205.6 M 133
================================================================================
AV 62.0 37.3 7.3 FASTST M M 5 MAX(MPH)
MISC ----> 29 330 41 330
================================================================================
NOTES:
# LAST OF SEVERAL OCCURRENCES
COLUMN 17 PEAK WIND IN M.P.H.
PRELIMINARY LOCAL CLIMATOLOGICAL DATA (WS FORM: F-6) , PAGE 2
STATION: BRENHAM
MONTH: FEBRUARY
YEAR: 2022
LATITUDE: 30 13 N
LONGITUDE: 96 22 W
[TEMPERATURE DATA] [PRECIPITATION DATA] SYMBOLS USED IN COLUMN 16
AVERAGE MONTHLY: 49.7 TOTAL FOR MONTH: 0.00 1 = FOG OR MIST
DPTR FM NORMAL: -2.7 DPTR FM NORMAL: -3.02 2 = FOG REDUCING VISIBILITY
HIGHEST: 83 ON 21 GRTST 24HR 0.00 ON 1- 1 TO 1/4 MILE OR LESS
LOWEST: 23 ON 5 3 = THUNDER
SNOW, ICE PELLETS, HAIL 4 = ICE PELLETS
TOTAL MONTH: 0.0 INCH 5 = HAIL
GRTST 24HR 0.0 6 = FREEZING RAIN OR DRIZZLE
GRTST DEPTH: 0 7 = DUSTSTORM OR SANDSTORM:
VSBY 1/2 MILE OR LESS
8 = SMOKE OR HAZE
[NO. OF DAYS WITH] [WEATHER - DAYS WITH] 9 = BLOWING SNOW
X = TORNADO
MAX 32 OR BELOW: 0 0.01 INCH OR MORE: 0
MAX 90 OR ABOVE: 0 0.10 INCH OR MORE: 0
MIN 32 OR BELOW: 9 0.50 INCH OR MORE: 0
MIN 0 OR BELOW: 0 1.00 INCH OR MORE: 0
[HDD (BASE 65) ]
TOTAL THIS MO. 436 CLEAR (SCALE 0-3) 12
DPTR FM NORMAL M PTCLDY (SCALE 4-7) 6
TOTAL FM JUL 1 1151 CLOUDY (SCALE 8-10) 10
DPTR FM NORMAL M
[CDD (BASE 65) ]
TOTAL THIS MO. 13
DPTR FM NORMAL M [PRESSURE DATA]
TOTAL FM JAN 1 13 HIGHEST SLP M ON M
DPTR FM NORMAL M LOWEST SLP M ON M
[REMARKS]
#FINAL-02-22#