000
CXUS51 KBTV 010700
CF61V4
PRELIMINARY LOCAL CLIMATOLOGICAL DATA (WS FORM: F-6)
STATION: SAINT JOHNSBURY VT ASOS
MONTH: JULY
YEAR: 2021
LATITUDE: 44 25 N
LONGITUDE: 72 1 W
TEMPERATURE IN F: :PCPN: SNOW: WIND :SUNSHINE: SKY :PK WND
================================================================================
1 2 3 4 5 6A 6B 7 8 9 10 11 12 13 14 15 16 17 18
12Z AVG MX 2MIN
DY MAX MIN AVG DEP HDD CDD WTR SNW DPTH SPD SPD DIR MIN PSBL S-S WX SPD DR
================================================================================
1 76 64 70 3 0 5 0.00 M M M M M M M 0 M M
2 64 57 61 -7 4 0 0.42 M M M M M M M 0 M M
3 60 55 58 -10 7 0 0.58 M M M M M M M 0 M M
4 70 55 63 -5 2 0 0.01 M M M M M M M 0 M M
5 77 50 64 -4 1 0 0.00 M M M M M M M 0 M M
6 85 67 76 8 0 11 0.17 M M M M M M M 0 M M
7 72 55 64 -4 1 0 0.00 M M M M M M M 0 M M
8 66 54 60 -8 5 0 0.22 M M M M M M M 0 M M
9 78 59 69 1 0 4 0.74 M M M M M M M 0 M M
10 80 53 67 -2 0 2 0.00 M M M M M M M 0 M M
11 78 50 64 -5 1 0 0.00 M M M M M M M 0 M M
12 82 63 73 4 0 8 0.00 M M M M M M M 0 M M
13 71 63 67 -2 0 2 0.35 M M M M M M M 0 M M
14 80 65 73 4 0 8 0.02 M M M M M M M 0 M M
15 85 67 76 7 0 11 0.00 M M M M M M M 0 M M
16 81 65 73 4 0 8 0.05 M M M M M M M 0 M M
17 74 63 69 0 0 4 0.00 M M M M M M M 0 M M
18 69 62 66 -3 0 1 1.38 M M M M M M M 0 M M
19 73 63 68 -1 0 3 0.17 M M M M M M M 0 M M
20 79 61 70 1 0 5 0.20 M M M M M M M 0 M M
21 67 59 63 -6 2 0 0.01 M M M M M M M 0 M M
22 77 52 65 -4 0 0 0.01 M M M M M M M 0 M M
23 78 55 67 -2 0 2 0.00 M M M M M M M 0 M M
24 80 50 65 -4 0 0 0.00 M M M M M M M 0 M M
25 80 61 71 2 0 6 0.54 M M M M M M M 0 M M
26 83 63 73 4 0 8 0.00 M M M M M M M 0 M M
27 78 59 69 0 0 4 0.15 M M M M M M M 0 M M
28 75 51 63 -6 2 0 0.00 M M M M M M M 0 M M
29 74 47 61 -8 4 0 0.32 M M M M M M M 0 M M
30 69 57 63 -6 2 0 0.13 M M M M M M M 0 M M
31 72 51 62 -6 3 0 0.00 M M M M M M M 0 M M
================================================================================
SM 2333 1796 34 92 5.47 M M M 0
================================================================================
AV 75.3 57.9 M FASTST M M 0 MAX(MPH)
MISC ----> M M M M
================================================================================
NOTES:
# LAST OF SEVERAL OCCURRENCES
COLUMN 17 PEAK WIND IN M.P.H.
PRELIMINARY LOCAL CLIMATOLOGICAL DATA (WS FORM: F-6) , PAGE 2
STATION: SAINT JOHNSBURY VT ASOS
MONTH: JULY
YEAR: 2021
LATITUDE: 44 25 N
LONGITUDE: 72 1 W
[TEMPERATURE DATA] [PRECIPITATION DATA] SYMBOLS USED IN COLUMN 16
AVERAGE MONTHLY: 66.6 TOTAL FOR MONTH: 5.47 1 = FOG OR MIST
DPTR FM NORMAL: -1.9 DPTR FM NORMAL: 1.04 2 = FOG REDUCING VISIBILITY
HIGHEST: 85 ON 15, 6 GRTST 24HR 1.38 ON 18-18 TO 1/4 MILE OR LESS
LOWEST: 47 ON 29 3 = THUNDER
SNOW, ICE PELLETS, HAIL 4 = ICE PELLETS
TOTAL MONTH: M 5 = HAIL
GRTST 24HR M ON M 6 = FREEZING RAIN OR DRIZZLE
GRTST DEPTH: M ON M 7 = DUSTSTORM OR SANDSTORM:
VSBY 1/2 MILE OR LESS
8 = SMOKE OR HAZE
[NO. OF DAYS WITH] [WEATHER - DAYS WITH] 9 = BLOWING SNOW
X = TORNADO
MAX 32 OR BELOW: 0 0.01 INCH OR MORE: 18
MAX 90 OR ABOVE: 0 0.10 INCH OR MORE: 13
MIN 32 OR BELOW: 0 0.50 INCH OR MORE: 4
MIN 0 OR BELOW: 0 1.00 INCH OR MORE: 1
[HDD (BASE 65) ]
TOTAL THIS MO. 34 CLEAR (SCALE 0-3) 31
DPTR FM NORMAL 12 PTCLDY (SCALE 4-7) 0
TOTAL FM JUL 1 34 CLOUDY (SCALE 8-10) 0
DPTR FM NORMAL 6
[CDD (BASE 65) ]
TOTAL THIS MO. 92
DPTR FM NORMAL -40 [PRESSURE DATA]
TOTAL FM JAN 1 249 HIGHEST SLP M ON M
DPTR FM NORMAL 42 LOWEST SLP M ON M
[REMARKS]
#FINAL-07-21#