000
CXUS54 KMAF 012326
CF66R6
PRELIMINARY LOCAL CLIMATOLOGICAL DATA (WS FORM: F-6)
STATION: TERRELL COUNTY AIRPORT
MONTH: OCTOBER
YEAR: 2023
LATITUDE: 30 2 N
LONGITUDE: 102 13 W
TEMPERATURE IN F: :PCPN: SNOW: WIND :SUNSHINE: SKY :PK WND
================================================================================
1 2 3 4 5 6A 6B 7 8 9 10 11 12 13 14 15 16 17 18
12Z AVG MX 2MIN
DY MAX MIN AVG DEP HDD CDD WTR SNW DPTH SPD SPD DIR MIN PSBL S-S WX SPD DR
================================================================================
1 89 72 81 7 0 16 0.00 M M 14.4 23 110 M M 0 31 110
2 90 72 81 7 0 16 0.00 M M 13.3 23 130 M M 0 35 120
3 M M M M M M M M M M M M M M M M M
4 94 69 82 9 0 17 0.20 M M 9.8 35 190 M M 0 49 190
5 83 67 75 2 0 10 0.00 M M 9.0 20 30 M M 0 26 20
6 80 63 72 0 0 7 0.00 M M 6.9 10 60 M M 0 16 70
7 79 58 69 -3 0 4 0.00 M M 8.1 17 30 M M 0 24 20
8 80 52 66 -6 0 1 0.00 M M 5.9 14 100 M M 0 21 120
9 83 50 67 -5 0 2 0.00 M M 5.0 15 130 M M 0 19 130
10 81 58 70 -1 0 5 0.00 M M 7.9 16 130 M M 0 24 130
11 86 64 75 4 0 10 0.00 M M 8.6 18 120 M M 0 29 110
12 88 64 76 5 0 11 0.00 M M 7.2 17 140 M M 0 23 140
13 85 64 75 5 0 10 0.00 M M 10.8 20 360 M M 0 27 10
14 77 57 67 -3 0 2 0.00 M M 8.7 14 50 M M 0 20 50
15 78 55 67 -3 0 2 0.00 M M 9.1 18 40 M M 0 24 30
16 77 47 62 -7 3 0 0.00 M M 3.9 9 130 M M 0 15 140
17 81 49 65 -4 0 0 0.00 M M 6.5 14 130 M M 0 20 100
18 86 50 68 0 0 3 0.00 M M 6.6 13 360 M M 0 18 20
19 87 60 74 6 0 9 0.00 M M 7.0 13 50 M M 0 20 10
20 91 51 71 3 0 6 0.00 M M 5.1 10 100 M M 0 15 110
21 85 60 73 6 0 8 0.00 M M 6.5 13 130 M M 0 17 120
22 84 63 74 7 0 9 0.00 M M 8.4 18 110 M M 0 26 110
23 73 67 70 3 0 5 0.67 M M 10.6 21 120 M M 0 28 140
24 86 66 76 10 0 11 0.00 M M 8.1 21 130 M M 0 31 130
25 83 61 72 6 0 7 0.54 M M 8.6 23 130 M M 0 35 130
26 84 57 71 5 0 6 0.00 M M 4.1 10 120 M M 0 14 120
27 86 67 77 12 0 12 0.00 M M 9.0 16 100 M M 0 23 100
28 82 70 76 11 0 11 0.00 M M 10.5 17 110 M M 0 27 120
29 71 39 55 -9 10 0 0.03 M M 15.5 32 360 M M 0 47 10
30 44 39 42 -22 23 0 0.00 M M 12.3 22 10 M M 0 31 360
31 59 38 49 -15 16 0 0.00 M M 5.4 14 20 M M 0 19 30
================================================================================
SM 2432 1749 52 200 1.44 M 252.8 M 0
================================================================================
AV 81.1 58.3 8.4 FASTST M M 0 MAX(MPH)
MISC ----> 35 190 49 190
================================================================================
NOTES:
# LAST OF SEVERAL OCCURRENCES
COLUMN 17 PEAK WIND IN M.P.H.
PRELIMINARY LOCAL CLIMATOLOGICAL DATA (WS FORM: F-6) , PAGE 2
STATION: TERRELL COUNTY AIRPORT
MONTH: OCTOBER
YEAR: 2023
LATITUDE: 30 2 N
LONGITUDE: 102 13 W
[TEMPERATURE DATA] [PRECIPITATION DATA] SYMBOLS USED IN COLUMN 16
AVERAGE MONTHLY: 69.7 TOTAL FOR MONTH: 1.44 1 = FOG OR MIST
DPTR FM NORMAL: 0.7 DPTR FM NORMAL: 0.39 2 = FOG REDUCING VISIBILITY
HIGHEST: 94 ON 4 GRTST 24HR 0.67 ON 23-23 TO 1/4 MILE OR LESS
LOWEST: 38 ON 31 3 = THUNDER
SNOW, ICE PELLETS, HAIL 4 = ICE PELLETS
TOTAL MONTH: M 5 = HAIL
GRTST 24HR M ON M 6 = FREEZING RAIN OR DRIZZLE
GRTST DEPTH: M ON M 7 = DUSTSTORM OR SANDSTORM:
VSBY 1/2 MILE OR LESS
8 = SMOKE OR HAZE
[NO. OF DAYS WITH] [WEATHER - DAYS WITH] 9 = BLOWING SNOW
X = TORNADO
MAX 32 OR BELOW: 0 0.01 INCH OR MORE: 4
MAX 90 OR ABOVE: 3 0.10 INCH OR MORE: 3
MIN 32 OR BELOW: 0 0.50 INCH OR MORE: 2
MIN 0 OR BELOW: 0 1.00 INCH OR MORE: 0
[HDD (BASE 65) ]
TOTAL THIS MO. 52 CLEAR (SCALE 0-3) 30
DPTR FM NORMAL 6 PTCLDY (SCALE 4-7) 0
TOTAL FM JUL 1 52 CLOUDY (SCALE 8-10) 1
DPTR FM NORMAL 5
[CDD (BASE 65) ]
TOTAL THIS MO. 200
DPTR FM NORMAL 28 [PRESSURE DATA]
TOTAL FM JAN 1 3314 HIGHEST SLP 30.49 ON 30
DPTR FM NORMAL 403 LOWEST SLP 29.51 ON 12
[REMARKS]
#FINAL-10-23#