000
CXUS53 KABR 011100
CF68D3
PRELIMINARY LOCAL CLIMATOLOGICAL DATA (WS FORM: F-6)
STATION: SISSETON SD
MONTH: JUNE
YEAR: 2022
LATITUDE: 45 40 N
LONGITUDE: 96 59 W
TEMPERATURE IN F: :PCPN: SNOW: WIND :SUNSHINE: SKY :PK WND
================================================================================
1 2 3 4 5 6A 6B 7 8 9 10 11 12 13 14 15 16 17 18
12Z AVG MX 2MIN
DY MAX MIN AVG DEP HDD CDD WTR SNW DPTH SPD SPD DIR MIN PSBL S-S WX SPD DR
================================================================================
1 73 48 61 -2 4 0 0.00 0.0 0 9.6 18 260 M M 0 26 290
2 76 53 65 1 0 0 0.00 0.0 0 14.9 28 300 M M 0 38 280
3 75 44 60 -4 5 0 0.00 0.0 0 5.3 15 240 M M 0 22 240
4 79 49 64 0 1 0 0.00 0.0 0 3.1 10 190 M M 0 12 20
5 81 57 69 5 0 4 0.00 0.0 0 7.1 17 130 M M 0 24 130
6 76 54 65 0 0 0 0.00 0.0 0 9.8 17 30 M M 0 24 20
7 75 59 67 2 0 2 0.00 0.0 0 4.0 10 200 M M 0 15 140
8 79 58 69 4 0 4 0.00 0.0 0 8.0 20 340 M M 0 34 30
9 81 55 68 2 0 3 0.00 0.0 0 5.1 20 230 M M 0 25 240
10 82 57 70 4 0 5 0.00 0.0 0 5.2 13 320 M M 0 16 250
11 87 65 76 10 0 11 0.17 0.0 0 6.9 18 260 M M 0 26 250
12 91 66 79 13 0 14 0.00 0.0 0 7.6 20 310 M M 0 27 310
13 94 72 83 16 0 18 0.00 0.0 0 14.4 41 170 M M 0 58 170
14 88 67 78 11 0 13 0.00 0.0 0 12.6 31 280 M M 0 40 280
15 82 65 74 7 0 9 0.00 0.0 0 15.2 30 220 M M 0 41 280
16 81 62 72 4 0 7 0.00 0.0 0 19.6 32 290 M M 0 47 290
17 89 57 73 5 0 8 0.00 0.0 0 7.1 16 110 M M 0 21 100
18 101 64 83 15 0 18 0.00 0.0 0 22.1 33 150 M M 0 43 150
19 103 81 92 24 0 27 0.00 0.0 0 24.8 36 210 M M 0 51 190
20 100 69 85 17 0 20 0.39 0.0 0 16.5 41 250 M M 0 58 260
21 82 68 75 6 0 10 0.00 0.0 0 17.6 33 260 M M 0 48 260
22 87 63 75 6 0 10 0.00 0.0 0 8.1 16 230 M M 0 33 200
23 97 67 82 13 0 17 0.00 0.0 0 10.7 21 230 M M 0 30 230
24 96 70 83 14 0 18 0.12 0.0 0 14.9 36 330 M M 0 51 330
25 78 63 71 1 0 6 0.06 0.0 0 15.0 29 290 M M 0 40 290
26 79 56 68 -2 0 3 0.00 0.0 0 17.3 31 310 M M 0 41 330
27 87 66 77 7 0 12 0.00 0.0 0 11.9 21 260 M M 0 27 260
28 85 62 74 4 0 9 0.00 0.0 0 9.4 21 10 M M 0 41 20
29 103 58 81 11 0 16 0.00 0.0 0 16.0 41 250 M M 0 63 260
30 87 65 76 6 0 11 0.00 0.0 0 12.6 28 330 M M 0 37 360
================================================================================
SM 2574 1840 10 275 0.74 0.0 352.4 M 0
================================================================================
AV 85.8 61.3 11.7 FASTST M M 0 MAX(MPH)
MISC ----> # 41 170 63 260
================================================================================
NOTES:
# LAST OF SEVERAL OCCURRENCES
COLUMN 17 PEAK WIND IN M.P.H.
PRELIMINARY LOCAL CLIMATOLOGICAL DATA (WS FORM: F-6) , PAGE 2
STATION: SISSETON SD
MONTH: JUNE
YEAR: 2022
LATITUDE: 45 40 N
LONGITUDE: 96 59 W
[TEMPERATURE DATA] [PRECIPITATION DATA] SYMBOLS USED IN COLUMN 16
AVERAGE MONTHLY: 73.6 TOTAL FOR MONTH: 0.74 1 = FOG OR MIST
DPTR FM NORMAL: 6.4 DPTR FM NORMAL: -2.76 2 = FOG REDUCING VISIBILITY
HIGHEST: 103 ON 29,19 GRTST 24HR 0.39 ON 20-20 TO 1/4 MILE OR LESS
LOWEST: 44 ON 3 3 = THUNDER
SNOW, ICE PELLETS, HAIL 4 = ICE PELLETS
TOTAL MONTH: 0.0 INCH 5 = HAIL
GRTST 24HR 0.0 6 = FREEZING RAIN OR DRIZZLE
GRTST DEPTH: 0 7 = DUSTSTORM OR SANDSTORM:
VSBY 1/2 MILE OR LESS
8 = SMOKE OR HAZE
[NO. OF DAYS WITH] [WEATHER - DAYS WITH] 9 = BLOWING SNOW
X = TORNADO
MAX 32 OR BELOW: 0 0.01 INCH OR MORE: 4
MAX 90 OR ABOVE: 8 0.10 INCH OR MORE: 3
MIN 32 OR BELOW: 0 0.50 INCH OR MORE: 0
MIN 0 OR BELOW: 0 1.00 INCH OR MORE: 0
[HDD (BASE 65) ]
TOTAL THIS MO. 10 CLEAR (SCALE 0-3) 30
DPTR FM NORMAL -42 PTCLDY (SCALE 4-7) 0
TOTAL FM JUL 1 7911 CLOUDY (SCALE 8-10) 0
DPTR FM NORMAL -271
[CDD (BASE 65) ]
TOTAL THIS MO. 275
DPTR FM NORMAL 157 [PRESSURE DATA]
TOTAL FM JAN 1 297 HIGHEST SLP 30.20 ON 26
DPTR FM NORMAL 148 LOWEST SLP 29.25 ON 14
[REMARKS]
#FINAL-06-22#