000
CXUS53 KABR 011200
CF68D3
PRELIMINARY LOCAL CLIMATOLOGICAL DATA (WS FORM: F-6)
STATION: SISSETON SD
MONTH: JANUARY
YEAR: 2024
LATITUDE: 45 40 N
LONGITUDE: 96 59 W
TEMPERATURE IN F: :PCPN: SNOW: WIND :SUNSHINE: SKY :PK WND
================================================================================
1 2 3 4 5 6A 6B 7 8 9 10 11 12 13 14 15 16 17 18
12Z AVG MX 2MIN
DY MAX MIN AVG DEP HDD CDD WTR SNW DPTH SPD SPD DIR MIN PSBL S-S WX SPD DR
================================================================================
1 36 14 25 10 40 0 0.00 0.0 1 10.5 22 220 M M 0 30 250
2 34 28 31 17 34 0 0.00 0.0 1 11.5 20 310 M M 0 25 300
3 31 17 24 10 41 0 T T 1 12.4 22 350 M M 0 26 350
4 28 16 22 8 43 0 T T 1 7.9 16 200 M M M 22 190
5 35 28 32 18 33 0 0.03 0.2 1 8.9 14 170 M M 0 19 170
6 32 11 22 8 43 0 0.10 1.1 2 12.7 24 330 M M 0 30 330
7 14 2 8 -6 57 0 0.00 0.0 2 7.0 16 340 M M 0 22 320
8 21 5 13 -1 52 0 0.01 0.1 2 9.0 18 330 M M 0 22 340
9 16 2 9 -4 56 0 0.00 0.0 2 7.3 18 340 M M 0 24 340
10 21 6 14 1 51 0 0.00 0.0 2 10.6 28 320 M M 0 34 330
11 6 0 3 -10 62 0 0.00 0.0 2 14.1 21 320 M M 0 27 300
12 2 -4 -1 -14 66 0 T T 2 20.0 30 330 M M 0 40 330
13 -2 -14 -8 -21 73 0 0.01 T 2 24.7 35 320 M M 0 44 320
14 -3 -15 -9 -22 74 0 0.00 0.0 2 13.9 26 310 M M 0 32 300
15 -1 -9 -5 -18 70 0 T T 2 18.9 31 290 M M 0 47 300
16 9 -4 3 -10 62 0 0.00 0.0 2 20.1 31 280 M M 0 43 280
17 11 2 7 -6 58 0 0.00 0.0 2 10.6 20 310 M M 0 27 310
18 5 -1 2 -11 63 0 0.02 0.2 2 13.0 24 300 M M 0 32 310
19 4 -7 -1 -14 66 0 T T 2 13.0 22 340 M M 0 28 330
20 8 -13 -2 -15 67 0 0.00 0.0 2 11.3 28 160 M M 0 36 160
21 23 7 15 2 50 0 0.00 0.0 2 14.4 25 180 M M 0 33 180
22 27 13 20 7 45 0 0.00 0.0 2 6.1 13 360 M M 0 16 360
23 31 21 26 13 39 0 0.00 0.0 2 8.6 22 160 M M 0 29 160
24 33 29 31 18 34 0 0.00 0.0 2 8.2 17 170 M M 0 23 170
25 33 29 31 18 34 0 0.00 0.0 1 1.1 7 250 M M 0 10 190
26 37 26 32 19 33 0 0.00 0.0 1 4.7 12 190 M M 0 13 170
27 46 23 35 22 30 0 0.00 0.0 T 5.0 10 280 M M 0 14 280
28 48 26 37 24 28 0 0.00 0.0 0 6.6 16 210 M M 0 25 220
29 47 30 39 26 26 0 0.00 0.0 0 11.8 28 320 M M 0 36 310
30 46 30 38 24 27 0 0.00 0.0 0 7.0 15 240 M M 0 25 230
31 56 30 43 29 22 0 0.00 0.0 0 5.5 17 250 M M 0 23 240
================================================================================
SM 734 328 1479 0 0.17 1.6 336.4 M 0
================================================================================
AV 23.7 10.6 10.9 FASTST M M 0 MAX(MPH)
MISC ----> 35 320 47 300
================================================================================
NOTES:
# LAST OF SEVERAL OCCURRENCES
COLUMN 17 PEAK WIND IN M.P.H.
PRELIMINARY LOCAL CLIMATOLOGICAL DATA (WS FORM: F-6) , PAGE 2
STATION: SISSETON SD
MONTH: JANUARY
YEAR: 2024
LATITUDE: 45 40 N
LONGITUDE: 96 59 W
[TEMPERATURE DATA] [PRECIPITATION DATA] SYMBOLS USED IN COLUMN 16
AVERAGE MONTHLY: 17.1 TOTAL FOR MONTH: 0.17 1 = FOG OR MIST
DPTR FM NORMAL: 3.8 DPTR FM NORMAL: -0.46 2 = FOG REDUCING VISIBILITY
HIGHEST: 56 ON 31 GRTST 24HR 0.10 ON 6- 6 TO 1/4 MILE OR LESS
LOWEST: -15 ON 14 3 = THUNDER
SNOW, ICE PELLETS, HAIL 4 = ICE PELLETS
TOTAL MONTH: 1.6 INCHES 5 = HAIL
GRTST 24HR 1.1 ON 6- 6 6 = FREEZING RAIN OR DRIZZLE
GRTST DEPTH: 2 ON 24,23 7 = DUSTSTORM OR SANDSTORM:
VSBY 1/2 MILE OR LESS
8 = SMOKE OR HAZE
[NO. OF DAYS WITH] [WEATHER - DAYS WITH] 9 = BLOWING SNOW
X = TORNADO
MAX 32 OR BELOW: 20 0.01 INCH OR MORE: 5
MAX 90 OR ABOVE: 0 0.10 INCH OR MORE: 1
MIN 32 OR BELOW: 31 0.50 INCH OR MORE: 0
MIN 0 OR BELOW: 9 1.00 INCH OR MORE: 0
[HDD (BASE 65) ]
TOTAL THIS MO. 1479 CLEAR (SCALE 0-3) 30
DPTR FM NORMAL -122 PTCLDY (SCALE 4-7) 0
TOTAL FM JUL 1 4079 CLOUDY (SCALE 8-10) 1
DPTR FM NORMAL -728
[CDD (BASE 65) ]
TOTAL THIS MO. 0
DPTR FM NORMAL 0 [PRESSURE DATA]
TOTAL FM JAN 1 0 HIGHEST SLP 30.75 ON 20
DPTR FM NORMAL 0 LOWEST SLP 29.44 ON 10
[REMARKS]
#FINAL-01-24#