000
CXUS55 KABR 011100
CF68D3
PRELIMINARY LOCAL CLIMATOLOGICAL DATA (WS FORM: F-6)
STATION: SISSETON SD
MONTH: JUNE
YEAR: 2021
LATITUDE: 45 40 N
LONGITUDE: 96 59 W
TEMPERATURE IN F: :PCPN: SNOW: WIND :SUNSHINE: SKY :PK WND
================================================================================
1 2 3 4 5 6A 6B 7 8 9 10 11 12 13 14 15 16 17 18
12Z AVG MX 2MIN
DY MAX MIN AVG DEP HDD CDD WTR SNW DPTH SPD SPD DIR MIN PSBL S-S WX SPD DR
================================================================================
1 85 45 65 2 0 0 0.00 0.0 0 8.3 22 210 M M 0 30 130
2 88 63 76 12 0 11 0.00 0.0 0 10.3 20 250 M M 0 28 250
3 94 67 81 17 0 16 0.00 0.0 0 10.2 18 280 M M 0 27 260
4 99 72 86 22 0 21 0.00 0.0 0 12.8 21 210 M M 0 30 250
5 101 70 86 22 0 21 0.11 0.0 0 11.3 26 190 M M 0 43 190
6 95 63 79 14 0 14 0.00 0.0 0 17.0 32 200 M M 0 52 200
7 97 53 75 10 0 10 0.00 0.0 0 10.6 38 10 M M 0 49 10
8 98 68 83 18 0 18 0.00 0.0 0 10.5 25 180 M M 0 35 160
9 95 69 82 16 0 17 0.00 0.0 0 9.4 26 210 M M 0 35 210
10 99 75 87 21 0 22 0.00 0.0 0 8.4 17 220 M M 0 24 210
11 86 60 73 7 0 8 0.21 0.0 0 15.2 40 120 M M 0 54 120
12 87 55 71 5 0 6 0.00 0.0 0 8.0 20 290 M M 0 26 290
13 92 59 76 9 0 11 0.00 0.0 0 10.4 30 230 M M 0 42 230
14 89 53 71 4 0 6 0.00 0.0 0 4.4 15 40 M M 0 20 40
15 86 52 69 2 0 4 0.00 0.0 0 5.5 15 110 M M 0 21 130
16 92 59 76 8 0 11 0.00 0.0 0 13.5 28 140 M M 0 39 140
17 87 64 76 8 0 11 0.00 0.0 0 8.4 20 320 M M 0 27 320
18 92 58 75 7 0 10 0.00 0.0 0 10.6 29 340 M M 0 39 330
19 83 50 67 -1 0 2 0.08 0.0 0 4.4 13 140 M M 0 16 130
20 69 54 62 -6 3 0 0.14 0.0 0 12.0 30 350 M M 0 43 360
21 68 45 57 -12 8 0 0.00 0.0 0 10.4 21 320 M M 0 27 320
22 80 45 63 -6 2 0 0.00 0.0 0 6.2 12 140 M M 0 16 140
23 96 52 74 5 0 9 0.00 0.0 0 11.3 22 200 M M 0 31 180
24 86 61 74 5 0 9 0.00 0.0 0 7.0 16 330 M M 0 22 320
25 82 55 69 -1 0 4 0.00 0.0 0 3.0 9 30 M M 0 13 20
26 76 61 69 -1 0 4 0.17 0.0 0 7.6 14 330 M M 0 19 330
27 83 57 70 0 0 5 0.21 0.0 0 5.0 22 300 M M 0 26 280
28 82 60 71 1 0 6 0.19 0.0 0 6.0 18 360 M M 0 25 320
29 84 58 71 1 0 6 0.00 0.0 0 6.3 13 350 M M 0 18 330
30 88 58 73 3 0 8 0.00 0.0 0 2.8 10 110 M M 0 16 70
================================================================================
SM 2639 1761 13 270 1.11 0.0 266.8 M 0
================================================================================
AV 88.0 58.7 8.9 FASTST M M 0 MAX(MPH)
MISC ----> 40 120 54 120
================================================================================
NOTES:
# LAST OF SEVERAL OCCURRENCES
COLUMN 17 PEAK WIND IN M.P.H.
PRELIMINARY LOCAL CLIMATOLOGICAL DATA (WS FORM: F-6) , PAGE 2
STATION: SISSETON SD
MONTH: JUNE
YEAR: 2021
LATITUDE: 45 40 N
LONGITUDE: 96 59 W
[TEMPERATURE DATA] [PRECIPITATION DATA] SYMBOLS USED IN COLUMN 16
AVERAGE MONTHLY: 73.3 TOTAL FOR MONTH: 1.11 1 = FOG OR MIST
DPTR FM NORMAL: 6.1 DPTR FM NORMAL: -2.39 2 = FOG REDUCING VISIBILITY
HIGHEST: 101 ON 5 GRTST 24HR 0.39 ON 27-28 TO 1/4 MILE OR LESS
LOWEST: 45 ON 22,21 3 = THUNDER
SNOW, ICE PELLETS, HAIL 4 = ICE PELLETS
TOTAL MONTH: 0.0 INCH 5 = HAIL
GRTST 24HR 0.0 6 = FREEZING RAIN OR DRIZZLE
GRTST DEPTH: 0 7 = DUSTSTORM OR SANDSTORM:
VSBY 1/2 MILE OR LESS
8 = SMOKE OR HAZE
[NO. OF DAYS WITH] [WEATHER - DAYS WITH] 9 = BLOWING SNOW
X = TORNADO
MAX 32 OR BELOW: 0 0.01 INCH OR MORE: 7
MAX 90 OR ABOVE: 12 0.10 INCH OR MORE: 6
MIN 32 OR BELOW: 0 0.50 INCH OR MORE: 0
MIN 0 OR BELOW: 0 1.00 INCH OR MORE: 0
[HDD (BASE 65) ]
TOTAL THIS MO. 13 CLEAR (SCALE 0-3) 30
DPTR FM NORMAL -39 PTCLDY (SCALE 4-7) 0
TOTAL FM JUL 1 7292 CLOUDY (SCALE 8-10) 0
DPTR FM NORMAL -890
[CDD (BASE 65) ]
TOTAL THIS MO. 270
DPTR FM NORMAL 152 [PRESSURE DATA]
TOTAL FM JAN 1 328 HIGHEST SLP 30.15 ON 15
DPTR FM NORMAL 179 LOWEST SLP 29.37 ON 6
[REMARKS]
#FINAL-06-21#