580
CXUS55 KABR 011200
CF68D3
PRELIMINARY LOCAL CLIMATOLOGICAL DATA (WS FORM: F-6)
STATION: SISSETON SD
MONTH: NOVEMBER
YEAR: 2020
LATITUDE: 45 40 N
LONGITUDE: 96 59 W
TEMPERATURE IN F: :PCPN: SNOW: WIND :SUNSHINE: SKY :PK WND
================================================================================
1 2 3 4 5 6A 6B 7 8 9 10 11 12 13 14 15 16 17 18
12Z AVG MX 2MIN
DY MAX MIN AVG DEP HDD CDD WTR SNW DPTH SPD SPD DIR MIN PSBL S-S WX SPD DR
================================================================================
1 42 21 32 -7 33 0 0.00 0.0 0 9.9 25 230 M M 0 36 220
2 66 38 52 14 13 0 0.00 0.0 0 11.7 26 230 M M 0 36 230
3 74 46 60 22 5 0 0.00 0.0 0 14.3 24 240 M M 0 35 230
4 78 44 61 24 4 0 0.00 0.0 0 10.6 23 240 M M 0 31 240
5 71 38 55 18 10 0 0.00 0.0 0 11.7 31 220 M M 0 42 210
6 78 42 60 24 5 0 0.00 0.0 0 12.7 31 220 M M 0 40 220
7 67 33 50 14 15 0 0.00 0.0 0 9.1 31 180 M M 0 41 190
8 74 44 59 24 6 0 0.00 0.0 0 22.5 44 190 M M 0 59 200
9 44 23 34 -1 31 0 0.29 0.1 0 13.3 24 310 M M 0 31 310
10 29 16 23 -11 42 0 0.00 0.0 T 5.8 15 320 M M 0 19 320
11 44 26 35 1 30 0 0.00 0.0 T 13.1 22 240 M M 0 32 240
12 29 14 22 -11 43 0 0.00 0.0 0 11.0 20 310 M M 0 28 290
13 41 13 27 -5 38 0 0.00 0.0 0 11.6 24 170 M M 0 32 180
14 47 35 41 9 24 0 0.00 0.0 0 13.7 35 310 M M 0 47 310
15 37 27 32 1 33 0 T T 0 20.7 40 320 M M 0 53 310
16 39 15 27 -4 38 0 0.00 0.0 0 12.8 30 330 M M 0 39 300
17 38 13 26 -4 39 0 0.00 0.0 0 8.1 16 130 M M 0 21 140
18 59 26 43 14 22 0 0.00 0.0 0 9.0 18 200 M M 0 24 170
19 51 35 43 14 22 0 T 0.0 0 9.6 21 320 M M 0 26 320
20 36 16 26 -2 39 0 0.00 0.0 0 11.8 23 330 M M 0 29 330
21 50 15 33 5 32 0 0.19 0.0 0 9.8 28 210 M M 0 37 220
22 41 20 31 4 34 0 0.00 0.0 0 10.3 24 320 M M 0 30 300
23 38 18 28 2 37 0 0.00 0.0 0 14.8 25 140 M M 0 32 140
24 42 27 35 9 30 0 0.01 0.0 0 12.0 22 320 M M 0 1 29 310
25 38 26 32 7 33 0 0.00 0.0 0 8.3 14 160 M M 0 18 180
26 42 20 31 6 34 0 0.00 0.0 0 11.6 25 280 M M 0 34 310
27 44 20 32 8 33 0 0.00 0.0 0 11.7 20 240 M M 0 29 230
28 59 36 48 24 17 0 0.00 0.0 0 16.2 30 310 M M 0 41 310
29 44 21 33 10 32 0 0.00 0.0 0 20.7 40 320 M M 0 53 320
30 42 11 27 4 38 0 0.00 0.0 0 8.0 17 140 M M 0 21 140
================================================================================
SM 1484 779 812 0 0.49 0.1 366.4 M 0
================================================================================
AV 49.5 26.0 12.2 FASTST M M 0 MAX(MPH)
MISC ----> 44 190 59 200
================================================================================
NOTES:
# LAST OF SEVERAL OCCURRENCES
COLUMN 17 PEAK WIND IN M.P.H.
PRELIMINARY LOCAL CLIMATOLOGICAL DATA (WS FORM: F-6) , PAGE 2
STATION: SISSETON SD
MONTH: NOVEMBER
YEAR: 2020
LATITUDE: 45 40 N
LONGITUDE: 96 59 W
[TEMPERATURE DATA] [PRECIPITATION DATA] SYMBOLS USED IN COLUMN 16
AVERAGE MONTHLY: 37.7 TOTAL FOR MONTH: 0.49 1 = FOG OR MIST
DPTR FM NORMAL: 6.9 DPTR FM NORMAL: -0.09 2 = FOG REDUCING VISIBILITY
HIGHEST: 78 ON 6, 4 GRTST 24HR 0.29 ON 9- 9 TO 1/4 MILE OR LESS
LOWEST: 11 ON 30 3 = THUNDER
SNOW, ICE PELLETS, HAIL 4 = ICE PELLETS
TOTAL MONTH: 0.1 INCH 5 = HAIL
GRTST 24HR 0.1 ON 9- 9 6 = FREEZING RAIN OR DRIZZLE
GRTST DEPTH: T 7 = DUSTSTORM OR SANDSTORM:
VSBY 1/2 MILE OR LESS
8 = SMOKE OR HAZE
[NO. OF DAYS WITH] [WEATHER - DAYS WITH] 9 = BLOWING SNOW
X = TORNADO
MAX 32 OR BELOW: 2 0.01 INCH OR MORE: 3
MAX 90 OR ABOVE: 0 0.10 INCH OR MORE: 2
MIN 32 OR BELOW: 20 0.50 INCH OR MORE: 0
MIN 0 OR BELOW: 0 1.00 INCH OR MORE: 0
[HDD (BASE 65) ]
TOTAL THIS MO. 812 CLEAR (SCALE 0-3) 30
DPTR FM NORMAL -212 PTCLDY (SCALE 4-7) 0
TOTAL FM JUL 1 1753 CLOUDY (SCALE 8-10) 0
DPTR FM NORMAL -99
[CDD (BASE 65) ]
TOTAL THIS MO. 0
DPTR FM NORMAL 0 [PRESSURE DATA]
TOTAL FM JAN 1 691 HIGHEST SLP 30.62 ON 20
DPTR FM NORMAL 164 LOWEST SLP 29.38 ON 14
[REMARKS]
#FINAL-11-20#