000
CXUS53 KABR 011516
CLM8D3
CLIMATE REPORT
NATIONAL WEATHER SERVICE ABERDEEN SD
1016 AM CDT WED NOV 01 2023
...................................
...THE SISSETON SD CLIMATE SUMMARY FOR THE MONTH OF OCTOBER 2023...
CLIMATE NORMAL PERIOD 1991 TO 2020
CLIMATE RECORD PERIOD 1932 TO 2023
WEATHER OBSERVED NORMAL DEPART LAST YEAR`S
VALUE DATE(S) VALUE FROM VALUE DATE(S)
NORMAL
................................................................
TEMPERATURE (F)
RECORD
HIGH 95 10/11/2015
10/10/1955
LOW 4 10/26/1936
HIGHEST 94 10/01 59 35 84 10/11
LOWEST 17 10/29 MM MM 13 10/18
AVG. MAXIMUM 58.6 58.0 0.6 63.9
AVG. MINIMUM 37.3 35.5 1.8 36.7
MEAN 48.0 46.8 1.2 50.3
DAYS MAX >= 90 2 0.0 2.0 0
DAYS MAX <= 32 2 0.4 1.6 0
DAYS MIN <= 32 10 12.1 -2.1 9
DAYS MIN <= 0 0 0.0 0.0 0
PRECIPITATION (INCHES)
RECORD
MAXIMUM 7.95 1998
MINIMUM T 1933
TOTALS 2.69 2.33 0.36 0.33
DAYS >= .01 12 8.9 3.1 6
DAYS >= .10 8 4.5 3.5 1
DAYS >= .50 1 1.7 -0.7 0
DAYS >= 1.00 1 0.5 0.5 0
SNOWFALL (INCHES)
RECORDS
TOTAL 8.2 2020
SNOW DEPTH 4 10/26/2020
10/27/2020
10/28/2020
TOTALS T 1.0 -1.0 T
SINCE 7/1 T 1.0 -1.0 MM
SNOWDEPTH AVG. T 0
DAYS >= TRACE 1 0.7 0.3 2
DAYS >= 1.0 0 0.3 -0.3 0
GREATEST
SNOW DEPTH MM 0 MM
DEGREE DAYS
HEATING TOTAL 554 571 -17 454
SINCE 7/1 673 790 -117 MM
COOLING TOTAL 32 5 27 8
SINCE 1/1 810 567 243 MM
FREEZE DATES
RECORD
EARLIEST MM
LATEST MM
EARLIEST 10/07 MM
LATEST 04/26
................................................................
WIND (MPH)
AVERAGE WIND SPEED 9.9
RESULTANT WIND SPEED/DIRECTION 4/310
HIGHEST WIND SPEED/DIRECTION 35/320 DATE 10/30
HIGHEST GUST SPEED/DIRECTION 47/330 DATE 10/30
SKY COVER
POSSIBLE SUNSHINE (PERCENT) MM
AVERAGE SKY COVER 0.00
NUMBER OF DAYS FAIR 31
NUMBER OF DAYS PC 0
NUMBER OF DAYS CLOUDY 0
AVERAGE RH (PERCENT) 70
WEATHER CONDITIONS. NUMBER OF DAYS WITH
THUNDERSTORM 0 MIXED PRECIP 0
HEAVY RAIN 0 RAIN 0
LIGHT RAIN 1 FREEZING RAIN 0
LT FREEZING RAIN 0 HAIL 0
HEAVY SNOW 0 SNOW 0
LIGHT SNOW 0 SLEET 0
FOG 0 FOG W/VIS <= 1/4 MILE 0
HAZE 0
- INDICATES NEGATIVE NUMBERS.
R INDICATES RECORD WAS SET OR TIED.
MM INDICATES DATA IS MISSING.
T INDICATES TRACE AMOUNT.
$$