000
CXUS52 KTAE 011335
CLMAAF
CLIMATE REPORT
NATIONAL WEATHER SERVICE TALLAHASSEE FL
935 AM EDT FRI SEP 01 2023
...................................
...THE APALACHICOLA CLIMATE SUMMARY FOR THE MONTH OF AUGUST 2023...
CLIMATE NORMAL PERIOD 1991 TO 2020
CLIMATE RECORD PERIOD 1931 TO 2023
WEATHER OBSERVED NORMAL DEPART LAST YEAR`S
VALUE DATE(S) VALUE FROM VALUE DATE(S)
NORMAL
................................................................
TEMPERATURE (F)
RECORD
HIGH 103 08/15/1995
LOW 7 08/14/2020
HIGHEST 97 08/14 90 7 94 08/17
08/18
LOWEST 72 08/26 MM MM 70 08/03
AVG. MAXIMUM 93.5 89.4 4.1 88.9
AVG. MINIMUM 77.1 75.0 2.1 74.2
MEAN 85.3 82.2 3.1 81.6
DAYS MAX >= 90 30 17.3 12.7 13
DAYS MAX <= 32 0 0.0 0.0 0
DAYS MIN <= 32 0 0.0 0.0 0
DAYS MIN <= 0 0 0.0 0.0 0
PRECIPITATION (INCHES)
RECORD
MAXIMUM 21.08 1970
MINIMUM MM
TOTALS 6.29 7.79 -1.50 10.01
DEGREE DAYS
HEATING TOTAL 0 0 0 0
SINCE 7/1 0 0 0 MM
COOLING TOTAL 637 533 104 522
SINCE 1/1 2356 2014 342 MM
................................................................
WIND (MPH)
AVERAGE WIND SPEED 6.3
HIGHEST WIND SPEED/DIRECTION 29/020 DATE 08/30
HIGHEST GUST SPEED/DIRECTION 42/020 DATE 08/30
SKY COVER
POSSIBLE SUNSHINE (PERCENT) MM
AVERAGE SKY COVER 0.02
NUMBER OF DAYS FAIR 31
NUMBER OF DAYS PC 0
NUMBER OF DAYS CLOUDY 0
AVERAGE RH (PERCENT) 76
WEATHER CONDITIONS. NUMBER OF DAYS WITH
THUNDERSTORM 21 MIXED PRECIP 0
HEAVY RAIN 3 RAIN 5
LIGHT RAIN 8 FREEZING RAIN 0
LT FREEZING RAIN 0 HAIL 0
HEAVY SNOW 0 SNOW 0
LIGHT SNOW 0 SLEET 0
FOG 11 FOG W/VIS <= 1/4 MILE 0
HAZE 8
- INDICATES NEGATIVE NUMBERS.
R INDICATES RECORD WAS SET OR TIED.
MM INDICATES DATA IS MISSING.
T INDICATES TRACE AMOUNT.
$$