000
CXUS51 KPHI 012231
CF6ABE
PRELIMINARY LOCAL CLIMATOLOGICAL DATA (WS FORM: F-6)
STATION: ALLENTOWN PA
MONTH: JANUARY
YEAR: 2022
LATITUDE: 40 39 N
LONGITUDE: 75 26 W
TEMPERATURE IN F: :PCPN: SNOW: WIND :SUNSHINE: SKY :PK WND
================================================================================
1 2 3 4 5 6A 6B 7 8 9 10 11 12 13 14 15 16 17 18
12Z AVG MX 2MIN
DY MAX MIN AVG DEP HDD CDD WTR SNW DPTH SPD SPD DIR MIN PSBL S-S WX SPD DR
================================================================================
1 53 48 51 19 14 0 0.59 0.0 0 3.6 10 80 M M 10 12 12 80
2 57 31 44 13 21 0 0.02 0.0 0 8.8 20 320 M M 8 1 25 310
3 32 18 25 -6 40 0 0.00 0.0 0 11.1 21 340 M M 3 26 330
4 34 16 25 -6 40 0 0.00 0.0 0 4.5 14 330 M M 0 8 16 330
5 40 22 31 0 34 0 0.00 0.0 0 2.4 9 260 M M 3 13 140
6 35 23 29 -2 36 0 0.09 1.1 0 7.4 20 280 M M 3 12 25 270
7 29 20 25 -6 40 0 0.18 2.2 3 10.4 21 270 M M 7 12 29 260
8 27 12 20 -10 45 0 0.00 0.0 3 5.3 17 320 M M 0 25 300
9 36 21 29 -1 36 0 0.12 0.0 1 8.0 14 260 M M 9 16 18 260
10 36 20 28 -2 37 0 0.00 0.0 0 12.3 20 280 M M 5 30 250
11 21 9 15 -15 50 0 T T 0 8.5 22 320 M M 1 31 300
12 33 9 21 -9 44 0 0.00 0.0 0 4.0 12 220 M M 0 14 230
13 42 26 34 4 31 0 0.00 0.0 0 1.3 7 320 M M 4 7 50
14 42 16 29 -1 36 0 0.00 0.0 0 12.5 28 320 M M 1 1 35 330
15 19 6 13 -17 52 0 0.00 0.0 0 10.2 23 320 M M 0 30 320
16 30 2 16 -14 49 0 0.40 3.2 0 10.1 26 60 M M 5 16 31 60
17 39 30 35 5 30 0 0.62 T 3 16.8 33 60 M M 10 16 38 60
18 35 20 28 -2 37 0 T T 2 9.6 28 310 M M 4 41 330
19 44 17 31 1 34 0 0.00 0.0 1 5.0 18 210 M M 3 24 220
20 38 14 26 -4 39 0 0.16 0.4 0 10.5 20 350 M M 5 1 26 350
21 24 10 17 -13 48 0 0.00 0.0 T 7.3 13 60 M M 0 17 330
22 27 5 16 -14 49 0 0.00 0.0 0 4.7 12 60 M M 1 15 40
23 32 15 24 -6 41 0 0.02 0.4 0 4.7 17 230 M M 6 1 22 240
24 32 17 25 -5 40 0 0.00 0.0 T 3.8 13 340 M M 5 1 17 320
25 38 22 30 0 35 0 0.00 0.0 0 5.7 16 300 M M 6 24 310
26 27 11 19 -11 46 0 0.00 0.0 0 4.7 15 350 M M 2 22 280
27 30 5 18 -12 47 0 0.00 0.0 0 4.6 14 200 M M 2 17 170
28 32 25 29 -1 36 0 0.07 0.5 T 3.4 14 20 M M 10 18 18 10
29 28 9 19 -11 46 0 0.13 1.1 1 14.9 28 320 M M 6 1 37 320
30 24 5 15 -15 50 0 0.00 0.0 1 6.3 16 230 M M 1 21 290
31 30 7 19 -11 46 0 0.00 0.0 T 3.6 8 30 M M 1 10 50
================================================================================
SM 1046 511 1229 0 2.40 8.9 226.0 M 121
================================================================================
AV 33.7 16.5 7.3 FASTST M M 4 MAX(MPH)
MISC ----> 33 60 41 330
================================================================================
NOTES:
# LAST OF SEVERAL OCCURRENCES
COLUMN 17 PEAK WIND IN M.P.H.
PRELIMINARY LOCAL CLIMATOLOGICAL DATA (WS FORM: F-6) , PAGE 2
STATION: ALLENTOWN PA
MONTH: JANUARY
YEAR: 2022
LATITUDE: 40 39 N
LONGITUDE: 75 26 W
[TEMPERATURE DATA] [PRECIPITATION DATA] SYMBOLS USED IN COLUMN 16
AVERAGE MONTHLY: 25.1 TOTAL FOR MONTH: 2.40 1 = FOG OR MIST
DPTR FM NORMAL: -5.0 DPTR FM NORMAL: -0.90 2 = FOG REDUCING VISIBILITY
HIGHEST: 57 ON 2 GRTST 24HR 1.93 ON 16-17 TO 1/4 MILE OR LESS
LOWEST: 2 ON 16 3 = THUNDER
SNOW, ICE PELLETS, HAIL 4 = ICE PELLETS
TOTAL MONTH: 8.9 INCHES 5 = HAIL
GRTST 24HR 3.2 ON 16-16 6 = FREEZING RAIN OR DRIZZLE
GRTST DEPTH: 3 ON 17, 8 7 = DUSTSTORM OR SANDSTORM:
VSBY 1/2 MILE OR LESS
8 = SMOKE OR HAZE
[NO. OF DAYS WITH] [WEATHER - DAYS WITH] 9 = BLOWING SNOW
X = TORNADO
MAX 32 OR BELOW: 16 0.01 INCH OR MORE: 11
MAX 90 OR ABOVE: 0 0.10 INCH OR MORE: 7
MIN 32 OR BELOW: 30 0.50 INCH OR MORE: 2
MIN 0 OR BELOW: 0 1.00 INCH OR MORE: 0
[HDD (BASE 65) ]
TOTAL THIS MO. 1229 CLEAR (SCALE 0-3) 15
DPTR FM NORMAL 147 PTCLDY (SCALE 4-7) 12
TOTAL FM JUL 1 2983 CLOUDY (SCALE 8-10) 4
DPTR FM NORMAL -68
[CDD (BASE 65) ]
TOTAL THIS MO. 0
DPTR FM NORMAL 0 [PRESSURE DATA]
TOTAL FM JAN 1 0 HIGHEST SLP 30.65 ON 8
DPTR FM NORMAL 0 LOWEST SLP 29.05 ON 17
[REMARKS]
#FINAL-01-22#
UPDATING FOR MISSING PRECIPITATION FROM A BACKUP STATION.
STAARMANN