000
CXUS51 KPHI 011551
CF6ABE
PRELIMINARY LOCAL CLIMATOLOGICAL DATA (WS FORM: F-6)
STATION: ALLENTOWN PA
MONTH: JANUARY
YEAR: 2024
LATITUDE: 40 39 N
LONGITUDE: 75 26 W
TEMPERATURE IN F: :PCPN: SNOW: WIND :SUNSHINE: SKY :PK WND
================================================================================
1 2 3 4 5 6A 6B 7 8 9 10 11 12 13 14 15 16 17 18
12Z AVG MX 2MIN
DY MAX MIN AVG DEP HDD CDD WTR SNW DPTH SPD SPD DIR MIN PSBL S-S WX SPD DR
================================================================================
1 43 30 37 5 28 0 T T 0 3.5 13 340 M M 8 16 350
2 42 26 34 3 31 0 0.00 0.0 0 8.3 17 330 M M 4 21 340
3 40 24 32 1 33 0 0.00 0.0 0 4.7 10 320 M M 5 14 310
4 41 24 33 2 32 0 T T 0 8.9 24 340 M M 7 30 320
5 37 22 30 -1 35 0 0.00 0.0 0 5.9 14 320 M M 3 19 320
6 33 18 26 -5 39 0 1.03 5.3 0 8.8 20 60 M M 6 14 23 80
7 38 32 35 4 30 0 0.13 0.5 5 8.7 17 310 M M 8 16 24 310
8 41 25 33 3 32 0 0.00 0.0 4 4.9 15 330 M M 6 19 360
9 58 24 41 11 24 0 2.20 0.0 3 11.6 25 100 M M 6 1 34 110
10 58 40 49 19 16 0 0.03 0.0 0 15.1 28 240 M M 9 37 260
11 46 37 42 12 23 0 0.00 0.0 0 8.3 17 220 M M 9 22 250
12 47 26 37 7 28 0 0.31 0.0 0 9.7 25 90 M M 2 1 34 100
13 54 32 43 13 22 0 0.54 0.0 0 15.4 28 260 M M 9 1 39 250
14 38 20 29 -1 36 0 T T 0 13.7 36 250 M M 3 45 240
15 26 19 23 -7 42 0 0.06 0.6 0 5.4 12 240 M M 9 1 16 290
16 27 17 22 -8 43 0 0.23 2.4 2 9.5 21 300 M M 8 1 27 310
17 21 7 14 -16 51 0 0.00 0.0 3 10.8 21 240 M M 0 27 230
18 30 6 18 -12 47 0 0.00 0.0 3 3.1 14 240 M M 5 18 240
19 27 19 23 -7 42 0 0.13 1.6 3 6.4 22 330 M M 9 1 27 320
20 21 11 16 -14 49 0 0.00 0.0 4 13.0 23 320 M M 6 9 30 300
21 30 16 23 -7 42 0 0.00 0.0 4 11.1 23 320 M M 2 29 330
22 33 8 21 -9 44 0 0.00 0.0 3 6.3 16 230 M M 1 18 230
23 41 24 33 3 32 0 T T 3 3.2 9 230 M M 8 4 12 220
24 38 34 36 6 29 0 0.16 0.0 2 3.5 9 80 M M 10 12 14 80
25 52 37 45 15 20 0 0.17 0.0 0 1.8 12 60 M M 10 1 15 60
26 49 41 45 15 20 0 0.31 0.0 0 5.8 20 110 M M 10 12 26 110
27 51 35 43 13 22 0 0.00 0.0 0 3.7 10 150 M M 8 12 15 170
28 42 37 40 10 25 0 1.00 0.0 0 9.5 18 50 M M 10 1 23 60
29 41 33 37 7 28 0 0.00 0.0 0 13.4 22 330 M M 10 31 320
30 35 32 34 4 31 0 0.01 T 0 4.4 9 110 M M 10 1 15 140
31 39 30 35 5 30 0 0.01 T 0 1.7 8 110 M M 10 1 10 140
================================================================================
SM 1219 786 1006 0 6.32 10.4 240.1 M 211
================================================================================
AV 39.3 25.4 7.7 FASTST M M 7 MAX(MPH)
MISC ----> 36 250 45 240
================================================================================
NOTES:
# LAST OF SEVERAL OCCURRENCES
COLUMN 17 PEAK WIND IN M.P.H.
PRELIMINARY LOCAL CLIMATOLOGICAL DATA (WS FORM: F-6) , PAGE 2
STATION: ALLENTOWN PA
MONTH: JANUARY
YEAR: 2024
LATITUDE: 40 39 N
LONGITUDE: 75 26 W
[TEMPERATURE DATA] [PRECIPITATION DATA] SYMBOLS USED IN COLUMN 16
AVERAGE MONTHLY: 32.3 TOTAL FOR MONTH: 6.32 1 = FOG OR MIST
DPTR FM NORMAL: 2.2 DPTR FM NORMAL: 3.02 2 = FOG REDUCING VISIBILITY
HIGHEST: 58 ON 10, 9 GRTST 24HR 2.20 ON 9- 9 TO 1/4 MILE OR LESS
LOWEST: 6 ON 18 3 = THUNDER
SNOW, ICE PELLETS, HAIL 4 = ICE PELLETS
TOTAL MONTH: 10.4 INCHES 5 = HAIL
GRTST 24HR 5.3 ON 6- 6 6 = FREEZING RAIN OR DRIZZLE
GRTST DEPTH: 5 ON 7 7 = DUSTSTORM OR SANDSTORM:
VSBY 1/2 MILE OR LESS
8 = SMOKE OR HAZE
[NO. OF DAYS WITH] [WEATHER - DAYS WITH] 9 = BLOWING SNOW
X = TORNADO
MAX 32 OR BELOW: 7 0.01 INCH OR MORE: 15
MAX 90 OR ABOVE: 0 0.10 INCH OR MORE: 11
MIN 32 OR BELOW: 23 0.50 INCH OR MORE: 4
MIN 0 OR BELOW: 0 1.00 INCH OR MORE: 3
[HDD (BASE 65) ]
TOTAL THIS MO. 1006 CLEAR (SCALE 0-3) 5
DPTR FM NORMAL -76 PTCLDY (SCALE 4-7) 13
TOTAL FM JUL 1 2883 CLOUDY (SCALE 8-10) 13
DPTR FM NORMAL -168
[CDD (BASE 65) ]
TOTAL THIS MO. 0
DPTR FM NORMAL 0 [PRESSURE DATA]
TOTAL FM JAN 1 0 HIGHEST SLP 30.58 ON 22
DPTR FM NORMAL 0 LOWEST SLP 29.01 ON 10
[REMARKS]
#FINAL-01-24#