000
CXUS51 KPHI 010815
CF6ABE
PRELIMINARY LOCAL CLIMATOLOGICAL DATA (WS FORM: F-6)
STATION: ALLENTOWN PA
MONTH: JULY
YEAR: 2020
LATITUDE: 40 39 N
LONGITUDE: 75 26 W
TEMPERATURE IN F: :PCPN: SNOW: WIND :SUNSHINE: SKY :PK WND
================================================================================
1 2 3 4 5 6A 6B 7 8 9 10 11 12 13 14 15 16 17 18
12Z AVG MX 2MIN
DY MAX MIN AVG DEP HDD CDD WTR SNW DPTH SPD SPD DIR MIN PSBL S-S WX SPD DR
================================================================================
1 84 65 75 2 0 10 0.68 0.0 0 2.8 18 20 M M 5 13 23 20
2 90 63 77 4 0 12 0.00 0.0 0 4.9 15 310 M M 1 18 350
3 92 69 81 8 0 16 0.05 0.0 0 4.6 20 300 M M 3 13 28 300
4 89 67 78 5 0 13 0.00 0.0 0 2.3 9 360 M M 3 18 12 360
5 92 66 79 6 0 14 0.00 0.0 0 3.5 10 270 M M 0 18 16 300
6 95 64 80 7 0 15 0.12 0.0 0 3.5 22 140 M M 1 3 27 140
7 87 65 76 3 0 11 0.00 0.0 0 6.0 12 210 M M 6 20 130
8 87 71 79 6 0 14 0.31 0.0 0 5.0 16 330 M M 6 13 19 340
9 90 70 80 6 0 15 0.00 0.0 0 4.2 10 130 M M 5 18 19 130
10 76 72 74 0 0 9 1.92 0.0 0 M M M M M 9 1 M M
11 87 69 78 4 0 13 0.00 0.0 0 14.2 15 230 M M 3 24 230
12 87 66 77 3 0 12 0.33 0.0 0 9.0 29 220 M M 4 13 36 220
13 84 66 75 1 0 10 0.00 0.0 0 5.9 16 260 M M 3 1 21 260
14 85 61 73 -1 0 8 0.00 0.0 0 4.9 14 300 M M 1 19 300
15 88 61 75 1 0 10 0.00 0.0 0 5.3 16 130 M M 1 22 130
16 82 68 75 1 0 10 0.00 0.0 0 9.0 16 140 M M 9 27 160
17 88 68 78 4 0 13 T 0.0 0 5.2 12 230 M M 6 18 20 160
18 91 63 77 3 0 12 0.00 0.0 0 3.5 13 250 M M 0 17 240
19 96 66 81 7 0 16 T 0.0 0 6.9 18 220 M M 1 1 30 160
20 93 72 83 9 0 18 0.00 0.0 0 5.8 17 260 M M 1 24 270
21 92 66 79 5 0 14 0.32 0.0 0 4.4 21 230 M M 1 13 25 230
22 92 70 81 7 0 16 0.77 0.0 0 3.8 28 270 M M 2 13 39 260
23 88 70 79 5 0 14 T 0.0 0 4.9 17 220 M M 5 13 21 240
24 84 70 77 3 0 12 0.00 0.0 0 5.8 16 80 M M 5 19 90
25 89 68 79 5 0 14 0.00 0.0 0 4.4 14 220 M M 4 18 18 220
26 92 70 81 7 0 16 0.00 0.0 0 5.7 17 250 M M 0 1 22 290
27 94 65 80 6 0 15 0.00 0.0 0 8.1 21 230 M M 0 26 250
28 90 71 81 7 0 16 0.00 0.0 0 5.6 14 280 M M 2 20 260
29 91 65 78 5 0 13 0.00 0.0 0 5.5 14 210 M M 0 1 18 260
30 92 65 79 6 0 14 0.13 0.0 0 3.9 21 90 M M 1 32 150
31 85 69 77 4 0 12 0.27 0.0 0 4.8 10 90 M M 6 1 14 100
================================================================================
SM 2752 2081 0 407 4.90 0.0 163.4 M 94
================================================================================
AV 88.8 67.1 5.4 FASTST M M 3 MAX(MPH)
MISC ----> 29 220 39 260
================================================================================
NOTES:
# LAST OF SEVERAL OCCURRENCES
COLUMN 17 PEAK WIND IN M.P.H.
PRELIMINARY LOCAL CLIMATOLOGICAL DATA (WS FORM: F-6) , PAGE 2
STATION: ALLENTOWN PA
MONTH: JULY
YEAR: 2020
LATITUDE: 40 39 N
LONGITUDE: 75 26 W
[TEMPERATURE DATA] [PRECIPITATION DATA] SYMBOLS USED IN COLUMN 16
AVERAGE MONTHLY: 78.0 TOTAL FOR MONTH: 4.90 1 = FOG OR MIST
DPTR FM NORMAL: 4.6 DPTR FM NORMAL: -0.05 2 = FOG REDUCING VISIBILITY
HIGHEST: 96 ON 19 GRTST 24HR 1.92 ON 10-10 TO 1/4 MILE OR LESS
LOWEST: 61 ON 15,14 3 = THUNDER
SNOW, ICE PELLETS, HAIL 4 = ICE PELLETS
TOTAL MONTH: 0.0 INCH 5 = HAIL
GRTST 24HR 0.0 6 = FREEZING RAIN OR DRIZZLE
GRTST DEPTH: 0 7 = DUSTSTORM OR SANDSTORM:
VSBY 1/2 MILE OR LESS
8 = SMOKE OR HAZE
[NO. OF DAYS WITH] [WEATHER - DAYS WITH] 9 = BLOWING SNOW
X = TORNADO
MAX 32 OR BELOW: 0 0.01 INCH OR MORE: 10
MAX 90 OR ABOVE: 15 0.10 INCH OR MORE: 9
MIN 32 OR BELOW: 0 0.50 INCH OR MORE: 3
MIN 0 OR BELOW: 0 1.00 INCH OR MORE: 1
[HDD (BASE 65) ]
TOTAL THIS MO. 0 CLEAR (SCALE 0-3) 16
DPTR FM NORMAL -3 PTCLDY (SCALE 4-7) 13
TOTAL FM JUL 1 0 CLOUDY (SCALE 8-10) 2
DPTR FM NORMAL 0
[CDD (BASE 65) ]
TOTAL THIS MO. 407
DPTR FM NORMAL 142 [PRESSURE DATA]
TOTAL FM JAN 1 651 HIGHEST SLP 30.29 ON 16
DPTR FM NORMAL 186 LOWEST SLP 29.62 ON 11
[REMARKS]
#FINAL-07-20#