000
CXUS54 KSJT 100744
CF6ABI
PRELIMINARY LOCAL CLIMATOLOGICAL DATA (WS FORM: F-6)
STATION: ABILENE
MONTH: FEBRUARY
YEAR: 2021
LATITUDE: 32 25 N
LONGITUDE: 99 41 W
TEMPERATURE IN F: :PCPN: SNOW: WIND :SUNSHINE: SKY :PK WND
================================================================================
1 2 3 4 5 6A 6B 7 8 9 10 11 12 13 14 15 16 17 18
12Z AVG MX 2MIN
DY MAX MIN AVG DEP HDD CDD WTR SNW DPTH SPD SPD DIR MIN PSBL S-S WX SPD DR
================================================================================
1 63 28 46 0 19 0 0.00 0.0 0 3.7 12 150 M M 0 15 140
2 71 42 57 11 8 0 0.00 0.0 0 12.2 24 180 M M 0 33 180
3 80 53 67 21 0 2 0.00 0.0 0 15.7 25 200 M M 0 38 200
4 65 40 53 7 12 0 0.00 0.0 0 14.5 33 340 M M 0 44 10
5 63 32 48 1 17 0 0.00 0.0 0 8.0 21 160 M M 0 28 150
6 63 40 52 5 13 0 0.00 0.0 0 13.7 26 330 M M 0 34 300
7 73 37 55 8 10 0 0.00 0.0 0 14.2 26 200 M M 0 37 200
8 59 33 46 -1 19 0 0.00 0.0 0 11.5 21 190 M M 1 30 200
9 33 26 30 -17 35 0 0.00 0.0 0 8.1 14 360 M M 10 12 17 10
10 30 24 27 -21 38 0 T 0.0 0 10.9 16 10 M M 10 126 21 360
11 28 21 25 -23 40 0 T 0.0 0 12.7 22 350 M M 10 16 27 350
12 24 20 22 -26 43 0 T 0.0 0 11.7 18 350 M M 10 1 25 360
13 23 16 20 -28 45 0 T 0.0 0 11.3 17 10 M M 10 168 22 40
14 22 5 14 -34 51 0 0.24 9.8 0 16.0 26 360 M M 10 1289 36 360
15 13 -2 6 -42 59 0 T 0.0 10 12.8 29 360 M M 3 189 41 350
16 23 -4 10 -39 55 0 0.07 0.3 7 13.0 24 140 M M 7 8 29 140
17 21 17 19 -30 46 0 0.00 0.0 6 8.6 15 350 M M 10 1 18 340
18 25 12 19 -30 46 0 T 0.0 6 11.3 21 350 M M 6 18 26 360
19 40 5 23 -26 42 0 0.00 0.0 5 7.0 16 200 M M 0 1 21 170
20 64 35 50 0 15 0 0.00 0.0 0 15.0 28 180 M M 0 41 190
21 68 38 53 3 12 0 0.00 0.0 0 21.0 27 200 M M 0 45 210
22 72 30 51 1 14 0 0.00 0.0 0 11.0 18 200 M M 0 33 220
23 81 50 66 16 0 1 0.00 0.0 0 16.4 26 210 M M 0 36 210
24 67 47 57 6 8 0 0.00 0.0 0 13.1 26 350 M M 0 39 350
25 47 42 45 -6 20 0 T 0.0 0 8.8 16 350 M M 8 21 360
26 68 41 55 4 10 0 0.00 0.0 0 6.8 14 150 M M 5 13 19 150
27 71 48 60 8 5 0 0.00 0.0 0 10.0 18 190 M M 5 12 26 190
28 65 46 56 4 9 0 0.07 0.0 0 12.0 26 350 M M 4 1 32 360
================================================================================
SM 1422 822 691 3 0.38 10.1 331.0 M 109
================================================================================
AV 50.8 29.4 11.8 FASTST M M 4 MAX(MPH)
MISC ----> 33 340 45 210
================================================================================
NOTES:
# LAST OF SEVERAL OCCURRENCES
COLUMN 17 PEAK WIND IN M.P.H.
PRELIMINARY LOCAL CLIMATOLOGICAL DATA (WS FORM: F-6) , PAGE 2
STATION: ABILENE
MONTH: FEBRUARY
YEAR: 2021
LATITUDE: 32 25 N
LONGITUDE: 99 41 W
[TEMPERATURE DATA] [PRECIPITATION DATA] SYMBOLS USED IN COLUMN 16
AVERAGE MONTHLY: 40.1 TOTAL FOR MONTH: 0.38 1 = FOG OR MIST
DPTR FM NORMAL: -8.5 DPTR FM NORMAL: -0.98 2 = FOG REDUCING VISIBILITY
HIGHEST: 81 ON 23 GRTST 24HR 0.24 ON 14-14 TO 1/4 MILE OR LESS
LOWEST: -4 ON 16 3 = THUNDER
SNOW, ICE PELLETS, HAIL 4 = ICE PELLETS
TOTAL MONTH: 10.1 INCHES 5 = HAIL
GRTST 24HR 9.8 ON 14-14 6 = FREEZING RAIN OR DRIZZLE
GRTST DEPTH: 10 ON 15 7 = DUSTSTORM OR SANDSTORM:
VSBY 1/2 MILE OR LESS
8 = SMOKE OR HAZE
[NO. OF DAYS WITH] [WEATHER - DAYS WITH] 9 = BLOWING SNOW
X = TORNADO
MAX 32 OR BELOW: 9 0.01 INCH OR MORE: 3
MAX 90 OR ABOVE: 0 0.10 INCH OR MORE: 1
MIN 32 OR BELOW: 14 0.50 INCH OR MORE: 0
MIN 0 OR BELOW: 2 1.00 INCH OR MORE: 0
[HDD (BASE 65) ]
TOTAL THIS MO. 691 CLEAR (SCALE 0-3) 14
DPTR FM NORMAL 227 PTCLDY (SCALE 4-7) 7
TOTAL FM JUL 1 2161 CLOUDY (SCALE 8-10) 7
DPTR FM NORMAL 27
[CDD (BASE 65) ]
TOTAL THIS MO. 3
DPTR FM NORMAL -1 [PRESSURE DATA]
TOTAL FM JAN 1 3 HIGHEST SLP 30.58 ON 18
DPTR FM NORMAL 2 LOWEST SLP 29.61 ON 4
[REMARKS]
#FINAL-02-21#