000
CXUS55 KABQ 090027
CF6ABQ
PRELIMINARY LOCAL CLIMATOLOGICAL DATA (WS FORM: F-6)
STATION: ALBUQUERQUE NM
MONTH: JANUARY
YEAR: 2023
LATITUDE: 35 2 N
LONGITUDE: 106 37 W
TEMPERATURE IN F: :PCPN: SNOW: WIND :SUNSHINE: SKY :PK WND
================================================================================
1 2 3 4 5 6A 6B 7 8 9 10 11 12 13 14 15 16 17 18
12Z AVG MX 2MIN
DY MAX MIN AVG DEP HDD CDD WTR SNW DPTH SPD SPD DIR MIN PSBL S-S WX SPD DR
================================================================================
1 50 36 43 7 22 0 0.17 0.0 0 7.2 24 170 M M 10 13 32 170
2 44 35 40 4 25 0 0.01 0.0 0 12.7 26 250 M M 8 38 250
3 40 31 36 0 29 0 T T 0 8.0 17 250 M M 8 25 250
4 44 28 36 0 29 0 0.00 0.0 0 7.0 16 350 M M 3 24 360
5 46 27 37 1 28 0 0.00 0.0 0 4.4 14 350 M M 6 16 350
6 53 30 42 6 23 0 0.00 0.0 0 6.1 17 310 M M 7 22 280
7 50 24 37 1 28 0 0.00 0.0 0 3.0 9 330 M M 2 13 320
8 52 26 39 3 26 0 0.00 0.0 0 3.1 14 360 M M 4 18 10
9 54 26 40 3 25 0 0.00 0.0 0 4.0 12 160 M M 3 12 200
10 58 32 45 8 20 0 0.00 0.0 0 6.7 20 180 M M 7 26 170
11 50 36 43 6 22 0 T 0.0 0 14.2 31 300 M M 4 42 300
12 51 24 38 1 27 0 0.00 0.0 0 4.7 14 350 M M 2 18 340
13 52 26 39 2 26 0 0.00 0.0 0 3.6 10 360 M M 3 13 10
14 53 27 40 3 25 0 0.00 0.0 0 4.2 12 90 M M 8 15 160
15 50 40 45 8 20 0 T 0.0 0 10.2 37 280 M M 10 48 270
16 42 34 38 1 27 0 T T 0 4.4 14 20 M M 10 1 16 10
17 45 33 39 2 26 0 0.13 T 0 9.7 31 190 M M 9 1 44 190
18 44 28 36 -2 29 0 0.00 0.0 0 10.9 28 290 M M 6 37 260
19 41 21 31 -7 34 0 0.00 0.0 0 2.8 8 190 M M 4 11 270
20 46 25 36 -2 29 0 T T 0 10.6 35 280 M M 7 44 270
21 40 26 33 -5 32 0 0.00 0.0 0 10.1 18 340 M M 6 25 330
22 44 22 33 -5 32 0 0.00 0.0 0 5.4 17 90 M M 4 22 80
23 38 31 35 -3 30 0 0.00 0.0 0 30.7 48 80 M M 10 64 110
24 43 26 35 -3 30 0 T 0.1 0 11.5 26 320 M M 7 1 37 340
25 41 25 33 -5 32 0 0.00 0.0 0 10.0 23 310 M M 3 33 300
26 40 19 30 -8 35 0 0.00 0.0 0 9.0 20 330 M M 1 26 330
27 43 17 30 -9 35 0 0.00 0.0 0 4.1 20 330 M M 0 26 330
28 53 21 37 -2 28 0 0.00 0.0 0 9.6 30 280 M M 1 39 240
29 54 23 39 0 26 0 0.00 0.0 0 5.7 18 160 M M 1 24 190
30 54 27 41 2 24 0 0.00 0.0 0 6.1 17 210 M M 0 26 220
31 51 25 38 -1 27 0 0.00 0.0 0 7.5 15 350 M M 1 23 350
================================================================================
SM 1466 851 851 0 0.31 0.1 247.2 M 155
================================================================================
AV 47.3 27.5 8.0 FASTST M M 5 MAX(MPH)
MISC ----> 48 80 64 110
================================================================================
NOTES:
# LAST OF SEVERAL OCCURRENCES
COLUMN 17 PEAK WIND IN M.P.H.
PRELIMINARY LOCAL CLIMATOLOGICAL DATA (WS FORM: F-6) , PAGE 2
STATION: ALBUQUERQUE NM
MONTH: JANUARY
YEAR: 2023
LATITUDE: 35 2 N
LONGITUDE: 106 37 W
[TEMPERATURE DATA] [PRECIPITATION DATA] SYMBOLS USED IN COLUMN 16
AVERAGE MONTHLY: 37.4 TOTAL FOR MONTH: 0.31 1 = FOG OR MIST
DPTR FM NORMAL: 0.0 DPTR FM NORMAL: -0.05 2 = FOG REDUCING VISIBILITY
HIGHEST: 58 ON 10 GRTST 24HR 0.18 ON 1-2 TO 1/4 MILE OR LESS
LOWEST: 17 ON 27 3 = THUNDER
SNOW, ICE PELLETS, HAIL 4 = ICE PELLETS
TOTAL MONTH: 0.1 INCH 5 = HAIL
GRTST 24HR 0.1 ON 24-24 6 = FREEZING RAIN OR DRIZZLE
GRTST DEPTH: 0 7 = DUSTSTORM OR SANDSTORM:
VSBY 1/2 MILE OR LESS
8 = SMOKE OR HAZE
[NO. OF DAYS WITH] [WEATHER - DAYS WITH] 9 = BLOWING SNOW
X = TORNADO
MAX 32 OR BELOW: 0 0.01 INCH OR MORE: 3
MAX 90 OR ABOVE: 0 0.10 INCH OR MORE: 2
MIN 32 OR BELOW: 25 0.50 INCH OR MORE: 0
MIN 0 OR BELOW: 0 1.00 INCH OR MORE: 0
[HDD (BASE 65) ]
TOTAL THIS MO. 851 CLEAR (SCALE 0-3) 9
DPTR FM NORMAL -5 PTCLDY (SCALE 4-7) 14
TOTAL FM JUL 1 2587 CLOUDY (SCALE 8-10) 8
DPTR FM NORMAL 42
[CDD (BASE 65) ]
TOTAL THIS MO. 0
DPTR FM NORMAL 0 [PRESSURE DATA]
TOTAL FM JAN 1 0 HIGHEST SLP 30.55 ON 12
DPTR FM NORMAL 0 LOWEST SLP 29.58 ON 17
[REMARKS]
#FINAL-01-23#