000
CXUS53 KABR 011410
CLMABR
CLIMATE REPORT
NATIONAL WEATHER SERVICE ABERDEEN SD
910 AM CDT SAT JUL 01 2023
...................................
...THE ABERDEEN SD CLIMATE SUMMARY FOR THE MONTH OF JUNE 2023...
CLIMATE NORMAL PERIOD 1991 TO 2020
CLIMATE RECORD PERIOD 1893 TO 2023
WEATHER OBSERVED NORMAL DEPART LAST YEAR`S
VALUE DATE(S) VALUE FROM VALUE DATE(S)
NORMAL
................................................................
TEMPERATURE (F)
RECORD
HIGH 112 06/28/1931
LOW 28 06/07/1901
HIGHEST 102 06/19 79 23 101 06/19
LOWEST 47 06/18 MM MM 42 06/01
AVG. MAXIMUM 87.3 80.2 7.1 83.7
AVG. MINIMUM 60.7 55.1 5.6 57.7
MEAN 74.0 67.6 6.4 70.7
DAYS MAX >= 90 10 3.0 7.0 8
DAYS MAX <= 32 0 0.0 0.0 0
DAYS MIN <= 32 0 0.0 0.0 0
DAYS MIN <= 0 0 0.0 0.0 0
PRECIPITATION (INCHES)
RECORD
MAXIMUM 10.91 1925
MINIMUM 0.07 1929
TOTALS 3.30 3.76 -0.46 0.92
DAYS >= .01 10 11.5 -1.5 7
DAYS >= .10 7 7.2 -0.2 2
DAYS >= .50 2 2.6 -0.6 1
DAYS >= 1.00 1 0.9 0.1 0
SNOWFALL (INCHES)
RECORDS
TOTAL MM 0
SNOW DEPTH MM MM
TOTALS T 0.0 0.0 0.0
SINCE 7/1 74.2 42.7 31.5 MM
SNOWDEPTH AVG. 0 0
DAYS >= TRACE 1 0.0 1.0 0
DAYS >= 1.0 0 0.0 0.0 0
GREATEST
SNOW DEPTH 0 0 MM
DEGREE DAYS
HEATING TOTAL 0 51 -51 25
SINCE 7/1 8761 8223 538 MM
COOLING TOTAL 277 130 147 203
SINCE 1/1 367 162 205 MM
FREEZE DATES
RECORD
EARLIEST MM
LATEST MM
EARLIEST 09/28 09/28
LATEST 05/03 05/22
................................................................
WIND (MPH)
AVERAGE WIND SPEED 8.1
RESULTANT WIND SPEED/DIRECTION 2/090
HIGHEST WIND SPEED/DIRECTION 33/100 DATE 06/01
HIGHEST GUST SPEED/DIRECTION 47/120 DATE 06/01
SKY COVER
POSSIBLE SUNSHINE (PERCENT) MM
AVERAGE SKY COVER 0.22
NUMBER OF DAYS FAIR 24
NUMBER OF DAYS PC 4
NUMBER OF DAYS CLOUDY 2
AVERAGE RH (PERCENT) 62
WEATHER CONDITIONS. NUMBER OF DAYS WITH
THUNDERSTORM 15 MIXED PRECIP 0
HEAVY RAIN 6 RAIN 7
LIGHT RAIN 13 FREEZING RAIN 0
LT FREEZING RAIN 0 HAIL 1
HEAVY SNOW 0 SNOW 0
LIGHT SNOW 0 SLEET 0
FOG 17 FOG W/VIS <= 1/4 MILE 0
HAZE 18
- INDICATES NEGATIVE NUMBERS.
R INDICATES RECORD WAS SET OR TIED.
MM INDICATES DATA IS MISSING.
T INDICATES TRACE AMOUNT.
$$