000
CXUS52 KTAE 010800
CF6ABY
PRELIMINARY LOCAL CLIMATOLOGICAL DATA (WS FORM: F-6)
STATION: ALBANY
MONTH: MAY
YEAR: 2023
LATITUDE: 31 31 N
LONGITUDE: 84 11 W
TEMPERATURE IN F: :PCPN: SNOW: WIND :SUNSHINE: SKY :PK WND
================================================================================
1 2 3 4 5 6A 6B 7 8 9 10 11 12 13 14 15 16 17 18
12Z AVG MX 2MIN
DY MAX MIN AVG DEP HDD CDD WTR SNW DPTH SPD SPD DIR MIN PSBL S-S WX SPD DR
================================================================================
1 78 50 64 -7 1 0 0.00 0.0 0 7.3 23 260 M M 1 32 250
2 81 46 64 -7 1 0 0.00 0.0 M 6.9 23 250 M M 0 29 250
3 79 47 63 -9 2 0 0.00 0.0 M 6.3 23 280 M M 0 31 280
4 79 45 62 -10 3 0 0.00 0.0 M 2.7 10 290 M M 0 15 300
5 79 54 67 -5 0 2 0.00 0.0 M 5.7 13 110 M M 4 17 110
6 83 63 73 0 0 8 0.00 0.0 M 8.8 14 110 M M 5 18 140
7 86 59 73 0 0 8 0.00 0.0 0 4.7 14 180 M M 1 17 180
8 86 65 76 3 0 11 0.00 0.0 0 4.8 15 260 M M 1 19 220
9 90 68 79 5 0 14 0.00 0.0 0 5.0 13 250 M M 3 1 22 280
10 92 63 78 4 0 13 0.00 0.0 0 4.6 18 150 M M 1 23 140
11 87 70 79 5 0 14 0.00 0.0 0 7.6 16 130 M M 4 21 120
12 88 67 78 4 0 13 0.59 0.0 0 5.0 31 180 M M 5 13 38 180
13 88 64 76 1 0 11 T 0.0 0 2.0 9 40 M M 4 12 11 340
14 93 68 81 6 0 16 T 0.0 0 2.0 17 340 M M 3 3 22 330
15 90 69 80 5 0 15 T 0.0 0 7.2 21 60 M M 3 3 23 60
16 86 69 78 2 0 13 0.14 0.0 0 6.1 25 310 M M 5 13 32 300
17 83 65 74 -2 0 9 0.49 0.0 M 5.3 20 320 M M 5 123 24 40
18 86 67 77 1 0 12 0.02 M M 6.5 25 70 M M 4 1 32 70
19 77 64 71 -5 0 6 0.00 M M 7.0 15 60 M M 9 1 19 60
20 86 63 75 -1 0 10 0.00 M M 3.3 9 280 M M 4 14 180
21 87 71 79 2 0 14 0.31 0.0 0 4.9 13 200 M M 6 1 16 250
22 77 69 73 -4 0 8 0.79 0.0 0 7.9 17 70 M M 8 13 21 50
23 75 66 71 -6 0 6 T 0.0 M 10.0 20 60 M M 9 23 60
24 81 65 73 -4 0 8 T 0.0 M 9.0 18 60 M M 6 23 80
25 82 58 70 -8 0 5 0.00 0.0 M 6.5 17 40 M M 0 23 60
26 81 60 71 -7 0 6 T 0.0 M 10.8 24 50 M M 6 30 40
27 79 57 68 -10 0 3 0.00 0.0 M 10.4 22 50 M M 1 27 50
28 82 55 69 -9 0 4 0.00 0.0 M 5.8 14 340 M M 3 23 350
29 86 59 73 -5 0 8 0.00 0.0 M 6.7 20 270 M M 2 26 260
30 84 59 72 -7 0 7 0.00 0.0 0 2.2 9 220 M M 2 12 160
31 87 66 77 -2 0 12 0.01 0.0 0 7.2 22 80 M M 5 138 28 110
================================================================================
SM 2598 1911 7 256 2.35 0.0 190.2 M 110
================================================================================
AV 83.8 61.6 6.1 FASTST M M 4 MAX(MPH)
MISC ----> 31 180 38 180
================================================================================
NOTES:
# LAST OF SEVERAL OCCURRENCES
COLUMN 17 PEAK WIND IN M.P.H.
PRELIMINARY LOCAL CLIMATOLOGICAL DATA (WS FORM: F-6) , PAGE 2
STATION: ALBANY
MONTH: MAY
YEAR: 2023
LATITUDE: 31 31 N
LONGITUDE: 84 11 W
[TEMPERATURE DATA] [PRECIPITATION DATA] SYMBOLS USED IN COLUMN 16
AVERAGE MONTHLY: 72.7 TOTAL FOR MONTH: 2.35 1 = FOG OR MIST
DPTR FM NORMAL: -2.6 DPTR FM NORMAL: -0.06 2 = FOG REDUCING VISIBILITY
HIGHEST: 93 ON 14 GRTST 24HR 0.79 ON 22-22 TO 1/4 MILE OR LESS
LOWEST: 45 ON 4 3 = THUNDER
SNOW, ICE PELLETS, HAIL 4 = ICE PELLETS
TOTAL MONTH: 0.0 INCH 5 = HAIL
GRTST 24HR 0.0 6 = FREEZING RAIN OR DRIZZLE
GRTST DEPTH: 0 7 = DUSTSTORM OR SANDSTORM:
VSBY 1/2 MILE OR LESS
8 = SMOKE OR HAZE
[NO. OF DAYS WITH] [WEATHER - DAYS WITH] 9 = BLOWING SNOW
X = TORNADO
MAX 32 OR BELOW: 0 0.01 INCH OR MORE: 7
MAX 90 OR ABOVE: 4 0.10 INCH OR MORE: 5
MIN 32 OR BELOW: 0 0.50 INCH OR MORE: 2
MIN 0 OR BELOW: 0 1.00 INCH OR MORE: 0
[HDD (BASE 65) ]
TOTAL THIS MO. 7 CLEAR (SCALE 0-3) 15
DPTR FM NORMAL 3 PTCLDY (SCALE 4-7) 14
TOTAL FM JUL 1 1299 CLOUDY (SCALE 8-10) 2
DPTR FM NORMAL -381
[CDD (BASE 65) ]
TOTAL THIS MO. 256
DPTR FM NORMAL -67 [PRESSURE DATA]
TOTAL FM JAN 1 534 HIGHEST SLP 30.21 ON 7
DPTR FM NORMAL 33 LOWEST SLP 29.72 ON 1
[REMARKS]
#FINAL-05-23#