000
CXUS54 KFWD 010849
CLMACT
CLIMATE REPORT
NATIONAL WEATHER SERVICE FORT WORTH TX
249 AM CST FRI DEC 01 2023
...................................
...THE WACO CLIMATE SUMMARY FOR THE MONTH OF NOVEMBER 2023...
CLIMATE NORMAL PERIOD 1991 TO 2020
CLIMATE RECORD PERIOD 1901 TO 2023
WEATHER OBSERVED NORMAL DEPART LAST YEAR`S
VALUE DATE(S) VALUE FROM VALUE DATE(S)
NORMAL
................................................................
TEMPERATURE (F)
RECORD
HIGH 92 11/02/2017
11/07/1988
11/04/1948
LOW 17 11/29/1976
HIGHEST 84 11/07 85 -1 85 11/04
11/06
LOWEST 30 11/02 29 1 25 11/20
AVG. MAXIMUM 67.5 68.8 -1.3 64.4
AVG. MINIMUM 46.6 45.6 1.0 44.8
MEAN 57.1 57.2 -0.1 54.6
DAYS MAX >= 90 0 0.1 -0.1 0
DAYS MAX <= 32 0 0.0 0.0 0
DAYS MAX >= 100 0 0
DAYS MIN <= 32 2 3.6 -1.6 4
DAYS MIN <= 0 0 0.0 0.0 0
DAYS MIN >= 80 0 0
PRECIPITATION (INCHES)
RECORD
MAXIMUM 10.36 1902
MINIMUM 0.00 1903
TOTALS 1.95 2.71 -0.76 5.55
DAILY AVG. 0.07 0.09 -0.02 0.19
DAYS >= .01 7 6.9 0.1 10
DAYS >= .10 4 4.3 -0.3 8
DAYS >= .50 1 1.9 -0.9 4
DAYS >= 1.00 1 0.8 0.2 2
GREATEST
24 HR. TOTAL 1.21 11/09 TO 11/10 2.33
SNOWFALL (INCHES)
RECORDS
TOTAL 6.5 1937
24 HR TOTAL 6.5 11/22/1937 TO 11/22/1937
TOTALS 0.0 0.1 -0.1 T
SINCE 7/1 0.0 0.1 -0.1 MM
SNOWDEPTH AVG. 0 0
DAYS >= TRACE 0 MM
DAYS >= 1.0 0 0.0 0.0 MM
GREATEST
SNOW DEPTH 0 0 MM
24 HR TOTAL MM MM
DEGREE DAYS
HEATING TOTAL 265 268 -3 350
SINCE 7/1 341 335 6 MM
COOLING TOTAL 32 34 -2 46
SINCE 1/1 3286 2862 424 MM
................................................................
WIND (MPH)
AVERAGE WIND SPEED 8.0
HIGHEST WIND SPEED/DIRECTION 30/340 DATE 11/21
HIGHEST GUST SPEED/DIRECTION 45/350 DATE 11/21
SKY COVER
POSSIBLE SUNSHINE (PERCENT) MM
AVERAGE SKY COVER 0.40
NUMBER OF DAYS FAIR 14
NUMBER OF DAYS PC 11
NUMBER OF DAYS CLOUDY 5
AVERAGE RH (PERCENT) 73
WEATHER CONDITIONS. NUMBER OF DAYS WITH
THUNDERSTORM 2 MIXED PRECIP 0
HEAVY RAIN 3 RAIN 5
LIGHT RAIN 7 FREEZING RAIN 0
LT FREEZING RAIN 0 HAIL 0
HEAVY SNOW 0 SNOW 0
LIGHT SNOW 0 SLEET 0
FOG 15 FOG W/VIS <= 1/4 MILE 2
HAZE 2
- INDICATES NEGATIVE NUMBERS.
R INDICATES RECORD WAS SET OR TIED.
MM INDICATES DATA IS MISSING.
T INDICATES TRACE AMOUNT.
$$