000
CXUS54 KFWD 010902
CLMACT
CLIMATE REPORT
NATIONAL WEATHER SERVICE FORT WORTH TX
402 AM CDT FRI SEP 01 2023
...................................
...THE WACO CLIMATE SUMMARY FOR THE MONTH OF AUGUST 2023...
CLIMATE NORMAL PERIOD 1991 TO 2020
CLIMATE RECORD PERIOD 1901 TO 2023
WEATHER OBSERVED NORMAL DEPART LAST YEAR`S
VALUE DATE(S) VALUE FROM VALUE DATE(S)
NORMAL
................................................................
TEMPERATURE (F)
RECORD
HIGH 112 08/11/1969
LOW 53 08/28/1992
HIGHEST 110 08/20 104 6 105 08/03
08/25
08/05
LOWEST 66 08/16 66 0 72 08/25
08/26
AVG. MAXIMUM 104.7 97.1 7.6 98.3
AVG. MINIMUM 77.3 73.9 3.4 76.3
MEAN 91.0 85.5 5.5 87.3
DAYS MAX >= 90 31 28.5 2.5 28
DAYS MAX <= 32 0 0.0 0.0 0
DAYS MAX >= 100 28 16
DAYS MIN <= 32 0 0.0 0.0 0
DAYS MIN <= 0 0 0.0 0.0 0
DAYS MIN >= 80 14 3
PRECIPITATION (INCHES)
RECORD
MAXIMUM 10.33 2008
MINIMUM 0.00 1902
TOTALS 0.34 2.05 -1.71 2.54
DAILY AVG. 0.01 0.07 -0.06 0.08
DAYS >= .01 1 4.9 -3.9 7
DAYS >= .10 1 3.0 -2.0 4
DAYS >= .50 0 1.3 -1.3 3
DAYS >= 1.00 0 0.6 -0.6 0
GREATEST
24 HR. TOTAL 0.34 08/27 TO 08/27 0.82
DEGREE DAYS
HEATING TOTAL 0 0 0 0
SINCE 7/1 0 0 0 MM
COOLING TOTAL 812 635 177 697
SINCE 1/1 2477 2241 236 MM
................................................................
WIND (MPH)
AVERAGE WIND SPEED 9.7
HIGHEST WIND SPEED/DIRECTION 32/300 DATE 08/27
HIGHEST GUST SPEED/DIRECTION 45/290 DATE 08/27
SKY COVER
POSSIBLE SUNSHINE (PERCENT) MM
AVERAGE SKY COVER 0.02
NUMBER OF DAYS FAIR 31
NUMBER OF DAYS PC 0
NUMBER OF DAYS CLOUDY 0
AVERAGE RH (PERCENT) 49
WEATHER CONDITIONS. NUMBER OF DAYS WITH
THUNDERSTORM 1 MIXED PRECIP 0
HEAVY RAIN 1 RAIN 1
LIGHT RAIN 1 FREEZING RAIN 0
LT FREEZING RAIN 0 HAIL 0
HEAVY SNOW 0 SNOW 0
LIGHT SNOW 0 SLEET 0
FOG 0 FOG W/VIS <= 1/4 MILE 0
HAZE 0
- INDICATES NEGATIVE NUMBERS.
R INDICATES RECORD WAS SET OR TIED.
MM INDICATES DATA IS MISSING.
T INDICATES TRACE AMOUNT.
$$