000
CXUS56 KEKA 011230
CF6ACV
PRELIMINARY LOCAL CLIMATOLOGICAL DATA (WS FORM: F-6)
STATION: ARCATA CA
MONTH: AUGUST
YEAR: 2020
LATITUDE: 40 58 N
LONGITUDE: 124 6 W
TEMPERATURE IN F: :PCPN: SNOW: WIND :SUNSHINE: SKY :PK WND
================================================================================
1 2 3 4 5 6A 6B 7 8 9 10 11 12 13 14 15 16 17 18
12Z AVG MX 2MIN
DY MAX MIN AVG DEP HDD CDD WTR SNW DPTH SPD SPD DIR MIN PSBL S-S WX SPD DR
================================================================================
1 65 52 59 2 6 0 0.00 0.0 0 5.8 22 330 M M 6 28 M M
2 66 53 60 3 5 0 0.00 0.0 0 7.2 21 350 M M 5 12 33 290
3 69 51 60 3 5 0 0.00 0.0 M 9.2 21 330 M M 5 18 30 290
4 63 56 60 3 5 0 0.01 0.0 0 5.4 13 340 M M 10 1 22 320
5 62 56 59 2 6 0 0.01 0.0 M 4.7 15 320 M M 10 2 28 250
6 66 53 60 3 5 0 0.00 M M 7.0 21 320 M M 6 2 25 320
7 66 48 57 0 8 0 0.00 M M 6.4 21 330 M M 3 18 27 340
8 65 47 56 -1 9 0 0.00 0.0 0 5.9 16 340 M M 0 18 23 340
9 71 49 60 3 5 0 0.00 M M 4.5 12 180 M M 1 8 16 200
10 63 51 57 0 8 0 0.00 0.0 M 3.6 9 220 M M 3 18 13 230
11 62 49 56 -1 9 0 0.00 0.0 0 3.5 13 240 M M 6 28 15 240
12 61 51 56 -1 9 0 0.00 M M 5.3 13 320 M M 4 1 20 300
13 62 49 56 -1 9 0 0.00 M M 3.9 10 330 M M 4 18 13 330
14 77 49 63 6 2 0 0.00 M M 2.7 7 300 M M 0 8 24 280
15 81 58 70 13 0 5 0.00 0.0 0 4.0 13 220 M M 0 8 16 230
16 71 56 64 7 1 0 0.00 M M 3.1 10 320 M M 3 2 25 280
17 64 56 60 3 5 0 0.00 M M 3.4 12 320 M M 7 28 14 280
18 63 51 57 0 8 0 0.00 M M 4.3 16 330 M M 6 128 21 320
19 62 50 56 -1 9 0 0.00 M M 3.3 10 300 M M 8 128 14 300
20 70 49 60 3 5 0 0.00 M M 3.2 9 330 M M 3 2 26 270
21 74 59 67 10 0 2 0.00 0.0 0 5.4 15 330 M M 6 18 28 10
22 63 53 58 2 7 0 0.00 M M 5.4 12 310 M M 7 28 15 310
23 60 53 57 1 8 0 0.00 M M 3.6 9 310 M M 10 28 12 300
24 61 50 56 0 9 0 T M M 3.5 9 290 M M 7 2 11 320
25 62 51 57 1 8 0 0.00 M M 4.6 13 330 M M 6 12 23 10
26 61 54 58 2 7 0 0.00 M M 5.3 12 160 M M 9 1 14 150
27 59 52 56 0 9 0 0.00 M M 3.7 8 310 M M 6 18 11 310
28 63 49 56 0 9 0 0.00 M M 4.1 10 300 M M 1 18 15 280
29 61 50 56 0 9 0 0.00 M M 4.2 10 320 M M 6 128 14 290
30 72 45 59 3 6 0 0.00 M M 6.0 24 330 M M 0 18 32 310
31 83 47 65 9 0 0 0.00 M M 5.7 23 330 M M 1 8 28 320
================================================================================
SM 2048 1597 191 7 0.02 0.0 147.9 M 149
================================================================================
AV 66.1 51.5 4.8 FASTST M M 5 MAX(MPH)
MISC ----> 24 330 33 290
================================================================================
NOTES:
# LAST OF SEVERAL OCCURRENCES
COLUMN 17 PEAK WIND IN M.P.H.
PRELIMINARY LOCAL CLIMATOLOGICAL DATA (WS FORM: F-6) , PAGE 2
STATION: ARCATA CA
MONTH: AUGUST
YEAR: 2020
LATITUDE: 40 58 N
LONGITUDE: 124 6 W
[TEMPERATURE DATA] [PRECIPITATION DATA] SYMBOLS USED IN COLUMN 16
AVERAGE MONTHLY: 58.8 TOTAL FOR MONTH: 0.02 1 = FOG OR MIST
DPTR FM NORMAL: 2.2 DPTR FM NORMAL: -0.40 2 = FOG REDUCING VISIBILITY
HIGHEST: 83 ON 31 GRTST 24HR 0.01 ON 5- 5 TO 1/4 MILE OR LESS
LOWEST: 45 ON 30 3 = THUNDER
SNOW, ICE PELLETS, HAIL 4 = ICE PELLETS
TOTAL MONTH: 0.0 INCH 5 = HAIL
GRTST 24HR 0.0 6 = FREEZING RAIN OR DRIZZLE
GRTST DEPTH: 0 7 = DUSTSTORM OR SANDSTORM:
VSBY 1/2 MILE OR LESS
8 = SMOKE OR HAZE
[NO. OF DAYS WITH] [WEATHER - DAYS WITH] 9 = BLOWING SNOW
X = TORNADO
MAX 32 OR BELOW: 0 0.01 INCH OR MORE: 2
MAX 90 OR ABOVE: 0 0.10 INCH OR MORE: 0
MIN 32 OR BELOW: 0 0.50 INCH OR MORE: 0
MIN 0 OR BELOW: 0 1.00 INCH OR MORE: 0
[HDD (BASE 65) ]
TOTAL THIS MO. 191 CLEAR (SCALE 0-3) 10
DPTR FM NORMAL -69 PTCLDY (SCALE 4-7) 17
TOTAL FM JUL 1 371 CLOUDY (SCALE 8-10) 4
DPTR FM NORMAL -165
[CDD (BASE 65) ]
TOTAL THIS MO. 7
DPTR FM NORMAL 7 [PRESSURE DATA]
TOTAL FM JAN 1 7 HIGHEST SLP 30.17 ON 3
DPTR FM NORMAL 7 LOWEST SLP 29.82 ON 31
[REMARKS]
#FINAL-08-20#