000
CXUS51 KPHI 012010
CLMACY
CLIMATE REPORT
NATIONAL WEATHER SERVICE MOUNT HOLLY NJ
310 PM EST FRI MAR 01 2024
...................................
...THE ATLANTIC CITY AIRPORT NJ CLIMATE SUMMARY FOR THE MONTH OF FEBRUARY 2024...
CLIMATE NORMAL PERIOD: 1991 TO 2020
CLIMATE RECORD PERIOD: 1943 TO 2024
WEATHER OBSERVED NORMAL DEPART LAST YEAR`S
VALUE DATE(S) VALUE FROM VALUE DATE(S)
NORMAL
................................................................
TEMPERATURE (F)
RECORD
HIGH 76 02/21/2018
LOW -11 02/12/1979
HIGHEST 61 02/10 63 -2 67 02/15
LOWEST 19 02/25 7 12 12 02/04
AVG. MAXIMUM 47.6 45.8 1.8 51.0
AVG. MINIMUM 28.4 26.2 2.2 30.4
MEAN 38.0 36.0 2.0 40.7
DAYS MAX >= 90 0 0.0 0.0 0
DAYS MAX <= 32 0 2.7 -2.7 1
DAYS MIN <= 32 19 21.5 -2.5 19
DAYS MIN <= 0 0 0.2 -0.2 0
PRECIPITATION (INCHES)
RECORD
MAXIMUM 6.86 1958
MINIMUM 0.68 2009
TOTALS 1.73 3.23 -1.50 1.75
DAILY AVG. 0.06 NAN NAN 0.06
DAYS >= .01 9 10.4 -1.4 10
DAYS >= .10 7 6.2 0.8 5
DAYS >= .50 1 2.3 -1.3 0
DAYS >= 1.00 0 0.8 -0.8 0
GREATEST
24 HR. TOTAL 0.69 02/12 TO 02/13 0.75
SNOWFALL (INCHES)
RECORDS
TOTAL MM 2023
24 HR TOTAL 0.2 02/01/2023 TO 02/01/2023
TOTALS 1.4 5.9 -4.5 0.3
SINCE 7/1 7.3 14.9 -7.6 MM
SNOWDEPTH AVG. 0 0
DAYS >= 1.0 1 1.6 -0.6 0
GREATEST
SNOW DEPTH 1 02/17 MM 02/01
02/03
24 HR TOTAL MM 0.2
DEGREE DAYS
HEATING TOTAL 776 812 -36 674
SINCE 7/1 3160 3493 -333 MM
COOLING TOTAL 0 0 0 0
SINCE 1/1 0 0 0 MM
................................................................
WIND (MPH)
AVERAGE WIND SPEED 7.5
HIGHEST WIND SPEED/DIRECTION 38/310 DATE 02/29
HIGHEST GUST SPEED/DIRECTION 54/280 DATE 02/28
SKY COVER
POSSIBLE SUNSHINE (PERCENT) MM
AVERAGE SKY COVER 0.29
NUMBER OF DAYS FAIR 16
NUMBER OF DAYS PC 10
NUMBER OF DAYS CLOUDY 3
AVERAGE RH (PERCENT) 69
WEATHER CONDITIONS. NUMBER OF DAYS WITH
THUNDERSTORM 0 MIXED PRECIP 0
HEAVY RAIN 1 RAIN 6
LIGHT RAIN 9 FREEZING RAIN 0
LT FREEZING RAIN 0 HEAVY SNOW 0
SNOW 1 LIGHT SNOW 3
SLEET 0 FOG 11
FOG W/VIS <= 1/4 MILE 0 HAZE 0
- INDICATES NEGATIVE NUMBERS.
R INDICATES RECORD WAS SET OR TIED.
MM INDICATES DATA IS MISSING.
T INDICATES TRACE AMOUNT.
$$