000
CXUS54 KLCH 010830
CF6AEX
PRELIMINARY LOCAL CLIMATOLOGICAL DATA (WS FORM: F-6)
STATION: ALEXANDRIA
MONTH: SEPTEMBER
YEAR: 2022
LATITUDE: 31 19 N
LONGITUDE: 92 33 W
TEMPERATURE IN F: :PCPN: SNOW: WIND :SUNSHINE: SKY :PK WND
================================================================================
1 2 3 4 5 6A 6B 7 8 9 10 11 12 13 14 15 16 17 18
12Z AVG MX 2MIN
DY MAX MIN AVG DEP HDD CDD WTR SNW DPTH SPD SPD DIR MIN PSBL S-S WX SPD DR
================================================================================
1 95 75 85 4 0 20 T 0.0 M 2.9 14 160 M M 2 17 160
2 95 75 85 4 0 20 0.91 0.0 M 3.2 25 270 M M 3 13 34 260
3 88 75 82 1 0 17 0.57 0.0 M 2.3 15 70 M M 5 13 21 70
4 84 75 80 -1 0 15 0.00 0.0 M 3.2 12 220 M M 4 18 16 200
5 88 75 82 2 0 17 0.00 0.0 M 4.3 10 190 M M 6 18 15 210
6 90 72 81 1 0 16 1.00 0.0 M 3.5 28 150 M M 2 13 37 150
7 90 71 81 1 0 16 0.01 0.0 M 3.2 17 90 M M 1 13 25 90
8 90 69 80 0 0 15 0.00 0.0 M 4.6 13 60 M M 1 1 19 60
9 89 66 78 -2 0 13 0.00 0.0 M 2.9 9 20 M M 0 1 13 20
10 89 71 80 1 0 15 0.24 0.0 M 2.8 21 40 M M 4 8 27 40
11 91 71 81 2 0 16 0.17 0.0 M 4.6 14 10 M M 4 12 20 20
12 86 66 76 -3 0 11 T 0.0 M 5.2 13 10 M M 1 17 30
13 87 59 73 -6 0 8 T 0.0 M 2.1 9 30 M M 0 13 10
14 87 58 73 -5 0 8 0.00 0.0 M 3.0 14 70 M M 0 19 90
15 90 61 76 -2 0 11 0.00 0.0 M 2.5 14 120 M M 0 18 18 130
16 92 63 78 0 0 13 T 0.0 M 2.7 9 80 M M 0 1 14 70
17 92 70 81 3 0 16 0.00 0.0 M 4.5 10 100 M M 1 18 17 90
18 94 69 82 5 0 17 0.00 0.0 M 2.7 9 70 M M 2 18 13 70
19 97 71 84 7 0 19 T 0.0 M 1.6 9 20 M M 0 18 12 130
20 95 71 83 6 0 18 0.00 0.0 M 2.0 13 100 M M 0 1 18 120
21 98 69 84 8 0 19 0.00 0.0 M 1.6 9 100 M M 0 18 13 10
22 99 72 86 10 0 21 0.00 0.0 M 4.3 12 40 M M 0 18 16 50
23 95 69 82 6 0 17 0.00 0.0 M 3.9 9 50 M M 0 13 40
24 98 69 84 8 0 19 0.00 0.0 M 2.0 10 130 M M 0 18 13 250
25 98 71 85 10 0 20 0.00 0.0 M 2.9 12 310 M M 0 18 16 330
26 89 58 74 -1 0 9 0.00 0.0 M 6.5 17 20 M M 0 8 24 20
27 86 53 70 -5 0 5 T 0.0 M 5.1 16 30 M M 0 24 10
28 86 53 70 -4 0 5 0.00 0.0 M 6.6 17 20 M M 0 8 26 50
29 77 52 65 -9 0 0 0.00 0.0 M 7.7 16 360 M M 0 25 20
30 82 46 64 -10 1 0 0.00 0.0 M 5.2 14 50 M M 0 23 60
================================================================================
SM 2717 1995 1 416 2.90 0.0 109.6 M 36
================================================================================
AV 90.6 66.5 3.7 FASTST M M 1 MAX(MPH)
MISC ----> 28 150 37 150
================================================================================
NOTES:
# LAST OF SEVERAL OCCURRENCES
COLUMN 17 PEAK WIND IN M.P.H.
PRELIMINARY LOCAL CLIMATOLOGICAL DATA (WS FORM: F-6) , PAGE 2
STATION: ALEXANDRIA
MONTH: SEPTEMBER
YEAR: 2022
LATITUDE: 31 19 N
LONGITUDE: 92 33 W
[TEMPERATURE DATA] [PRECIPITATION DATA] SYMBOLS USED IN COLUMN 16
AVERAGE MONTHLY: 78.5 TOTAL FOR MONTH: 2.90 1 = FOG OR MIST
DPTR FM NORMAL: 0.7 DPTR FM NORMAL: -0.49 2 = FOG REDUCING VISIBILITY
HIGHEST: 99 ON 22 GRTST 24HR 1.21 ON 2- 3 TO 1/4 MILE OR LESS
LOWEST: 46 ON 30 3 = THUNDER
SNOW, ICE PELLETS, HAIL 4 = ICE PELLETS
TOTAL MONTH: 0.0 INCH 5 = HAIL
GRTST 24HR 0.0 6 = FREEZING RAIN OR DRIZZLE
GRTST DEPTH: 0 7 = DUSTSTORM OR SANDSTORM:
VSBY 1/2 MILE OR LESS
8 = SMOKE OR HAZE
[NO. OF DAYS WITH] [WEATHER - DAYS WITH] 9 = BLOWING SNOW
X = TORNADO
MAX 32 OR BELOW: 0 0.01 INCH OR MORE: 6
MAX 90 OR ABOVE: 17 0.10 INCH OR MORE: 5
MIN 32 OR BELOW: 0 0.50 INCH OR MORE: 3
MIN 0 OR BELOW: 0 1.00 INCH OR MORE: 1
[HDD (BASE 65) ]
TOTAL THIS MO. 1 CLEAR (SCALE 0-3) 25
DPTR FM NORMAL -1 PTCLDY (SCALE 4-7) 5
TOTAL FM JUL 1 1 CLOUDY (SCALE 8-10) 0
DPTR FM NORMAL 1
[CDD (BASE 65) ]
TOTAL THIS MO. 416
DPTR FM NORMAL 30 [PRESSURE DATA]
TOTAL FM JAN 1 2983 HIGHEST SLP M ON M
DPTR FM NORMAL 553 LOWEST SLP 29.74 ON 8
[REMARKS]
#FINAL-09-22#