000
CXUS54 KLCH 081922
CF6AEX
PRELIMINARY LOCAL CLIMATOLOGICAL DATA (WS FORM: F-6)
STATION: ALEXANDRIA
MONTH: AUGUST
YEAR: 2020
LATITUDE: 31 19 N
LONGITUDE: 92 33 W
TEMPERATURE IN F: :PCPN: SNOW: WIND :SUNSHINE: SKY :PK WND
================================================================================
1 2 3 4 5 6A 6B 7 8 9 10 11 12 13 14 15 16 17 18
12Z AVG MX 2MIN
DY MAX MIN AVG DEP HDD CDD WTR SNW DPTH SPD SPD DIR MIN PSBL S-S WX SPD DR
================================================================================
1 87 71 79 -4 0 14 0.07 0.0 0 3.0 10 170 M M 5 13 16 180
2 91 71 81 -2 0 16 0.00 0.0 0 2.3 10 300 M M 3 12 13 310
3 94 68 81 -2 0 16 0.00 0.0 0 3.2 16 280 M M 1 1 24 280
4 93 68 81 -2 0 16 0.00 0.0 0 3.5 12 350 M M 2 1 15 340
5 92 70 81 -2 0 16 T 0.0 0 2.5 16 320 M M 2 13 22 280
6 91 71 81 -2 0 16 0.00 0.0 0 2.9 8 60 M M 1 12 80
7 94 66 80 -3 0 15 0.00 0.0 0 3.3 8 40 M M 0 11 120
8 95 72 84 1 0 19 0.00 0.0 0 3.0 13 100 M M 0 1 18 110
9 95 73 84 1 0 19 0.01 0.0 0 3.1 16 230 M M 1 13 26 200
10 95 74 85 2 0 20 0.00 0.0 0 4.2 9 240 M M 0 1 13 200
11 96 73 85 2 0 20 0.00 0.0 0 4.0 9 200 M M 0 18 15 220
12 94 75 85 2 0 20 0.00 0.0 0 4.9 16 130 M M 1 13 22 120
13 97 75 86 3 0 21 T 0.0 0 5.0 29 30 M M 1 13 40 40
14 95 74 85 2 0 20 T 0.0 0 4.5 14 360 M M 1 21 360
15 99 75 87 4 0 22 0.45 0.0 0 3.5 35 50 M M 2 13 56 30
16 99 72 86 3 0 21 0.00 0.0 0 2.2 13 30 M M 0 1 17 30
17 94 69 82 -1 0 17 0.00 0.0 0 5.6 15 10 M M 0 20 40
18 97 65 81 -2 0 16 0.00 0.0 0 3.2 12 10 M M 0 1 17 20
19 94 67 81 -2 0 16 0.00 0.0 0 3.9 13 360 M M 1 19 360
20 90 64 77 -5 0 12 0.00 0.0 0 3.3 13 330 M M 1 1 19 60
21 94 66 80 -2 0 15 0.00 0.0 0 3.5 20 50 M M 1 1 26 50
22 96 70 83 1 0 18 0.00 0.0 0 3.3 12 350 M M 2 1 17 350
23 96 69 83 1 0 18 0.00 0.0 0 4.0 14 100 M M 1 1 22 70
24 95 70 83 1 0 18 0.00 0.0 0 5.8 15 90 M M 1 8 21 70
25 89 74 82 0 0 17 0.87 0.0 0 6.3 18 40 M M 5 1238 29 50
26 93 76 85 3 0 20 0.28 0.0 0 9.7 32 160 M M M 1 49 150
27 86 73 80 -2 0 15 5.15 0.0 0 21.9 62 150 M M M 1 90 160
28 86 76 81 -1 0 16 0.23 0.0 0 7.2 22 239 M M M 18 29 190
29 95 77 86 4 0 21 0.00 0.0 0 5.8 16 170 M M M 20 170
30 96 77 87 5 0 22 0.03 0.0 0 M 15 310 M M M 20 310
31 94 78 86 5 0 21 T 0.0 0 6.4 14 220 M M M 3 20 180
================================================================================
SM 2902 2219 0 553 7.09 0.0 145.0 M 32
================================================================================
AV 93.6 71.6 4.8 FASTST M M 1 MAX(MPH)
MISC ----> # 62 150 # 90 160
================================================================================
NOTES:
# LAST OF SEVERAL OCCURRENCES
COLUMN 17 PEAK WIND IN M.P.H.
PRELIMINARY LOCAL CLIMATOLOGICAL DATA (WS FORM: F-6) , PAGE 2
STATION: ALEXANDRIA
MONTH: AUGUST
YEAR: 2020
LATITUDE: 31 19 N
LONGITUDE: 92 33 W
[TEMPERATURE DATA] [PRECIPITATION DATA] SYMBOLS USED IN COLUMN 16
AVERAGE MONTHLY: 82.6 TOTAL FOR MONTH: 7.09 1 = FOG OR MIST
DPTR FM NORMAL: 0.1 DPTR FM NORMAL: 3.59 2 = FOG REDUCING VISIBILITY
HIGHEST: 99 ON 16,15 GRTST 24HR 5.15 ON 27-27 TO 1/4 MILE OR LESS
LOWEST: 64 ON 20 3 = THUNDER
SNOW, ICE PELLETS, HAIL 4 = ICE PELLETS
TOTAL MONTH: 0.0 INCH 5 = HAIL
GRTST 24HR 0.0 6 = FREEZING RAIN OR DRIZZLE
GRTST DEPTH: 0 7 = DUSTSTORM OR SANDSTORM:
VSBY 1/2 MILE OR LESS
8 = SMOKE OR HAZE
[NO. OF DAYS WITH] [WEATHER - DAYS WITH] 9 = BLOWING SNOW
X = TORNADO
MAX 32 OR BELOW: 0 0.01 INCH OR MORE: 8
MAX 90 OR ABOVE: 27 0.10 INCH OR MORE: 5
MIN 32 OR BELOW: 0 0.50 INCH OR MORE: 2
MIN 0 OR BELOW: 0 1.00 INCH OR MORE: 1
[HDD (BASE 65) ]
TOTAL THIS MO. 0 CLEAR (SCALE 0-3) 23
DPTR FM NORMAL 0 PTCLDY (SCALE 4-7) 2
TOTAL FM JUL 1 0 CLOUDY (SCALE 8-10) 0
DPTR FM NORMAL 0
[CDD (BASE 65) ]
TOTAL THIS MO. 553
DPTR FM NORMAL 12 [PRESSURE DATA]
TOTAL FM JAN 1 2056 HIGHEST SLP M ON M
DPTR FM NORMAL 69 LOWEST SLP 29.22 ON 27
[REMARKS]
#FINAL-08-20#