000
CXUS52 KCAE 011400
CF6AGS
PRELIMINARY LOCAL CLIMATOLOGICAL DATA (WS FORM: F-6)
STATION: AUGUSTA BUSH FIELD GA
MONTH: APRIL
YEAR: 2023
LATITUDE: 33 22 N
LONGITUDE: 81 58 W
TEMPERATURE IN F: :PCPN: SNOW: WIND :SUNSHINE: SKY :PK WND
================================================================================
1 2 3 4 5 6A 6B 7 8 9 10 11 12 13 14 15 16 17 18
12Z AVG MX 2MIN
DY MAX MIN AVG DEP HDD CDD WTR SNW DPTH SPD SPD DIR MIN PSBL S-S WX SPD DR
================================================================================
1 79 62 71 10 0 6 0.19 0.0 0 10.8 30 300 M M 3 138 39 210
2 77 45 61 0 4 0 0.00 0.0 0 5.5 15 300 M M 0 19 310
3 71 44 58 -4 7 0 0.06 0.0 0 2.6 12 140 M M 5 12 15 140
4 78 55 67 5 0 2 0.00 0.0 0 1.5 7 110 M M 7 12 9 120
5 89 55 72 10 0 7 0.00 0.0 0 4.9 17 210 M M 5 128 22 200
6 85 60 73 11 0 8 0.00 0.0 0 3.9 12 190 M M 3 12 17 220
7 84 49 67 5 0 2 1.65 0.0 0 7.3 22 20 M M 7 1238 27 30
8 49 45 47 -16 18 0 1.13 0.0 0 9.7 21 30 M M 10 1 25 30
9 66 44 55 -8 10 0 0.07 0.0 0 11.1 21 40 M M 7 1 27 40
10 68 40 54 -9 11 0 0.00 0.0 0 7.6 18 30 M M 0 24 30
11 74 35 55 -8 10 0 0.00 0.0 0 2.3 13 40 M M 0 1 16 20
12 78 36 57 -7 8 0 0.00 0.0 M 2.5 9 170 M M 0 18 13 160
13 73 45 59 -5 6 0 0.55 0.0 0 4.0 17 130 M M 5 13 24 140
14 80 54 67 3 0 2 0.05 0.0 0 4.4 28 190 M M 7 12 36 210
15 84 51 68 4 0 3 0.00 0.0 0 4.5 18 270 M M 4 12 24 250
16 81 60 71 6 0 6 0.07 0.0 0 9.1 21 230 M M 5 1 28 250
17 74 51 63 -2 2 0 0.00 0.0 0 11.6 21 290 M M 0 28 330
18 81 41 61 -4 4 0 0.00 0.0 0 4.6 14 300 M M 0 1 18 330
19 86 43 65 0 0 0 0.00 0.0 0 2.5 12 210 M M 0 1 15 220
20 85 47 66 0 0 1 0.00 0.0 0 3.5 14 170 M M 0 128 18 190
21 83 49 66 0 0 1 0.00 0.0 M 4.8 17 170 M M 1 128 22 190
22 80 47 64 -2 1 0 T M M 8.1 22 310 M M 4 30 280
23 78 41 60 -6 5 0 0.00 0.0 0 3.0 15 270 M M 0 19 270
24 71 55 63 -4 2 0 T 0.0 0 4.1 14 30 M M 7 17 30
25 76 52 64 -3 1 0 T 0.0 0 4.0 15 160 M M 7 20 160
26 77 53 65 -2 0 0 0.53 0.0 0 4.1 15 30 M M 5 123 18 30
27 73 58 66 -1 0 1 1.36 0.0 0 5.8 16 120 M M 10 13 20 180
28 79 58 69 1 0 4 T 0.0 0 5.9 16 230 M M 5 12 22 260
29 81 53 67 -1 0 2 0.41 0.0 0 3.7 14 220 M M 4 123 18 230
30 75 58 67 -1 0 2 0.49 0.0 0 11.5 29 280 M M 7 13 36 280
================================================================================
SM 2315 1486 89 47 6.56 0.0 168.9 M 118
================================================================================
AV 77.2 49.5 5.6 FASTST M M 4 MAX(MPH)
MISC ----> 30 300 39 210
================================================================================
NOTES:
# LAST OF SEVERAL OCCURRENCES
COLUMN 17 PEAK WIND IN M.P.H.
PRELIMINARY LOCAL CLIMATOLOGICAL DATA (WS FORM: F-6) , PAGE 2
STATION: AUGUSTA BUSH FIELD GA
MONTH: APRIL
YEAR: 2023
LATITUDE: 33 22 N
LONGITUDE: 81 58 W
[TEMPERATURE DATA] [PRECIPITATION DATA] SYMBOLS USED IN COLUMN 16
AVERAGE MONTHLY: 63.4 TOTAL FOR MONTH: 6.56 1 = FOG OR MIST
DPTR FM NORMAL: -1.2 DPTR FM NORMAL: 3.64 2 = FOG REDUCING VISIBILITY
HIGHEST: 89 ON 5 GRTST 24HR 1.91 ON 7- 8 TO 1/4 MILE OR LESS
LOWEST: 35 ON 11 3 = THUNDER
SNOW, ICE PELLETS, HAIL 4 = ICE PELLETS
TOTAL MONTH: 0.0 INCH 5 = HAIL
GRTST 24HR 0.0 6 = FREEZING RAIN OR DRIZZLE
GRTST DEPTH: 0 7 = DUSTSTORM OR SANDSTORM:
VSBY 1/2 MILE OR LESS
8 = SMOKE OR HAZE
[NO. OF DAYS WITH] [WEATHER - DAYS WITH] 9 = BLOWING SNOW
X = TORNADO
MAX 32 OR BELOW: 0 0.01 INCH OR MORE: 12
MAX 90 OR ABOVE: 0 0.10 INCH OR MORE: 8
MIN 32 OR BELOW: 0 0.50 INCH OR MORE: 5
MIN 0 OR BELOW: 0 1.00 INCH OR MORE: 3
[HDD (BASE 65) ]
TOTAL THIS MO. 89 CLEAR (SCALE 0-3) 12
DPTR FM NORMAL -4 PTCLDY (SCALE 4-7) 16
TOTAL FM JUL 1 1949 CLOUDY (SCALE 8-10) 2
DPTR FM NORMAL -221
[CDD (BASE 65) ]
TOTAL THIS MO. 47
DPTR FM NORMAL -33 [PRESSURE DATA]
TOTAL FM JAN 1 85 HIGHEST SLP 30.42 ON 10
DPTR FM NORMAL -31 LOWEST SLP 29.35 ON 30
[REMARKS]
#FINAL-04-23#