000
CXUS52 KCAE 031424
CLMAGS
CLIMATE REPORT
NATIONAL WEATHER SERVICE COLUMBIA SC
1024 AM EDT MON APR 03 2023
...................................
...THE AUGUSTA BUSH FIELD GA CLIMATE SUMMARY FOR THE MONTH OF MARCH 2023...
CLIMATE NORMAL PERIOD: 1991 TO 2020
CLIMATE RECORD PERIOD: 1873 TO 2023
WEATHER OBSERVED NORMAL DEPART LAST YEAR`S
VALUE DATE(S) VALUE FROM VALUE
NORMAL
..............................................................
TEMPERATURE (F)
RECORD
HIGH 93 03/25/1929
03/23/1907
LOW 12 03/03/1980
HIGHEST 85 03/24 0 85
LOWEST 25 03/15 MM MM
AVG. MAXIMUM 70.5 71.0 -0.5
AVG. MINIMUM 44.4 44.1 0.3
MEAN 57.5 57.5 -0.0
DAYS MAX >= 90 0 0.1 -0.1
DAYS MAX <= 32 0 0.0 0.0
DAYS MIN <= 32 4 5.2 -1.2
DAYS MIN <= 0 0 0.0 0.0
PRECIPITATION (INCHES)
RECORD
MAXIMUM 11.92 1980
MINIMUM 0.69 1910
TOTALS 4.17 4.08 0.09
DAILY AVG. 0.13 0.13 -0.00
DAYS >= .01 8 8.6 -0.6
DAYS >= .10 6 6.1 -0.1
DAYS >= .50 5 2.7 2.3
DAYS >= 1.00 1 1.2 -0.2
GREATEST
24 HR. TOTAL 1.18 03/26 TO 03/27
STORM TOTAL 1.01
(MM/DD(HH))
SNOWFALL (INCHES)
RECORDS
TOTAL MM MM
TOTALS 0.0 0.0 0.0
SINCE 7/1 0.0 0.8 -0.8
DAYS >= TRACE 0 0.0 0.0
DAYS >= 1.0 0 0.0 0.0
GREATEST
SNOW DEPTH 0
DEGREE DAYS
HEATING TOTAL 243 256 -13
SINCE 7/1 1860 2076 -216
COOLING TOTAL 16 26 -10
SINCE 1/1 38 36 2
FREEZE DATES
RECORD
EARLIEST MM
LATEST MM
EARLIEST 10/19
LATEST 04/10
..............................................................
WIND (MPH)
AVERAGE WIND SPEED 6.0
RESULTANT WIND SPEED/DIRECTION 2/260
HIGHEST WIND SPEED/DIRECTION 30/190 DATE 03/03
HIGHEST GUST SPEED/DIRECTION 41/200 DATE 03/03
SKY COVER
POSSIBLE SUNSHINE (PERCENT) MM
AVERAGE SKY COVER 0.31
NUMBER OF DAYS FAIR 19
NUMBER OF DAYS PC 7
NUMBER OF DAYS CLOUDY 5
AVERAGE RH (PERCENT) 65
WEATHER CONDITIONS. NUMBER OF DAYS WITH
THUNDERSTORM 3 MIXED PRECIP 0
HEAVY RAIN 5 RAIN 7
LIGHT RAIN 11 FREEZING RAIN 0
LT FREEZING RAIN 0 HAIL 0
HEAVY SNOW 0 SNOW 0
LIGHT SNOW 0 SLEET 0
FOG 20 FOG W/VIS <= 1/4 MILE 6
HAZE 7
- INDICATES NEGATIVE NUMBERS.
R INDICATES RECORD WAS SET OR TIED.
MM INDICATES DATA IS MISSING.
T INDICATES TRACE AMOUNT.
$$