000
CXUS52 KFFC 011010
CF6AHN
PRELIMINARY LOCAL CLIMATOLOGICAL DATA (WS FORM: F-6)
STATION: ATHENS
MONTH: JUNE
YEAR: 2022
LATITUDE: 33 57 N
LONGITUDE: 83 19 W
TEMPERATURE IN F: :PCPN: SNOW: WIND :SUNSHINE: SKY :PK WND
================================================================================
1 2 3 4 5 6A 6B 7 8 9 10 11 12 13 14 15 16 17 18
12Z AVG MX 2MIN
DY MAX MIN AVG DEP HDD CDD WTR SNW DPTH SPD SPD DIR MIN PSBL S-S WX SPD DR
================================================================================
1 94 67 81 6 0 16 0.00 0.0 M 2.3 9 290 M M 1 15 280
2 95 67 81 6 0 16 0.40 0.0 M 3.4 16 340 M M 1 13 33 270
3 89 67 78 3 0 13 0.00 0.0 M 5.4 17 60 M M 2 3 24 70
4 85 65 75 0 0 10 0.00 0.0 M 9.1 17 60 M M 1 26 40
5 86 63 75 -1 0 10 0.00 0.0 M 7.0 13 60 M M 2 19 110
6 86 61 74 -2 0 9 0.00 0.0 M 4.5 14 80 M M 4 20 80
7 86 66 76 0 0 11 T 0.0 M 2.2 9 280 M M 5 15 190
8 88 70 79 3 0 14 1.32 0.0 M 5.2 20 300 M M 4 13 37 300
9 87 68 78 1 0 13 0.02 0.0 M 6.1 17 330 M M 3 13 27 340
10 85 61 73 -4 0 8 0.00 0.0 M 4.9 15 80 M M 1 21 80
11 90 67 79 2 0 14 0.00 0.0 M 2.4 9 330 M M 3 15 330
12 94 71 83 6 0 18 0.00 0.0 M 2.4 8 300 M M 2 14 260
13 97 72 85 8 0 20 0.00 0.0 M 2.4 12 310 M M 1 17 300
14 97 78 88 10 0 23 0.00 0.0 M 3.4 14 110 M M 1 20 80
15 99 76 88 10 0 23 0.00 0.0 M 5.2 15 70 M M 1 1 21 70
16 100 75 88 10 0 23 0.00 0.0 M 3.5 17 50 M M 2 21 60
17 98 74 86 8 0 21 0.00 0.0 M 5.9 18 330 M M 0 29 330
18 95 71 83 5 0 18 0.00 0.0 M 5.7 14 300 M M 0 24 290
19 90 60 75 -3 0 10 0.00 0.0 M 7.3 18 70 M M 0 25 70
20 93 59 76 -3 0 11 0.00 0.0 M 1.9 10 310 M M 0 16 310
21 99 66 83 4 0 18 0.00 0.0 M 2.6 13 60 M M 0 19 10
22 102 67 85 6 0 20 0.00 0.0 M 4.1 12 300 M M 0 19 280
23 100 74 87 8 0 22 0.00 0.0 M 5.7 14 320 M M 0 20 320
24 93 72 83 4 0 18 0.01 0.0 M 6.9 16 90 M M 4 23 80
25 94 72 83 4 0 18 0.00 0.0 M 3.9 14 90 M M 3 22 100
26 93 70 82 2 0 17 T 0.0 M 2.0 8 60 M M 5 13 310
27 93 72 83 3 0 18 0.20 0.0 M 2.3 18 300 M M 3 138 32 290
28 89 70 80 0 0 15 T 0.0 M 5.0 18 70 M M 4 26 70
29 88 71 80 0 0 15 0.06 0.0 M 3.4 10 100 M M 8 13 15 100
30 91 71 81 1 0 16 0.00 0.0 M 3.6 14 90 M M 5 12 19 100
================================================================================
SM 2776 2063 0 478 2.01 0.0 129.7 M 66
================================================================================
AV 92.5 68.8 4.3 FASTST M M 2 MAX(MPH)
MISC ----> 20 300 37 300
================================================================================
NOTES:
# LAST OF SEVERAL OCCURRENCES
COLUMN 17 PEAK WIND IN M.P.H.
PRELIMINARY LOCAL CLIMATOLOGICAL DATA (WS FORM: F-6) , PAGE 2
STATION: ATHENS
MONTH: JUNE
YEAR: 2022
LATITUDE: 33 57 N
LONGITUDE: 83 19 W
[TEMPERATURE DATA] [PRECIPITATION DATA] SYMBOLS USED IN COLUMN 16
AVERAGE MONTHLY: 80.7 TOTAL FOR MONTH: 2.01 1 = FOG OR MIST
DPTR FM NORMAL: 3.0 DPTR FM NORMAL: -2.87 2 = FOG REDUCING VISIBILITY
HIGHEST: 102 ON 22 GRTST 24HR 1.32 ON 8- 8 TO 1/4 MILE OR LESS
LOWEST: 59 ON 20 3 = THUNDER
SNOW, ICE PELLETS, HAIL 4 = ICE PELLETS
TOTAL MONTH: 0.0 INCH 5 = HAIL
GRTST 24HR 0.0 6 = FREEZING RAIN OR DRIZZLE
GRTST DEPTH: M ON M 7 = DUSTSTORM OR SANDSTORM:
VSBY 1/2 MILE OR LESS
8 = SMOKE OR HAZE
[NO. OF DAYS WITH] [WEATHER - DAYS WITH] 9 = BLOWING SNOW
X = TORNADO
MAX 32 OR BELOW: 0 0.01 INCH OR MORE: 6
MAX 90 OR ABOVE: 20 0.10 INCH OR MORE: 3
MIN 32 OR BELOW: 0 0.50 INCH OR MORE: 1
MIN 0 OR BELOW: 0 1.00 INCH OR MORE: 1
[HDD (BASE 65) ]
TOTAL THIS MO. 0 CLEAR (SCALE 0-3) 20
DPTR FM NORMAL -1 PTCLDY (SCALE 4-7) 10
TOTAL FM JUL 1 2141 CLOUDY (SCALE 8-10) 0
DPTR FM NORMAL -528
[CDD (BASE 65) ]
TOTAL THIS MO. 478
DPTR FM NORMAL 96 [PRESSURE DATA]
TOTAL FM JAN 1 811 HIGHEST SLP 30.26 ON 20
DPTR FM NORMAL 166 LOWEST SLP 29.78 ON 23
[REMARKS]
#FINAL-06-22#