000
CXAK56 PAFC 010957
CF6AKN
PRELIMINARY LOCAL CLIMATOLOGICAL DATA (WS FORM: F-6)
STATION: KING SALMON
MONTH: AUGUST
YEAR: 2022
LATITUDE: 58 41 N
LONGITUDE: 156 39 W
TEMPERATURE IN F: :PCPN: SNOW: WIND :SUNSHINE: SKY :PK WND
================================================================================
1 2 3 4 5 6A 6B 7 8 9 10 11 12 13 14 15 16 17 18
12Z AVG MX 2MIN
DY MAX MIN AVG DEP HDD CDD WTR SNW DPTH SPD SPD DIR MIN PSBL S-S WX SPD DR
================================================================================
1 59 50 55 -2 10 0 0.07 M M 14.3 24 240 M M 10 1 29 230
2 65 51 58 1 7 0 0.02 M M 11.3 20 260 M M 9 1 24 260
3 65 50 58 1 7 0 0.03 M M 4.5 10 220 M M 8 1 13 220
4 56 50 53 -4 12 0 0.10 M M 8.7 15 190 M M 10 1 19 220
5 56 49 53 -4 12 0 0.09 M M 12.7 22 240 M M 10 1 28 240
6 63 47 55 -1 10 0 0.06 M M 10.9 17 330 M M 8 1 22 330
7 53 44 49 -7 16 0 0.12 M M 13.3 23 220 M M 8 1 33 210
8 51 48 50 -6 15 0 0.45 M M 12.6 18 200 M M 10 1 24 210
9 57 46 52 -4 13 0 0.04 M M 7.8 16 20 M M 8 1 22 20
10 62 49 56 0 9 0 0.07 M M 8.6 20 70 M M 10 1 26 80
11 71 53 62 6 3 0 0.05 M M 5.4 12 90 M M 9 18 15 110
12 66 46 56 0 9 0 0.17 M M 6.2 13 180 M M 8 1 16 180
13 59 50 55 -1 10 0 0.00 M M 9.2 14 150 M M 9 1 17 160
14 56 50 53 -3 12 0 0.52 M M 8.9 16 180 M M 10 1 21 140
15 66 48 57 1 8 0 0.02 M M 4.9 14 310 M M 9 18 310
16 55 49 52 -4 13 0 0.13 M M 7.4 15 260 M M 9 18 18 240
17 57 48 53 -3 12 0 0.33 M M 11.1 22 210 M M 9 1 28 230
18 63 41 52 -4 13 0 0.00 M M 5.3 14 190 M M 8 1 18 190
19 60 53 57 1 8 0 0.48 M M 6.7 13 100 M M 10 1 18 100
20 66 49 58 2 7 0 T M M 9.5 28 180 M M 9 34 160
21 62 50 56 1 9 0 0.07 M M 6.5 16 90 M M 10 1 21 80
22 63 51 57 2 8 0 0.13 M M 10.0 16 60 M M 8 1 22 30
23 63 49 56 1 9 0 0.04 M M 6.0 13 160 M M 8 1 16 120
24 69 44 57 2 8 0 T M M 4.4 13 260 M M 5 16 120
25 64 45 55 0 10 0 0.08 M M 13.9 29 160 M M 8 1 36 160
26 54 49 52 -3 13 0 0.09 M M 12.0 21 220 M M 10 1 26 220
27 54 48 51 -3 14 0 0.06 M M 6.0 13 190 M M 10 1 18 200
28 66 41 54 0 11 0 0.10 M M 7.0 18 330 M M 8 1 23 330
29 64 48 56 2 9 0 T M M 8.6 20 340 M M 7 25 330
30 54 41 48 -6 17 0 0.09 M M 11.0 28 170 M M 7 128 37 160
31 55 51 53 -1 12 0 0.30 M M 11.9 26 170 M M 10 1 33 180
================================================================================
SM 1874 1488 326 0 3.71 M 276.6 M 272
================================================================================
AV 60.5 48.0 8.9 FASTST M M 9 MAX(MPH)
MISC ----> 29 160 37 160
================================================================================
NOTES:
# LAST OF SEVERAL OCCURRENCES
COLUMN 17 PEAK WIND IN M.P.H.
PRELIMINARY LOCAL CLIMATOLOGICAL DATA (WS FORM: F-6) , PAGE 2
STATION: KING SALMON
MONTH: AUGUST
YEAR: 2022
LATITUDE: 58 41 N
LONGITUDE: 156 39 W
[TEMPERATURE DATA] [PRECIPITATION DATA] SYMBOLS USED IN COLUMN 16
AVERAGE MONTHLY: 54.2 TOTAL FOR MONTH: 3.71 1 = FOG OR MIST
DPTR FM NORMAL: -1.5 DPTR FM NORMAL: 0.45 2 = FOG REDUCING VISIBILITY
HIGHEST: 71 ON 11 GRTST 24HR 0.52 ON 14-14 TO 1/4 MILE OR LESS
LOWEST: 41 ON 30,28 3 = THUNDER
SNOW, ICE PELLETS, HAIL 4 = ICE PELLETS
TOTAL MONTH: M 5 = HAIL
GRTST 24HR M ON M 6 = FREEZING RAIN OR DRIZZLE
GRTST DEPTH: M ON M 7 = DUSTSTORM OR SANDSTORM:
VSBY 1/2 MILE OR LESS
8 = SMOKE OR HAZE
[NO. OF DAYS WITH] [WEATHER - DAYS WITH] 9 = BLOWING SNOW
X = TORNADO
MAX 32 OR BELOW: 0 0.01 INCH OR MORE: 26
MAX 90 OR ABOVE: 0 0.10 INCH OR MORE: 11
MIN 32 OR BELOW: 0 0.50 INCH OR MORE: 1
MIN 0 OR BELOW: 0 1.00 INCH OR MORE: 0
[HDD (BASE 65) ]
TOTAL THIS MO. 326 CLEAR (SCALE 0-3) 0
DPTR FM NORMAL 35 PTCLDY (SCALE 4-7) 9
TOTAL FM JUL 1 560 CLOUDY (SCALE 8-10) 22
DPTR FM NORMAL 12
[CDD (BASE 65) ]
TOTAL THIS MO. 0
DPTR FM NORMAL -1 [PRESSURE DATA]
TOTAL FM JAN 1 0 HIGHEST SLP M ON M
DPTR FM NORMAL -3 LOWEST SLP 29.34 ON 17
[REMARKS]
#FINAL-08-22#