000
CXUS55 KBOU 010813
CF6AKO
PRELIMINARY LOCAL CLIMATOLOGICAL DATA (WS FORM: F-6)
STATION: AKRON CO
MONTH: APRIL
YEAR: 2020
LATITUDE: 40 10 N
LONGITUDE: 103 13 W
TEMPERATURE IN F: :PCPN: SNOW: WIND :SUNSHINE: SKY :PK WND
================================================================================
1 2 3 4 5 6A 6B 7 8 9 10 11 12 13 14 15 16 17 18
12Z AVG MX 2MIN
DY MAX MIN AVG DEP HDD CDD WTR SNW DPTH SPD SPD DIR MIN PSBL S-S WX SPD DR
================================================================================
1 69 31 50 7 15 0 0.00 M M 11.3 30 30 M M 1 1 39 20
2 32 14 23 -20 42 0 T M M 18.2 25 10 M M 10 16 34 40
3 43 11 27 -16 38 0 0.00 M M 9.9 18 330 M M 6 24 120
4 59 23 41 -3 24 0 0.00 M M 16.0 23 190 M M 1 8 33 190
5 70 25 48 4 17 0 0.00 M M 9.4 20 160 M M 0 27 140
6 76 35 56 12 9 0 0.00 M M 7.4 18 310 M M 0 26 320
7 75 40 58 14 7 0 0.00 M M 9.0 17 290 M M 0 27 270
8 69 35 52 7 13 0 0.00 M M 12.9 26 340 M M 0 35 340
9 57 27 42 -3 23 0 0.00 M M 8.0 22 140 M M 3 32 140
10 74 32 53 8 12 0 T M M 10.8 32 330 M M 2 40 330
11 73 31 52 7 13 0 0.00 M M 13.3 35 30 M M 2 44 30
12 31 20 26 -20 39 0 T M M 16.2 33 20 M M 10 168 44 20
13 26 14 20 -26 45 0 0.02 M M 6.0 14 50 M M 10 18 17 40
14 45 15 30 -16 35 0 T M M 14.2 26 300 M M 5 18 37 280
15 51 27 39 -8 26 0 T M M 16.3 26 350 M M 6 1 39 290
16 31 20 26 -21 39 0 0.03 M M 14.8 29 30 M M 10 1 36 30
17 51 13 32 -15 33 0 0.00 M M 9.9 17 210 M M 2 12 26 210
18 63 28 46 -2 19 0 0.00 M M 10.2 25 310 M M 3 18 32 300
19 63 32 48 0 17 0 T M M 10.0 25 350 M M 1 35 330
20 66 31 49 1 16 0 0.00 M M 10.0 22 340 M M 2 30 340
21 69 40 55 6 10 0 0.14 M M 11.4 23 160 M M 1 3 33 160
22 71 40 56 7 9 0 0.00 M M 12.3 31 350 M M 3 42 350
23 69 41 55 6 10 0 0.01 M M 16.6 32 300 M M 4 56 330
24 58 36 47 -3 18 0 0.06 M M 14.0 32 350 M M 7 1 39 350
25 61 35 48 -2 17 0 0.01 M M 10.4 23 10 M M 4 32 360
26 77 42 60 10 5 0 T M M 11.0 30 300 M M 3 45 290
27 80 41 61 10 4 0 0.00 M M 10.9 24 340 M M 0 35 290
28 70 37 54 3 11 0 0.00 M M 17.5 36 360 M M 2 45 10
29 72 33 53 1 12 0 0.00 M M 10.4 22 320 M M 0 30 320
30 87 48 68 16 0 3 0.00 0.0 0 10.6 31 210 M M 0 42 210
================================================================================
SM 1838 897 578 3 0.27 0.0 358.9 M 98
================================================================================
AV 61.3 29.9 12.0 FASTST M M 3 MAX(MPH)
MISC ----> # 36 360 # 56 330
================================================================================
NOTES:
# LAST OF SEVERAL OCCURRENCES
COLUMN 17 PEAK WIND IN M.P.H.
PRELIMINARY LOCAL CLIMATOLOGICAL DATA (WS FORM: F-6) , PAGE 2
STATION: AKRON CO
MONTH: APRIL
YEAR: 2020
LATITUDE: 40 10 N
LONGITUDE: 103 13 W
[TEMPERATURE DATA] [PRECIPITATION DATA] SYMBOLS USED IN COLUMN 16
AVERAGE MONTHLY: 45.6 TOTAL FOR MONTH: 0.27 1 = FOG OR MIST
DPTR FM NORMAL: -1.4 DPTR FM NORMAL: -1.38 2 = FOG REDUCING VISIBILITY
HIGHEST: 87 ON 30 GRTST 24HR 0.14 ON 21-21 TO 1/4 MILE OR LESS
LOWEST: 11 ON 3 3 = THUNDER
SNOW, ICE PELLETS, HAIL 4 = ICE PELLETS
TOTAL MONTH: 0.0 INCH 5 = HAIL
GRTST 24HR 0.0 6 = FREEZING RAIN OR DRIZZLE
GRTST DEPTH: 0 7 = DUSTSTORM OR SANDSTORM:
VSBY 1/2 MILE OR LESS
8 = SMOKE OR HAZE
[NO. OF DAYS WITH] [WEATHER - DAYS WITH] 9 = BLOWING SNOW
X = TORNADO
MAX 32 OR BELOW: 4 0.01 INCH OR MORE: 6
MAX 90 OR ABOVE: 0 0.10 INCH OR MORE: 1
MIN 32 OR BELOW: 17 0.50 INCH OR MORE: 0
MIN 0 OR BELOW: 0 1.00 INCH OR MORE: 0
[HDD (BASE 65) ]
TOTAL THIS MO. 578 CLEAR (SCALE 0-3) 20
DPTR FM NORMAL 36 PTCLDY (SCALE 4-7) 6
TOTAL FM JUL 1 5852 CLOUDY (SCALE 8-10) 4
DPTR FM NORMAL -141
[CDD (BASE 65) ]
TOTAL THIS MO. 3
DPTR FM NORMAL 1 [PRESSURE DATA]
TOTAL FM JAN 1 3 HIGHEST SLP M ON M
DPTR FM NORMAL 1 LOWEST SLP 29.37 ON 11
[REMARKS]
#FINAL-04-20#