000
CXUS55 KPUB 011549 RRA
CF6ALS
PRELIMINARY LOCAL CLIMATOLOGICAL DATA (WS FORM: F-6)
STATION: ALAMOSA CO
MONTH: NOVEMBER
YEAR: 2022
LATITUDE: 37 27 N
LONGITUDE: 105 52 W
TEMPERATURE IN F: :PCPN: SNOW: WIND :SUNSHINE: SKY :PK WND
================================================================================
1 2 3 4 5 6A 6B 7 8 9 10 11 12 13 14 15 16 17 18
12Z AVG MX 2MIN
DY MAX MIN AVG DEP HDD CDD WTR SNW DPTH SPD SPD DIR MIN PSBL S-S WX SPD DR
================================================================================
1 63 14 39 2 26 0 0.00 0.0 0 6.6 21 200 M M 0 18 28 190
2 61 21 41 4 24 0 0.00 0.0 0 9.9 28 230 M M 0 35 230
3 49 29 39 3 26 0 0.03 0.0 0 16.2 29 260 M M 5 38 260
4 44 15 30 -6 35 0 0.00 0.0 0 11.5 24 330 M M 3 35 330
5 49 10 30 -5 35 0 0.00 0.0 0 4.7 12 140 M M 0 15 170
6 61 16 39 4 26 0 0.00 0.0 0 6.4 24 210 M M 2 33 210
7 62 27 45 11 20 0 0.00 0.0 0 10.4 24 210 M M 0 32 170
8 64 23 44 10 21 0 0.00 0.0 0 13.7 28 210 M M 0 38 230
9 61 31 46 12 19 0 0.00 0.0 0 22.7 47 210 M M 1 8 64 210
10 44 15 30 -3 35 0 0.00 0.0 0 6.7 18 210 M M 1 23 250
11 39 8 24 -9 41 0 0.00 0.0 0 4.0 10 310 M M 3 16 260
12 41 0 21 -11 44 0 0.00 0.0 0 2.0 8 230 M M 0 13 260
13 51 1 26 -6 39 0 0.15 1.5 0 6.6 29 100 M M 3 1 38 120
14 33 13 23 -8 42 0 0.03 0.8 2 5.2 28 90 M M 9 12 39 90
15 33 4 19 -12 46 0 0.00 0.0 2 3.7 13 360 M M 5 17 340
16 33 -2 16 -14 49 0 0.00 0.0 1 1.9 9 160 M M 0 12 330
17 37 -4 17 -13 48 0 0.00 0.0 T 3.5 12 160 M M 0 14 150
18 35 6 21 -8 44 0 0.00 0.0 T 3.3 14 150 M M 2 18 160
19 37 -1 18 -11 47 0 0.00 0.0 T 2.8 8 270 M M 3 12 9 260
20 40 -3 19 -9 46 0 0.00 0.0 0 1.8 8 260 M M 0 9 250
21 47 -2 23 -5 42 0 0.00 0.0 0 2.3 7 350 M M 0 10 320
22 46 0 23 -4 42 0 0.00 0.0 0 2.4 9 40 M M 0 11 40
23 44 1 23 -4 42 0 0.00 0.0 0 5.0 22 350 M M 2 29 330
24 40 10 25 -1 40 0 0.00 0.0 0 7.9 23 40 M M 5 32 10
25 48 0 24 -2 41 0 0.00 0.0 0 3.6 10 300 M M 0 13 340
26 50 4 27 2 38 0 0.00 0.0 0 5.3 22 110 M M 1 35 110
27 41 15 28 3 37 0 0.11 1.8 T 4.4 17 100 M M 5 1 25 90
28 50 10 30 6 35 0 0.00 0.0 T 10.9 26 210 M M 0 37 210
29 32 0 16 -8 49 0 0.02 0.5 0 10.6 28 310 M M 3 1 36 320
30 36 -2 17 -6 48 0 0.00 0.0 0 2.9 9 360 M M 0 11 360
================================================================================
SM 1371 259 1127 0 0.34 4.6 198.9 M 53
================================================================================
AV 45.7 8.6 6.6 FASTST M M 2 MAX(MPH)
MISC ----> 47 210 64 210
================================================================================
NOTES:
COLUMN 7; USED BACKUP COOP (05-0128) TO SUPPLEMENT PRECIPITATION TOTALS FOR 13TH
AND 14TH. AWPAG TOTAL WAS GREATLY INFLATED FROM COOP REPORTS AND SURROUNDING
COCORAHS REPORTS.
COLUMN 17 PEAK WIND IN M.P.H.
PRELIMINARY LOCAL CLIMATOLOGICAL DATA (WS FORM: F-6) , PAGE 2
STATION: ALAMOSA CO
MONTH: NOVEMBER
YEAR: 2022
LATITUDE: 37 27 N
LONGITUDE: 105 52 W
[TEMPERATURE DATA] [PRECIPITATION DATA] SYMBOLS USED IN COLUMN 16
AVERAGE MONTHLY: 27.2 TOTAL FOR MONTH: 0.34 1 = FOG OR MIST
DPTR FM NORMAL: -3.1 DPTR FM NORMAL: -0.03 2 = FOG REDUCING VISIBILITY
HIGHEST: 64 ON 8 GRTST 24HR 0.18 ON 13-14 TO 1/4 MILE OR LESS
LOWEST: -4 ON 17 3 = THUNDER
SNOW, ICE PELLETS, HAIL 4 = ICE PELLETS
TOTAL MONTH: 4.6 INCHES 5 = HAIL
GRTST 24HR 2.3 ON 13-14 6 = FREEZING RAIN OR DRIZZLE
GRTST DEPTH: 2 ON 13-15 7 = DUSTSTORM OR SANDSTORM:
VSBY 1/2 MILE OR LESS
8 = SMOKE OR HAZE
[NO. OF DAYS WITH] [WEATHER - DAYS WITH] 9 = BLOWING SNOW
X = TORNADO
MAX 32 OR BELOW: 1 0.01 INCH OR MORE: 5
MAX 90 OR ABOVE: 0 0.10 INCH OR MORE: 2
MIN 32 OR BELOW: 30 0.50 INCH OR MORE: 0
MIN 0 OR BELOW: 10 1.00 INCH OR MORE: 0
[HDD (BASE 65) ]
TOTAL THIS MO. 1127 CLEAR (SCALE 0-3) 25
DPTR FM NORMAL 86 PTCLDY (SCALE 4-7) 4
TOTAL FM JUL 1 2006 CLOUDY (SCALE 8-10) 1
DPTR FM NORMAL -73
[CDD (BASE 65) ]
TOTAL THIS MO. 0
DPTR FM NORMAL 0 [PRESSURE DATA]
TOTAL FM JAN 1 134 HIGHEST SLP 30.68 ON 25
DPTR FM NORMAL 63 LOWEST SLP 29.44 ON 29
[REMARKS]
#FINAL-11-22#