000
CXUS55 KPUB 011911
CF6ALS
PRELIMINARY LOCAL CLIMATOLOGICAL DATA (WS FORM: F-6)
STATION: ALAMOSA CO
MONTH: JULY
YEAR: 2020
LATITUDE: 37 27 N
LONGITUDE: 105 52 W
TEMPERATURE IN F: :PCPN: SNOW: WIND :SUNSHINE: SKY :PK WND
================================================================================
1 2 3 4 5 6A 6B 7 8 9 10 11 12 13 14 15 16 17 18
12Z AVG MX 2MIN
DY MAX MIN AVG DEP HDD CDD WTR SNW DPTH SPD SPD DIR MIN PSBL S-S WX SPD DR
================================================================================
1 83 28 56 -7 9 0 0.00 0.0 0 9.1 24 200 M M 0 34 200
2 86 38 62 -2 3 0 0.00 0.0 0 6.6 29 140 M M 0 8 37 140
3 86 48 67 3 0 2 0.00 0.0 0 8.2 32 180 M M 3 41 180
4 84 48 66 2 0 1 T 0.0 0 7.1 32 300 M M 4 3 40 300
5 86 40 63 -1 2 0 0.02 0.0 0 8.3 29 100 M M 2 13 40 110
6 88 41 65 1 0 0 0.00 0.0 0 7.2 28 260 M M 0 33 250
7 87 48 68 4 0 3 0.09 0.0 0 7.7 24 250 M M 2 39 230
8 88 35 62 -2 3 0 0.00 0.0 0 7.3 22 240 M M 0 33 230
9 90 39 65 1 0 0 0.00 0.0 0 7.8 22 240 M M 0 30 230
10 92 37 65 0 0 0 0.00 0.0 0 5.0 15 210 M M 0 20 210
11 93 42 68 3 0 3 0.00 0.0 0 5.8 20 100 M M 0 28 90
12 92 44 68 3 0 3 0.00 0.0 0 6.5 33 320 M M 0 8 48 320
13 83 50 67 2 0 2 0.14 0.0 0 8.1 38 330 M M 2 38 54 330
14 87 52 70 5 0 5 T 0.0 0 7.2 32 350 M M 2 3 43 350
15 86 48 67 2 0 2 0.01 0.0 0 8.1 35 320 M M 4 38 48 310
16 83 51 67 2 0 2 0.07 0.0 0 4.6 30 190 M M 4 3 40 190
17 82 49 66 1 0 1 0.03 0.0 0 6.9 29 290 M M 6 1 37 310
18 83 50 67 2 0 2 0.22 0.0 0 5.9 33 260 M M 2 43 290
19 86 49 68 3 0 3 0.00 0.0 0 6.8 26 310 M M 3 35 290
20 86 45 66 1 0 1 0.00 0.0 0 7.6 24 240 M M 0 31 250
21 87 47 67 2 0 2 T 0.0 0 7.7 28 260 M M 0 33 260
22 84 51 68 3 0 3 0.01 0.0 0 6.3 20 70 M M 3 3 28 130
23 79 50 65 0 0 0 0.00 0.0 0 6.4 20 210 M M 3 12 26 220
24 80 55 68 3 0 3 0.17 0.0 0 8.7 25 190 M M 7 13 36 190
25 78 53 66 1 0 1 0.20 0.0 0 4.6 18 260 M M 8 123 25 230
26 79 56 68 3 0 3 0.36 0.0 0 4.6 18 310 M M 8 13 23 310
27 71 55 63 -2 2 0 0.26 0.0 0 5.2 20 280 M M 9 13 24 280
28 78 53 66 1 0 1 0.00 0.0 0 2.8 15 250 M M 5 13 20 230
29 83 47 65 0 0 0 T 0.0 0 6.2 36 270 M M 1 3 47 260
30 87 48 68 3 0 3 0.00 0.0 0 9.2 24 310 M M 0 35 310
31 88 44 66 2 0 1 T 0.0 0 6.3 29 360 M M 0 40 360
================================================================================
SM 2625 1441 19 47 1.58 0.0 209.8 M 78
================================================================================
AV 84.7 46.5 6.8 FASTST M M 3 MAX(MPH)
MISC ----> 38 330 54 330
================================================================================
NOTES:
COLUMN 17 PEAK WIND IN M.P.H.
PRELIMINARY LOCAL CLIMATOLOGICAL DATA (WS FORM: F-6) , PAGE 2
STATION: ALAMOSA CO
MONTH: JULY
YEAR: 2020
LATITUDE: 37 27 N
LONGITUDE: 105 52 W
[TEMPERATURE DATA] [PRECIPITATION DATA] SYMBOLS USED IN COLUMN 16
AVERAGE MONTHLY: 65.6 TOTAL FOR MONTH: 1.58 1 = FOG OR MIST
DPTR FM NORMAL: 1.0 DPTR FM NORMAL: 0.61 2 = FOG REDUCING VISIBILITY
HIGHEST: 93 ON 11 GRTST 24HR 0.42 ON 26-27 TO 1/4 MILE OR LESS
LOWEST: 28 ON 1 3 = THUNDER
SNOW, ICE PELLETS, HAIL 4 = ICE PELLETS
TOTAL MONTH: 0.0 INCH 5 = HAIL
GRTST 24HR 0.0 6 = FREEZING RAIN OR DRIZZLE
GRTST DEPTH: 0 7 = DUSTSTORM OR SANDSTORM:
VSBY 1/2 MILE OR LESS
8 = SMOKE OR HAZE
[NO. OF DAYS WITH] [WEATHER - DAYS WITH] 9 = BLOWING SNOW
X = TORNADO
MAX 32 OR BELOW: 0 0.01 INCH OR MORE: 12
MAX 90 OR ABOVE: 4 0.10 INCH OR MORE: 6
MIN 32 OR BELOW: 1 0.50 INCH OR MORE: 0
MIN 0 OR BELOW: 0 1.00 INCH OR MORE: 0
[HDD (BASE 65) ]
TOTAL THIS MO. 19 CLEAR (SCALE 0-3) 22
DPTR FM NORMAL -26 PTCLDY (SCALE 4-7) 6
TOTAL FM JUL 1 19 CLOUDY (SCALE 8-10) 3
DPTR FM NORMAL -21
[CDD (BASE 65) ]
TOTAL THIS MO. 47
DPTR FM NORMAL 15 [PRESSURE DATA]
TOTAL FM JAN 1 52 HIGHEST SLP 30.21 ON 17
DPTR FM NORMAL 14 LOWEST SLP 29.79 ON 7
[REMARKS]
#FINAL-07-20#