000
CXUS56 KPDT 011810
CF6ALW
PRELIMINARY LOCAL CLIMATOLOGICAL DATA (WS FORM: F-6)
STATION: WALLA WALLA WA
MONTH: JULY
YEAR: 2022
LATITUDE: 46 5 N
LONGITUDE: 118 17 W
TEMPERATURE IN F: :PCPN: SNOW: WIND :SUNSHINE: SKY :PK WND
================================================================================
1 2 3 4 5 6A 6B 7 8 9 10 11 12 13 14 15 16 17 18
12Z AVG MX 2MIN
DY MAX MIN AVG DEP HDD CDD WTR SNW DPTH SPD SPD DIR MIN PSBL S-S WX SPD DR
================================================================================
1 86 60 73 1 0 8 0.00 M M 5.7 13 260 M M 0 19 250
2 88 62 75 3 0 10 0.07 M M 8.2 33 190 M M 2 3 42 200
3 79 58 69 -4 0 4 0.05 M M 9.4 21 190 M M 3 3 26 200
4 77 58 68 -5 0 3 0.12 M M 7.2 14 210 M M 3 19 180
5 85 55 70 -3 0 5 T M M 5.0 13 250 M M 2 16 250
6 83 63 73 -1 0 8 0.00 M M 7.7 17 190 M M 2 21 190
7 81 64 73 -1 0 8 0.00 M M 6.3 16 190 M M 6 20 190
8 85 63 74 0 0 9 0.00 M M 8.0 14 190 M M 1 17 150
9 86 63 75 0 0 10 0.00 M M 9.1 20 240 M M 0 25 260
10 84 62 73 -2 0 8 0.00 M M 9.3 18 220 M M 0 22 220
11 92 58 75 -1 0 10 0.00 M M 6.1 16 30 M M 0 27 40
12 98 60 79 3 0 14 T M M 5.9 15 180 M M 0 21 180
13 92 63 78 2 0 13 0.00 M M 9.1 20 210 M M 0 23 210
14 92 59 76 0 0 11 0.00 M M 6.9 12 170 M M 0 17 220
15 92 67 80 3 0 15 0.00 M M 10.1 20 200 M M 0 28 200
16 90 65 78 1 0 13 0.00 M M 8.5 17 210 M M 0 23 210
17 85 62 74 -3 0 9 0.00 M M 13.9 22 220 M M 0 30 200
18 81 58 70 -7 0 5 0.00 M M 11.8 25 210 M M 0 34 220
19 93 56 75 -3 0 10 0.00 M M 6.3 13 260 M M 0 17 290
20 97 63 80 2 0 15 T M M 7.9 15 220 M M 0 22 220
21 97 65 81 3 0 16 0.00 M M 9.0 18 220 M M 0 22 220
22 89 69 79 1 0 14 0.00 M M 12.4 22 250 M M 0 3 33 240
23 89 62 76 -2 0 11 0.00 M M 7.4 14 210 M M 0 19 240
24 95 59 77 -1 0 12 0.00 M M 5.2 12 270 M M 0 17 220
25 99 65 82 4 0 17 0.00 M M 5.9 12 90 M M 0 17 270
26 102 67 85 7 0 20 0.00 M M 6.4 14 310 M M 0 20 320
27 103 71 87 9 0 22 0.00 M M 7.3 13 80 M M 0 16 210
28 104 73 89 11 0 24 0.00 M M 6.2 12 110 M M 0 16 200
29 108 73 91 13 0 26 0.00 M M 6.4 14 260 M M 0 18 280
30 107 73 90 12 0 25 0.00 M M 7.3 12 240 M M 0 19 240
31 101 73 87 9 0 22 0.00 M M 5.2 10 90 M M 0 14 270
================================================================================
SM 2840 1969 0 397 0.24 M 241.1 M 19
================================================================================
AV 91.6 63.5 7.8 FASTST M M 1 MAX(MPH)
MISC ----> 33 190 42 200
================================================================================
NOTES:
# LAST OF SEVERAL OCCURRENCES
COLUMN 17 PEAK WIND IN M.P.H.
PRELIMINARY LOCAL CLIMATOLOGICAL DATA (WS FORM: F-6) , PAGE 2
STATION: WALLA WALLA WA
MONTH: JULY
YEAR: 2022
LATITUDE: 46 5 N
LONGITUDE: 118 17 W
[TEMPERATURE DATA] [PRECIPITATION DATA] SYMBOLS USED IN COLUMN 16
AVERAGE MONTHLY: 77.6 TOTAL FOR MONTH: 0.24 1 = FOG OR MIST
DPTR FM NORMAL: 1.3 DPTR FM NORMAL: -0.23 2 = FOG REDUCING VISIBILITY
HIGHEST: 108 ON 29 GRTST 24HR 0.12 ON 2- 3 TO 1/4 MILE OR LESS
LOWEST: 55 ON 5 3 = THUNDER
SNOW, ICE PELLETS, HAIL 4 = ICE PELLETS
TOTAL MONTH: M 5 = HAIL
GRTST 24HR M ON M 6 = FREEZING RAIN OR DRIZZLE
GRTST DEPTH: M ON M 7 = DUSTSTORM OR SANDSTORM:
VSBY 1/2 MILE OR LESS
8 = SMOKE OR HAZE
[NO. OF DAYS WITH] [WEATHER - DAYS WITH] 9 = BLOWING SNOW
X = TORNADO
MAX 32 OR BELOW: 0 0.01 INCH OR MORE: 3
MAX 90 OR ABOVE: 17 0.10 INCH OR MORE: 1
MIN 32 OR BELOW: 0 0.50 INCH OR MORE: 0
MIN 0 OR BELOW: 0 1.00 INCH OR MORE: 0
[HDD (BASE 65) ]
TOTAL THIS MO. 0 CLEAR (SCALE 0-3) 29
DPTR FM NORMAL -3 PTCLDY (SCALE 4-7) 2
TOTAL FM JUL 1 0 CLOUDY (SCALE 8-10) 0
DPTR FM NORMAL 0
[CDD (BASE 65) ]
TOTAL THIS MO. 397
DPTR FM NORMAL 45 [PRESSURE DATA]
TOTAL FM JAN 1 467 HIGHEST SLP 30.24 ON 10
DPTR FM NORMAL -40 LOWEST SLP 29.65 ON 2
[REMARKS]
#FINAL-07-22#