000
CXUS56 KPDT 011910
CF6ALW
PRELIMINARY LOCAL CLIMATOLOGICAL DATA (WS FORM: F-6)
STATION: WALLA WALLA WA
MONTH: JANUARY
YEAR: 2024
LATITUDE: 46 5 N
LONGITUDE: 118 17 W
TEMPERATURE IN F: :PCPN: SNOW: WIND :SUNSHINE: SKY :PK WND
================================================================================
1 2 3 4 5 6A 6B 7 8 9 10 11 12 13 14 15 16 17 18
12Z AVG MX 2MIN
DY MAX MIN AVG DEP HDD CDD WTR SNW DPTH SPD SPD DIR MIN PSBL S-S WX SPD DR
================================================================================
1 35 33 34 -1 31 0 0.00 M M 1.4 8 190 M M 10 12 10 190
2 36 32 34 -1 31 0 0.05 M M 2.6 9 50 M M 10 1 11 30
3 40 34 37 2 28 0 0.07 M M 4.1 10 200 M M 10 12 14 200
4 46 36 41 6 24 0 0.02 M M 7.8 14 200 M M 10 1 17 190
5 46 36 41 6 24 0 0.00 M M 10.9 18 200 M M 4 23 200
6 50 34 42 7 23 0 0.21 M M 14.1 30 180 M M 9 1 47 160
7 42 31 37 1 28 0 0.00 M M 7.3 14 190 M M 6 17 190
8 50 31 41 5 24 0 0.12 M M 11.2 29 180 M M 8 1 39 180
9 51 37 44 8 21 0 0.11 M M 23.3 37 180 M M 8 1 49 220
10 40 31 36 0 29 0 0.15 M M 10.8 23 170 M M 9 1 33 170
11 40 18 29 -7 36 0 0.03 M M 16.5 31 240 M M 8 1 44 230
12 18 -2 8 -28 57 0 0.05 M M 6.6 13 320 M M 10 1 15 320
13 4 -14 -5 -41 70 0 0.01 M M 6.0 13 190 M M 4 1 16 200
14 11 4 8 -28 57 0 0.00 M M 4.0 15 190 M M 10 17 190
15 11 2 7 -29 58 0 0.00 M M 4.3 10 170 M M 4 12 170
16 11 1 6 -30 59 0 0.01 M M 2.6 7 330 M M 2 1 9 190
17 24 10 17 -19 48 0 0.10 M M 4.4 16 150 M M 10 16 19 150
18 21 15 18 -18 47 0 0.15 M M 6.2 10 190 M M 10 12 12 180
19 25 21 23 -14 42 0 0.03 M M 3.6 8 230 M M 10 146 10 230
20 28 23 26 -11 39 0 0.01 M M 2.3 7 230 M M 9 18 9 10
21 32 26 29 -8 36 0 T M M 2.5 7 40 M M 9 1268 8 40
22 41 29 35 -2 30 0 0.07 M M 3.1 14 90 M M 10 16 17 90
23 45 28 37 0 28 0 0.11 M M 4.5 13 150 M M 8 12 16 230
24 43 27 35 -2 30 0 0.34 M M 4.9 23 140 M M 9 12 30 130
25 47 29 38 1 27 0 0.00 M M 2.8 9 180 M M 9 12 12 180
26 33 27 30 -7 35 0 0.01 M M 1.9 9 80 M M 10 12 12 80
27 42 31 37 0 28 0 0.13 M M 2.2 9 300 M M 10 12 11 280
28 65 34 50 13 15 0 0.01 M M 4.9 18 160 M M 6 12 27 150
29 41 32 37 0 28 0 0.00 M M 3.1 9 120 M M 10 12 11 120
30 39 34 37 -1 28 0 0.00 M M 2.7 7 300 M M 10 12 9 280
31 63 32 48 10 17 0 0.01 M M 5.5 18 80 M M 7 12 24 170
================================================================================
SM 1120 742 1078 0 1.80 M 188.1 M 259
================================================================================
AV 36.1 23.9 6.1 FASTST M M 8 MAX(MPH)
MISC ----> 37 180 49 220
================================================================================
NOTES:
# LAST OF SEVERAL OCCURRENCES
COLUMN 17 PEAK WIND IN M.P.H.
PRELIMINARY LOCAL CLIMATOLOGICAL DATA (WS FORM: F-6) , PAGE 2
STATION: WALLA WALLA WA
MONTH: JANUARY
YEAR: 2024
LATITUDE: 46 5 N
LONGITUDE: 118 17 W
[TEMPERATURE DATA] [PRECIPITATION DATA] SYMBOLS USED IN COLUMN 16
AVERAGE MONTHLY: 30.0 TOTAL FOR MONTH: 1.80 1 = FOG OR MIST
DPTR FM NORMAL: -6.3 DPTR FM NORMAL: -0.30 2 = FOG REDUCING VISIBILITY
HIGHEST: 65 ON 28 GRTST 24HR 0.55 ON 8- 9 TO 1/4 MILE OR LESS
LOWEST: -14 ON 13 3 = THUNDER
SNOW, ICE PELLETS, HAIL 4 = ICE PELLETS
TOTAL MONTH: M 5 = HAIL
GRTST 24HR M ON M 6 = FREEZING RAIN OR DRIZZLE
GRTST DEPTH: M ON M 7 = DUSTSTORM OR SANDSTORM:
VSBY 1/2 MILE OR LESS
8 = SMOKE OR HAZE
[NO. OF DAYS WITH] [WEATHER - DAYS WITH] 9 = BLOWING SNOW
X = TORNADO
MAX 32 OR BELOW: 10 0.01 INCH OR MORE: 22
MAX 90 OR ABOVE: 0 0.10 INCH OR MORE: 9
MIN 32 OR BELOW: 23 0.50 INCH OR MORE: 0
MIN 0 OR BELOW: 2 1.00 INCH OR MORE: 0
[HDD (BASE 65) ]
TOTAL THIS MO. 1078 CLEAR (SCALE 0-3) 1
DPTR FM NORMAL 188 PTCLDY (SCALE 4-7) 10
TOTAL FM JUL 1 3078 CLOUDY (SCALE 8-10) 20
DPTR FM NORMAL 164
[CDD (BASE 65) ]
TOTAL THIS MO. 0
DPTR FM NORMAL 0 [PRESSURE DATA]
TOTAL FM JAN 1 0 HIGHEST SLP 30.75 ON 15
DPTR FM NORMAL 0 LOWEST SLP 29.48 ON 10
[REMARKS]
#FINAL-01-24#