000
CXUS54 KAMA 010710
CF6AMA
PRELIMINARY LOCAL CLIMATOLOGICAL DATA (WS FORM: F-6)
STATION: AMARILLO
MONTH: APRIL
YEAR: 2023
LATITUDE: 35 13 N
LONGITUDE: 101 42 W
TEMPERATURE IN F: :PCPN: SNOW: WIND :SUNSHINE: SKY :PK WND
================================================================================
1 2 3 4 5 6A 6B 7 8 9 10 11 12 13 14 15 16 17 18
12Z AVG MX 2MIN
DY MAX MIN AVG DEP HDD CDD WTR SNW DPTH SPD SPD DIR MIN PSBL S-S WX SPD DR
================================================================================
1 72 28 50 -4 15 0 0.00 0.0 0 13.4 28 180 M M 0 36 210
2 84 44 64 10 1 0 0.00 0.0 0 17.0 29 250 M M 0 38 240
3 86 51 69 14 0 4 0.00 0.0 0 19.8 37 260 M M 0 49 240
4 80 44 62 7 3 0 0.00 0.0 0 27.3 52 250 M M 2 78 66 240
5 54 27 41 -14 24 0 0.00 0.0 0 10.6 21 10 M M 0 29 360
6 60 30 45 -10 20 0 0.00 0.0 0 11.2 20 140 M M 0 29 150
7 66 30 48 -8 17 0 0.00 0.0 0 10.7 18 140 M M 0 27 170
8 75 35 55 -1 10 0 0.00 0.0 0 11.9 22 190 M M 0 30 200
9 74 48 61 5 4 0 0.41 T 0 11.5 25 240 M M 3 35 31 270
10 80 43 62 6 3 0 0.00 0.0 0 7.2 13 340 M M 2 12 18 310
11 83 44 64 8 1 0 0.00 0.0 M 13.0 22 170 M M 0 31 140
12 86 53 70 13 0 5 0.00 0.0 0 22.1 33 200 M M 0 43 200
13 87 51 69 12 0 4 T 0.0 0 20.7 47 220 M M 1 62 210
14 82 50 66 9 0 1 0.00 0.0 0 16.6 30 240 M M 0 8 41 250
15 63 38 51 -6 14 0 0.00 0.0 0 16.4 32 10 M M 4 8 43 350
16 69 31 50 -7 15 0 0.00 0.0 0 8.0 16 210 M M 0 23 150
17 84 43 64 6 1 0 T 0.0 0 20.4 37 210 M M 1 3 54 210
18 88 54 71 13 0 6 0.00 0.0 0 17.5 33 260 M M 0 43 260
19 86 54 70 12 0 5 0.00 0.0 0 17.1 33 230 M M 0 48 230
20 70 41 56 -2 9 0 0.00 0.0 0 15.5 32 330 M M 1 8 43 350
21 69 40 55 -4 10 0 0.00 0.0 0 10.5 23 240 M M 0 37 250
22 51 34 43 -16 22 0 0.00 0.0 0 19.3 33 50 M M 4 42 40
23 57 33 45 -14 20 0 0.00 0.0 0 9.4 21 150 M M 3 28 150
24 52 37 45 -14 20 0 0.01 0.0 0 16.4 30 180 M M 6 138 36 160
25 72 47 60 0 5 0 0.01 0.0 0 18.0 31 80 M M 7 12 39 160
26 51 44 48 -12 17 0 0.31 0.0 0 12.9 24 130 M M 10 123 30 130
27 76 42 59 -1 6 0 0.00 0.0 0 11.9 22 150 M M 4 1 30 140
28 57 40 49 -11 16 0 0.21 0.0 0 20.5 37 10 M M 6 1 49 360
29 76 37 57 -4 8 0 0.00 0.0 0 12.1 25 350 M M 0 35 360
30 77 47 62 1 3 0 0.00 0.0 0 9.5 22 110 M M 0 29 90
================================================================================
SM 2167 1240 264 25 0.95 T 448.4 M 54
================================================================================
AV 72.2 41.3 14.9 FASTST M M 2 MAX(MPH)
MISC ----> 52 250 66 240
================================================================================
NOTES:
# LAST OF SEVERAL OCCURRENCES
COLUMN 17 PEAK WIND IN M.P.H.
PRELIMINARY LOCAL CLIMATOLOGICAL DATA (WS FORM: F-6) , PAGE 2
STATION: AMARILLO
MONTH: APRIL
YEAR: 2023
LATITUDE: 35 13 N
LONGITUDE: 101 42 W
[TEMPERATURE DATA] [PRECIPITATION DATA] SYMBOLS USED IN COLUMN 16
AVERAGE MONTHLY: 56.8 TOTAL FOR MONTH: 0.95 1 = FOG OR MIST
DPTR FM NORMAL: -0.7 DPTR FM NORMAL: -0.50 2 = FOG REDUCING VISIBILITY
HIGHEST: 88 ON 18 GRTST 24HR 0.41 ON 9- 9 TO 1/4 MILE OR LESS
LOWEST: 27 ON 5 3 = THUNDER
SNOW, ICE PELLETS, HAIL 4 = ICE PELLETS
TOTAL MONTH: T 5 = HAIL
GRTST 24HR T ON 9- 9 6 = FREEZING RAIN OR DRIZZLE
GRTST DEPTH: 0 7 = DUSTSTORM OR SANDSTORM:
VSBY 1/2 MILE OR LESS
8 = SMOKE OR HAZE
[NO. OF DAYS WITH] [WEATHER - DAYS WITH] 9 = BLOWING SNOW
X = TORNADO
MAX 32 OR BELOW: 0 0.01 INCH OR MORE: 5
MAX 90 OR ABOVE: 0 0.10 INCH OR MORE: 3
MIN 32 OR BELOW: 5 0.50 INCH OR MORE: 0
MIN 0 OR BELOW: 0 1.00 INCH OR MORE: 0
[HDD (BASE 65) ]
TOTAL THIS MO. 264 CLEAR (SCALE 0-3) 22
DPTR FM NORMAL 13 PTCLDY (SCALE 4-7) 7
TOTAL FM JUL 1 3656 CLOUDY (SCALE 8-10) 1
DPTR FM NORMAL -134
[CDD (BASE 65) ]
TOTAL THIS MO. 25
DPTR FM NORMAL 1 [PRESSURE DATA]
TOTAL FM JAN 1 25 HIGHEST SLP M ON M
DPTR FM NORMAL -4 LOWEST SLP 29.26 ON 4
[REMARKS]
#FINAL-04-23#