000
CXUS54 KAMA 010710
CF6AMA
PRELIMINARY LOCAL CLIMATOLOGICAL DATA (WS FORM: F-6)
STATION: AMARILLO
MONTH: MARCH
YEAR: 2022
LATITUDE: 35 13 N
LONGITUDE: 101 42 W
TEMPERATURE IN F: :PCPN: SNOW: WIND :SUNSHINE: SKY :PK WND
================================================================================
1 2 3 4 5 6A 6B 7 8 9 10 11 12 13 14 15 16 17 18
12Z AVG MX 2MIN
DY MAX MIN AVG DEP HDD CDD WTR SNW DPTH SPD SPD DIR MIN PSBL S-S WX SPD DR
================================================================================
1 72 33 53 8 12 0 0.00 0.0 0 7.2 13 150 M M 0 8 17 120
2 75 38 57 12 8 0 0.00 0.0 0 7.5 14 150 M M 0 23 140
3 79 37 58 12 7 0 0.00 0.0 0 10.8 20 190 M M 0 25 210
4 80 48 64 18 1 0 0.00 0.0 0 17.5 30 180 M M 0 39 180
5 70 41 56 10 9 0 0.00 0.0 0 19.6 38 230 M M 0 53 230
6 41 23 32 -15 33 0 0.02 T 0 15.7 26 50 M M 4 3568 35 50
7 43 17 30 -17 35 0 0.00 0.0 0 8.9 18 20 M M 0 26 30
8 48 16 32 -15 33 0 0.00 0.0 0 7.0 14 270 M M 2 18 170
9 59 20 40 -8 25 0 0.00 0.0 0 17.9 33 190 M M 1 57 180
10 43 16 30 -18 35 0 0.00 0.0 0 19.7 31 360 M M 9 1 39 350
11 39 16 28 -20 37 0 0.09 2.3 2 12.2 22 360 M M 5 1 29 360
12 61 18 40 -9 25 0 0.00 0.0 0 14.0 26 220 M M 0 35 220
13 74 28 51 2 14 0 0.00 0.0 0 19.6 35 210 M M 0 45 200
14 59 41 50 1 15 0 0.02 0.0 0 18.5 31 360 M M 2 43 350
15 70 29 50 0 15 0 0.00 0.0 0 10.7 20 180 M M 0 25 180
16 80 42 61 11 4 0 0.00 0.0 0 12.7 25 240 M M 0 35 250
17 58 33 46 -4 19 0 0.04 T 0 23.1 37 360 M M 5 1 48 340
18 59 31 45 -6 20 0 0.00 0.0 0 10.8 31 350 M M 2 42 340
19 71 27 49 -2 16 0 0.00 0.0 0 7.1 16 230 M M 0 21 240
20 77 44 61 10 4 0 0.00 0.0 0 23.2 38 180 M M 2 8 49 190
21 66 33 50 -1 15 0 1.18 3.1 0 19.4 44 350 M M 6 13 58 350
22 48 33 41 -11 24 0 0.07 1.5 3 25.1 40 360 M M 8 1 57 350
23 51 31 41 -11 24 0 T 0.0 0 15.7 38 320 M M 4 55 320
24 71 30 51 -1 14 0 0.00 0.0 0 11.1 24 340 M M 0 35 330
25 75 41 58 6 7 0 0.00 0.0 0 10.2 22 40 M M 0 28 10
26 79 34 57 4 8 0 0.00 0.0 0 10.0 20 160 M M 0 25 150
27 79 42 61 8 4 0 0.00 0.0 0 11.2 21 110 M M 0 26 120
28 87 35 61 8 4 0 0.00 0.0 0 9.0 22 260 M M 0 30 260
29 80 53 67 13 0 2 0.00 0.0 0 22.9 45 240 M M 1 7 58 250
30 55 33 44 -10 21 0 0.09 0.1 T 20.8 39 10 M M 7 1 51 360
31 64 30 47 -7 18 0 0.00 0.0 0 8.7 20 300 M M 1 26 320
================================================================================
SM 2013 993 506 2 1.51 7.0 447.8 M 59
================================================================================
AV 64.9 32.0 14.4 FASTST M M 2 MAX(MPH)
MISC ----> 45 240 # 58 350
================================================================================
NOTES:
# LAST OF SEVERAL OCCURRENCES
COLUMN 17 PEAK WIND IN M.P.H.
PRELIMINARY LOCAL CLIMATOLOGICAL DATA (WS FORM: F-6) , PAGE 2
STATION: AMARILLO
MONTH: MARCH
YEAR: 2022
LATITUDE: 35 13 N
LONGITUDE: 101 42 W
[TEMPERATURE DATA] [PRECIPITATION DATA] SYMBOLS USED IN COLUMN 16
AVERAGE MONTHLY: 48.5 TOTAL FOR MONTH: 1.51 1 = FOG OR MIST
DPTR FM NORMAL: -1.3 DPTR FM NORMAL: 0.24 2 = FOG REDUCING VISIBILITY
HIGHEST: 87 ON 28 GRTST 24HR 1.25 ON 21-22 TO 1/4 MILE OR LESS
LOWEST: 16 ON 11, 8 3 = THUNDER
SNOW, ICE PELLETS, HAIL 4 = ICE PELLETS
TOTAL MONTH: 7.0 INCHES 5 = HAIL
GRTST 24HR 3.1 ON 21-21 6 = FREEZING RAIN OR DRIZZLE
GRTST DEPTH: 3 ON 22 7 = DUSTSTORM OR SANDSTORM:
VSBY 1/2 MILE OR LESS
8 = SMOKE OR HAZE
[NO. OF DAYS WITH] [WEATHER - DAYS WITH] 9 = BLOWING SNOW
X = TORNADO
MAX 32 OR BELOW: 0 0.01 INCH OR MORE: 7
MAX 90 OR ABOVE: 0 0.10 INCH OR MORE: 1
MIN 32 OR BELOW: 14 0.50 INCH OR MORE: 1
MIN 0 OR BELOW: 0 1.00 INCH OR MORE: 1
[HDD (BASE 65) ]
TOTAL THIS MO. 506 CLEAR (SCALE 0-3) 23
DPTR FM NORMAL 30 PTCLDY (SCALE 4-7) 7
TOTAL FM JUL 1 3199 CLOUDY (SCALE 8-10) 1
DPTR FM NORMAL -341
[CDD (BASE 65) ]
TOTAL THIS MO. 2
DPTR FM NORMAL -3 [PRESSURE DATA]
TOTAL FM JAN 1 2 HIGHEST SLP M ON M
DPTR FM NORMAL -3 LOWEST SLP 29.30 ON 29
[REMARKS]
#FINAL-03-22#