000
CXUS54 KBMX 011110
CF6ANB
PRELIMINARY LOCAL CLIMATOLOGICAL DATA (WS FORM: F-6)
STATION: ANNISTON
MONTH: FEBRUARY
YEAR: 2023
LATITUDE: 33 35 N
LONGITUDE: 85 51 W
TEMPERATURE IN F: :PCPN: SNOW: WIND :SUNSHINE: SKY :PK WND
================================================================================
1 2 3 4 5 6A 6B 7 8 9 10 11 12 13 14 15 16 17 18
12Z AVG MX 2MIN
DY MAX MIN AVG DEP HDD CDD WTR SNW DPTH SPD SPD DIR MIN PSBL S-S WX SPD DR
================================================================================
1 53 43 48 3 17 0 T 0.0 0 3.7 13 360 M M 10 1 16 360
2 48 45 47 1 18 0 0.56 0.0 0 3.9 10 30 M M 10 1 13 340
3 49 34 42 -4 23 0 0.01 0.0 0 6.3 16 340 M M 2 22 10
4 56 30 43 -3 22 0 0.00 0.0 0 6.1 12 90 M M 0 17 130
5 62 38 50 4 15 0 0.00 0.0 0 5.9 16 240 M M 1 21 230
6 69 32 51 5 14 0 0.00 0.0 M 1.1 8 30 M M 0 1 11 110
7 72 37 55 9 10 0 0.00 0.0 M 4.1 12 230 M M 2 18 14 180
8 77 58 68 21 0 3 T 0.0 M 5.0 15 150 M M 8 22 160
9 68 50 59 12 6 0 0.03 0.0 0 6.7 17 210 M M 8 13 26 210
10 62 43 53 6 12 0 0.00 0.0 0 5.1 13 10 M M 3 17 10
11 52 43 48 1 17 0 0.85 0.0 0 8.5 25 60 M M 6 1 34 40
12 51 33 42 -6 23 0 0.23 0.0 0 6.2 16 270 M M 7 1 20 10
13 65 29 47 -1 18 0 0.00 0.0 0 3.5 15 230 M M 2 12 18 230
14 72 35 54 6 11 0 0.00 0.0 0 7.5 18 160 M M 0 28 150
15 70 57 64 16 1 0 0.12 0.0 0 3.9 13 190 M M 9 1 23 180
16 76 61 69 21 0 4 1.32 0.0 0 7.3 16 170 M M 9 1 23 210
17 66 33 50 1 15 0 1.26 0.0 0 9.2 22 270 M M 8 1 29 260
18 60 28 44 -5 21 0 0.00 0.0 0 4.2 12 360 M M 0 17 10
19 65 40 53 4 12 0 0.00 0.0 0 5.3 15 250 M M 0 8 18 150
20 70 41 56 6 9 0 0.00 0.0 0 9.1 21 220 M M 2 27 240
21 69 59 64 14 1 0 0.07 0.0 0 6.1 16 230 M M 8 1 20 230
22 82 62 72 22 0 7 0.00 0.0 0 10.6 23 220 M M 4 34 220
23 80 67 74 24 0 9 0.01 0.0 0 7.7 18 240 M M 8 1 25 240
24 72 55 64 14 1 0 0.20 0.0 0 5.8 17 360 M M 10 1 24 10
25 65 56 61 10 4 0 0.02 0.0 0 5.4 13 250 M M 9 1 14 260
26 74 59 67 16 0 2 0.00 0.0 0 4.9 13 250 M M 6 1 16 260
27 78 55 67 16 0 2 T 0.0 0 9.6 24 220 M M 6 1 36 220
28 78 48 63 11 2 0 0.00 0.0 0 4.4 17 280 M M 0 18 20 270
================================================================================
SM 1861 1271 272 27 4.68 0.0 167.1 M 138
================================================================================
AV 66.5 45.4 6.0 FASTST M M 5 MAX(MPH)
MISC ----> 25 60 36 220
================================================================================
NOTES:
# LAST OF SEVERAL OCCURRENCES
COLUMN 17 PEAK WIND IN M.P.H.
PRELIMINARY LOCAL CLIMATOLOGICAL DATA (WS FORM: F-6) , PAGE 2
STATION: ANNISTON
MONTH: FEBRUARY
YEAR: 2023
LATITUDE: 33 35 N
LONGITUDE: 85 51 W
[TEMPERATURE DATA] [PRECIPITATION DATA] SYMBOLS USED IN COLUMN 16
AVERAGE MONTHLY: 55.9 TOTAL FOR MONTH: 4.68 1 = FOG OR MIST
DPTR FM NORMAL: 7.7 DPTR FM NORMAL: -0.40 2 = FOG REDUCING VISIBILITY
HIGHEST: 82 ON 22 GRTST 24HR 2.58 ON 16-17 TO 1/4 MILE OR LESS
LOWEST: 28 ON 18 3 = THUNDER
SNOW, ICE PELLETS, HAIL 4 = ICE PELLETS
TOTAL MONTH: 0.0 INCH 5 = HAIL
GRTST 24HR 0.0 6 = FREEZING RAIN OR DRIZZLE
GRTST DEPTH: 0 7 = DUSTSTORM OR SANDSTORM:
VSBY 1/2 MILE OR LESS
8 = SMOKE OR HAZE
[NO. OF DAYS WITH] [WEATHER - DAYS WITH] 9 = BLOWING SNOW
X = TORNADO
MAX 32 OR BELOW: 0 0.01 INCH OR MORE: 12
MAX 90 OR ABOVE: 0 0.10 INCH OR MORE: 7
MIN 32 OR BELOW: 4 0.50 INCH OR MORE: 4
MIN 0 OR BELOW: 0 1.00 INCH OR MORE: 2
[HDD (BASE 65) ]
TOTAL THIS MO. 272 CLEAR (SCALE 0-3) 12
DPTR FM NORMAL -199 PTCLDY (SCALE 4-7) 7
TOTAL FM JUL 1 1732 CLOUDY (SCALE 8-10) 9
DPTR FM NORMAL -437
[CDD (BASE 65) ]
TOTAL THIS MO. 27
DPTR FM NORMAL 25 [PRESSURE DATA]
TOTAL FM JAN 1 31 HIGHEST SLP 30.58 ON 4
DPTR FM NORMAL 30 LOWEST SLP 29.65 ON 27
[REMARKS]
#FINAL-02-23#